{"id":161,"date":"2017-06-29T17:09:28","date_gmt":"2017-06-29T15:09:28","guid":{"rendered":"https:\/\/web.umons.ac.be\/fweg\/?page_id=161"},"modified":"2019-02-12T16:31:41","modified_gmt":"2019-02-12T15:31:41","slug":"3eme-cycle-doctorat","status":"publish","type":"page","link":"https:\/\/web.umons.ac.be\/fweg\/fr\/offre-de-formation\/3eme-cycle-doctorat\/","title":{"rendered":"3\u00e8me cycle : Doctorat"},"content":{"rendered":"<p>Le titre de\u00a0<strong>Docteur<\/strong>\u00a0est octroy\u00e9 \u00e0 l&rsquo;issue de la pr\u00e9paration et de la soutenance d&rsquo;une th\u00e8se.<\/p>\n<p>Les travaux relatifs \u00e0 la pr\u00e9paration de la th\u00e8se correspondent \u00e0 au moins 180 cr\u00e9dits acquis apr\u00e8s une formation initiale d&rsquo;au moins 300 cr\u00e9dits (grade acad\u00e9mique de master). Parmi les 180 cr\u00e9dits du doctorat, 60 cr\u00e9dits doivent \u00eatre acquis au cours d&rsquo;une formation doctorale sanctionn\u00e9e par un certificat de formation \u00e0 la recherche.<\/p>\n<p>L\u2019\u00e9preuve de doctorat consiste en :<\/p>\n<ul>\n<li>la r\u00e9daction d\u2019une dissertation originale dans la discipline sous forme soit d\u2019une th\u00e8se \u00e0 caract\u00e8re personnel, soit d\u2019un essai du candidat faisant appara\u00eetre l\u2019int\u00e9r\u00eat d\u2019un ensemble coh\u00e9rent de publications et de r\u00e9alisations dont le candidat est auteur ou coauteur ;<\/li>\n<li>la pr\u00e9sentation publique de ce travail mettant en \u00e9vidence ses qualit\u00e9s, son originalit\u00e9 ainsi que les capacit\u00e9s de vulgarisation scientifique du candidat.<\/li>\n<\/ul>\n<p>L\u2019admission aux \u00e9tudes et travaux relatifs \u00e0 la pr\u00e9paration de la th\u00e8se est d\u00e9cid\u00e9e par la Commission facultaire d&rsquo;admission au doctorat (CAD). Un Comit\u00e9 d&rsquo;accompagnement (CAC) du doctorant est constitu\u00e9 d\u00e8s l&rsquo;admission. Le promoteur, le Comit\u00e9 d&rsquo;accompagnement et le candidat conviennent d&rsquo;un programme de formation doctorale adapt\u00e9 au profil de ce dernier et r\u00e9pondant aux besoins de son projet de recherche. Les travaux relatifs \u00e0 la pr\u00e9paration de la th\u00e8se sont supervis\u00e9s par le promoteur. Un suivi r\u00e9gulier de ceux-ci est assur\u00e9 par le comit\u00e9 d&rsquo;accompagnement. Il en \u00e9value l&rsquo;\u00e9tat d&rsquo;avancement et peut formuler des recommandations, d\u00fbment motiv\u00e9es, quant \u00e0 la r\u00e9inscription du candidat lors de l\u2019ann\u00e9e acad\u00e9mique suivante.<\/p>\n<pre><strong>D\u00e9couvrez\u00a0<a href=\"https:\/\/web.umons.ac.be\/fr\/these\/FWEG\">ici<\/a>\u00a0une liste non-exhaustive de sujets de recherche disponibles au sein de notre Facult\u00e9<\/strong><\/pre>\n<hr \/>\n<h3>Ecoles doctorales<\/h3>\n<p>Les travaux relatifs \u00e0 la pr\u00e9paration d\u2019une th\u00e8se de doctorat commencent par l\u2019obtention d\u2019un certificat de formation \u00e0 la recherche (60 cr\u00e9dits).\u00a0 Celui-ci s\u2019obtient sur la base d\u2019un programme fix\u00e9 pour chaque candidat et incluant les activit\u00e9s propos\u00e9es par les \u00e9coles doctorales th\u00e9matiques.<\/p>\n<p>La FWEG est un membre fondateur et actif des deux \u00e9coles doctorales suivantes :<\/p>\n<ul>\n<li>Ecole doctorale th\u00e9matique en Sciences de Gestion ULB-ULG-UMONS\u00a0: <a href=\"http:\/\/www.edtgestion.hec.ulg.ac.be\" target=\"_blank\" rel=\"noopener\">\u00a0http:\/\/www.edtgestion.hec.ulg.ac.be<\/a><\/li>\n<li>Ecole doctorale th\u00e9matique en Etude du D\u00e9veloppement : <a href=\"http:\/\/www.ecole-doctorale-developpement.net\" target=\"_blank\" rel=\"noopener\">http:\/\/www.ecole-doctorale-developpement.net<\/a><\/li>\n<\/ul>\n<p>&nbsp;<\/p>\n","protected":false},"excerpt":{"rendered":"<p>Le titre de\u00a0Docteur\u00a0est octroy\u00e9 \u00e0 l&rsquo;issue de la pr\u00e9paration et de la soutenance d&rsquo;une th\u00e8se. Les travaux relatifs \u00e0 la pr\u00e9paration de la th\u00e8se correspondent \u00e0 au moins 180 cr\u00e9dits acquis apr\u00e8s une formation initiale d&rsquo;au moins 300 cr\u00e9dits (grade acad\u00e9mique de master). Parmi les 180 cr\u00e9dits du doctorat, 60 cr\u00e9dits doivent \u00eatre acquis au [&hellip;]<\/p>\n","protected":false},"author":2,"featured_media":0,"parent":135,"menu_order":3,"comment_status":"closed","ping_status":"closed","template":"","meta":{"footnotes":""},"class_list":["post-161","page","type-page","status-publish","hentry"],"yoast_head":"<!-- This site is optimized with the Yoast SEO plugin v27.2 - https:\/\/yoast.com\/product\/yoast-seo-wordpress\/ -->\n<title>3\u00e8me cycle : Doctorat - Facult\u00e9 \/ FWEG<\/title>\n<meta name=\"robots\" content=\"index, follow, max-snippet:-1, max-image-preview:large, max-video-preview:-1\" \/>\n<link rel=\"canonical\" href=\"https:\/\/web.umons.ac.be\/fweg\/fr\/offre-de-formation\/3eme-cycle-doctorat\/\" \/>\n<meta property=\"og:locale\" content=\"fr_FR\" \/>\n<meta property=\"og:type\" content=\"article\" \/>\n<meta property=\"og:title\" content=\"3\u00e8me cycle : Doctorat - Facult\u00e9 \/ FWEG\" \/>\n<meta property=\"og:description\" content=\"Le titre de\u00a0Docteur\u00a0est octroy\u00e9 \u00e0 l&rsquo;issue de la pr\u00e9paration et de la soutenance d&rsquo;une th\u00e8se. Les travaux relatifs \u00e0 la pr\u00e9paration de la th\u00e8se correspondent \u00e0 au moins 180 cr\u00e9dits acquis apr\u00e8s une formation initiale d&rsquo;au moins 300 cr\u00e9dits (grade acad\u00e9mique de master). Parmi les 180 cr\u00e9dits du doctorat, 60 cr\u00e9dits doivent \u00eatre acquis au [&hellip;]\" \/>\n<meta property=\"og:url\" content=\"https:\/\/web.umons.ac.be\/fweg\/fr\/offre-de-formation\/3eme-cycle-doctorat\/\" \/>\n<meta property=\"og:site_name\" content=\"Facult\u00e9 \/ FWEG\" \/>\n<meta property=\"article:modified_time\" content=\"2019-02-12T15:31:41+00:00\" \/>\n<meta name=\"twitter:card\" content=\"summary_large_image\" \/>\n<meta name=\"twitter:label1\" content=\"Dur\u00e9e de lecture estim\u00e9e\" \/>\n\t<meta name=\"twitter:data1\" content=\"2 minutes\" \/>\n<script type=\"application\/ld+json\" class=\"yoast-schema-graph\">{\"@context\":\"https:\/\/schema.org\",\"@graph\":[{\"@type\":\"WebPage\",\"@id\":\"https:\/\/web.umons.ac.be\/fweg\/fr\/offre-de-formation\/3eme-cycle-doctorat\/\",\"url\":\"https:\/\/web.umons.ac.be\/fweg\/fr\/offre-de-formation\/3eme-cycle-doctorat\/\",\"name\":\"3\u00e8me cycle : Doctorat - Facult\u00e9 \/ FWEG\",\"isPartOf\":{\"@id\":\"https:\/\/web.umons.ac.be\/fweg\/#website\"},\"datePublished\":\"2017-06-29T15:09:28+00:00\",\"dateModified\":\"2019-02-12T15:31:41+00:00\",\"breadcrumb\":{\"@id\":\"https:\/\/web.umons.ac.be\/fweg\/fr\/offre-de-formation\/3eme-cycle-doctorat\/#breadcrumb\"},\"inLanguage\":\"fr-FR\",\"potentialAction\":[{\"@type\":\"ReadAction\",\"target\":[\"https:\/\/web.umons.ac.be\/fweg\/fr\/offre-de-formation\/3eme-cycle-doctorat\/\"]}]},{\"@type\":\"BreadcrumbList\",\"@id\":\"https:\/\/web.umons.ac.be\/fweg\/fr\/offre-de-formation\/3eme-cycle-doctorat\/#breadcrumb\",\"itemListElement\":[{\"@type\":\"ListItem\",\"position\":1,\"name\":\"Accueil\",\"item\":\"https:\/\/web.umons.ac.be\/fweg\/fr\/\"},{\"@type\":\"ListItem\",\"position\":2,\"name\":\"L&rsquo;offre de formation\",\"item\":\"https:\/\/web.umons.ac.be\/fweg\/fr\/offre-de-formation\/\"},{\"@type\":\"ListItem\",\"position\":3,\"name\":\"3\u00e8me cycle : Doctorat\"}]},{\"@type\":\"WebSite\",\"@id\":\"https:\/\/web.umons.ac.be\/fweg\/#website\",\"url\":\"https:\/\/web.umons.ac.be\/fweg\/\",\"name\":\"Facult\u00e9 \/ FWEG\",\"description\":\"\",\"potentialAction\":[{\"@type\":\"SearchAction\",\"target\":{\"@type\":\"EntryPoint\",\"urlTemplate\":\"https:\/\/web.umons.ac.be\/fweg\/?s={search_term_string}\"},\"query-input\":{\"@type\":\"PropertyValueSpecification\",\"valueRequired\":true,\"valueName\":\"search_term_string\"}}],\"inLanguage\":\"fr-FR\"}]}<\/script>\n<!-- \/ Yoast SEO plugin. -->","yoast_head_json":{"title":"3\u00e8me cycle : Doctorat - Facult\u00e9 \/ FWEG","robots":{"index":"index","follow":"follow","max-snippet":"max-snippet:-1","max-image-preview":"max-image-preview:large","max-video-preview":"max-video-preview:-1"},"canonical":"https:\/\/web.umons.ac.be\/fweg\/fr\/offre-de-formation\/3eme-cycle-doctorat\/","og_locale":"fr_FR","og_type":"article","og_title":"3\u00e8me cycle : Doctorat - Facult\u00e9 \/ FWEG","og_description":"Le titre de\u00a0Docteur\u00a0est octroy\u00e9 \u00e0 l&rsquo;issue de la pr\u00e9paration et de la soutenance d&rsquo;une th\u00e8se. Les travaux relatifs \u00e0 la pr\u00e9paration de la th\u00e8se correspondent \u00e0 au moins 180 cr\u00e9dits acquis apr\u00e8s une formation initiale d&rsquo;au moins 300 cr\u00e9dits (grade acad\u00e9mique de master). Parmi les 180 cr\u00e9dits du doctorat, 60 cr\u00e9dits doivent \u00eatre acquis au [&hellip;]","og_url":"https:\/\/web.umons.ac.be\/fweg\/fr\/offre-de-formation\/3eme-cycle-doctorat\/","og_site_name":"Facult\u00e9 \/ FWEG","article_modified_time":"2019-02-12T15:31:41+00:00","twitter_card":"summary_large_image","twitter_misc":{"Dur\u00e9e de lecture estim\u00e9e":"2 minutes"},"schema":{"@context":"https:\/\/schema.org","@graph":[{"@type":"WebPage","@id":"https:\/\/web.umons.ac.be\/fweg\/fr\/offre-de-formation\/3eme-cycle-doctorat\/","url":"https:\/\/web.umons.ac.be\/fweg\/fr\/offre-de-formation\/3eme-cycle-doctorat\/","name":"3\u00e8me cycle : Doctorat - Facult\u00e9 \/ FWEG","isPartOf":{"@id":"https:\/\/web.umons.ac.be\/fweg\/#website"},"datePublished":"2017-06-29T15:09:28+00:00","dateModified":"2019-02-12T15:31:41+00:00","breadcrumb":{"@id":"https:\/\/web.umons.ac.be\/fweg\/fr\/offre-de-formation\/3eme-cycle-doctorat\/#breadcrumb"},"inLanguage":"fr-FR","potentialAction":[{"@type":"ReadAction","target":["https:\/\/web.umons.ac.be\/fweg\/fr\/offre-de-formation\/3eme-cycle-doctorat\/"]}]},{"@type":"BreadcrumbList","@id":"https:\/\/web.umons.ac.be\/fweg\/fr\/offre-de-formation\/3eme-cycle-doctorat\/#breadcrumb","itemListElement":[{"@type":"ListItem","position":1,"name":"Accueil","item":"https:\/\/web.umons.ac.be\/fweg\/fr\/"},{"@type":"ListItem","position":2,"name":"L&rsquo;offre de formation","item":"https:\/\/web.umons.ac.be\/fweg\/fr\/offre-de-formation\/"},{"@type":"ListItem","position":3,"name":"3\u00e8me cycle : Doctorat"}]},{"@type":"WebSite","@id":"https:\/\/web.umons.ac.be\/fweg\/#website","url":"https:\/\/web.umons.ac.be\/fweg\/","name":"Facult\u00e9 \/ FWEG","description":"","potentialAction":[{"@type":"SearchAction","target":{"@type":"EntryPoint","urlTemplate":"https:\/\/web.umons.ac.be\/fweg\/?s={search_term_string}"},"query-input":{"@type":"PropertyValueSpecification","valueRequired":true,"valueName":"search_term_string"}}],"inLanguage":"fr-FR"}]}},"lang":"fr","translations":{"fr":161,"en":692},"pll_sync_post":[],"_links":{"self":[{"href":"https:\/\/web.umons.ac.be\/fweg\/wp-json\/wp\/v2\/pages\/161","targetHints":{"allow":["GET"]}}],"collection":[{"href":"https:\/\/web.umons.ac.be\/fweg\/wp-json\/wp\/v2\/pages"}],"about":[{"href":"https:\/\/web.umons.ac.be\/fweg\/wp-json\/wp\/v2\/types\/page"}],"author":[{"embeddable":true,"href":"https:\/\/web.umons.ac.be\/fweg\/wp-json\/wp\/v2\/users\/2"}],"replies":[{"embeddable":true,"href":"https:\/\/web.umons.ac.be\/fweg\/wp-json\/wp\/v2\/comments?post=161"}],"version-history":[{"count":3,"href":"https:\/\/web.umons.ac.be\/fweg\/wp-json\/wp\/v2\/pages\/161\/revisions"}],"predecessor-version":[{"id":1332,"href":"https:\/\/web.umons.ac.be\/fweg\/wp-json\/wp\/v2\/pages\/161\/revisions\/1332"}],"up":[{"embeddable":true,"href":"https:\/\/web.umons.ac.be\/fweg\/wp-json\/wp\/v2\/pages\/135"}],"wp:attachment":[{"href":"https:\/\/web.umons.ac.be\/fweg\/wp-json\/wp\/v2\/media?parent=161"}],"curies":[{"name":"wp","href":"https:\/\/api.w.org\/{rel}","templated":true}]}}