{"id":182,"date":"2017-06-29T17:19:05","date_gmt":"2017-06-29T15:19:05","guid":{"rendered":"https:\/\/web.umons.ac.be\/fweg\/?page_id=182"},"modified":"2022-08-10T11:34:42","modified_gmt":"2022-08-10T09:34:42","slug":"le-tutorat-entre-etudiants","status":"publish","type":"page","link":"https:\/\/web.umons.ac.be\/fweg\/fr\/etudes\/aides-a-la-reussite\/le-tutorat-entre-etudiants\/","title":{"rendered":"Le tutorat"},"content":{"rendered":"<p style=\"text-align: justify\">Les \u00e9tudiants arrivant \u00e0 l\u2019universit\u00e9 sont encadr\u00e9s par petits groupes par des \u00e9tudiants tuteurs plus avanc\u00e9s dans le cursus (3<sup>\u00e8me<\/sup> bloc de Bachelier). Ceux-ci ont pour mission de partager leurs exp\u00e9riences d\u2019\u00e9tudiants en vue de favoriser l\u2019int\u00e9gration des nouveaux dans le syst\u00e8me universitaire. Les \u00e9tudiants tuteurs re\u00e7oivent une formation en d\u00e9but d\u2019ann\u00e9e acad\u00e9mique et sont supervis\u00e9s r\u00e9guli\u00e8rement.<\/p>\n<p style=\"text-align: justify\">Les groupes de tutorat se r\u00e9unissent r\u00e9guli\u00e8rement (activit\u00e9s pr\u00e9vues \u00e0 l\u2019horaire) pour \u00e9changer et travailler. Ainsi, les \u00e9tudiants inscrits au 1<sup>er<\/sup> bloc de bachelier r\u00e9alisent au moins un travail sur un sujet d\u2019actualit\u00e9 \u00e9conomique et en d\u00e9battent avec leur(s) tuteur(s) et leurs pairs ; un expos\u00e9 oral et un rapport \u00e9crit compl\u00e8tent l\u2019exercice. Cette action est valoris\u00e9e et \u00e9valu\u00e9e.<\/p>\n","protected":false},"excerpt":{"rendered":"<p>Les \u00e9tudiants arrivant \u00e0 l\u2019universit\u00e9 sont encadr\u00e9s par petits groupes par des \u00e9tudiants tuteurs plus avanc\u00e9s dans le cursus (3\u00e8me bloc de Bachelier). Ceux-ci ont pour mission de partager leurs exp\u00e9riences d\u2019\u00e9tudiants en vue de favoriser l\u2019int\u00e9gration des nouveaux dans le syst\u00e8me universitaire. Les \u00e9tudiants tuteurs re\u00e7oivent une formation en d\u00e9but d\u2019ann\u00e9e acad\u00e9mique et sont [&hellip;]<\/p>\n","protected":false},"author":2,"featured_media":0,"parent":173,"menu_order":3,"comment_status":"closed","ping_status":"closed","template":"","meta":{"footnotes":""},"class_list":["post-182","page","type-page","status-publish","hentry"],"yoast_head":"<!-- This site is optimized with the Yoast SEO plugin v27.2 - https:\/\/yoast.com\/product\/yoast-seo-wordpress\/ -->\n<title>Le tutorat - Facult\u00e9 \/ FWEG<\/title>\n<meta name=\"robots\" content=\"index, follow, max-snippet:-1, max-image-preview:large, max-video-preview:-1\" \/>\n<link rel=\"canonical\" href=\"https:\/\/web.umons.ac.be\/fweg\/fr\/etudes\/aides-a-la-reussite\/le-tutorat-entre-etudiants\/\" \/>\n<meta property=\"og:locale\" content=\"fr_FR\" \/>\n<meta property=\"og:type\" content=\"article\" \/>\n<meta property=\"og:title\" content=\"Le tutorat - Facult\u00e9 \/ FWEG\" \/>\n<meta property=\"og:description\" content=\"Les \u00e9tudiants arrivant \u00e0 l\u2019universit\u00e9 sont encadr\u00e9s par petits groupes par des \u00e9tudiants tuteurs plus avanc\u00e9s dans le cursus (3\u00e8me bloc de Bachelier). Ceux-ci ont pour mission de partager leurs exp\u00e9riences d\u2019\u00e9tudiants en vue de favoriser l\u2019int\u00e9gration des nouveaux dans le syst\u00e8me universitaire. Les \u00e9tudiants tuteurs re\u00e7oivent une formation en d\u00e9but d\u2019ann\u00e9e acad\u00e9mique et sont [&hellip;]\" \/>\n<meta property=\"og:url\" content=\"https:\/\/web.umons.ac.be\/fweg\/fr\/etudes\/aides-a-la-reussite\/le-tutorat-entre-etudiants\/\" \/>\n<meta property=\"og:site_name\" content=\"Facult\u00e9 \/ FWEG\" \/>\n<meta property=\"article:modified_time\" content=\"2022-08-10T09:34:42+00:00\" \/>\n<meta name=\"twitter:card\" content=\"summary_large_image\" \/>\n<meta name=\"twitter:label1\" content=\"Dur\u00e9e de lecture estim\u00e9e\" \/>\n\t<meta name=\"twitter:data1\" content=\"1 minute\" \/>\n<script type=\"application\/ld+json\" class=\"yoast-schema-graph\">{\"@context\":\"https:\/\/schema.org\",\"@graph\":[{\"@type\":\"WebPage\",\"@id\":\"https:\/\/web.umons.ac.be\/fweg\/fr\/etudes\/aides-a-la-reussite\/le-tutorat-entre-etudiants\/\",\"url\":\"https:\/\/web.umons.ac.be\/fweg\/fr\/etudes\/aides-a-la-reussite\/le-tutorat-entre-etudiants\/\",\"name\":\"Le tutorat - Facult\u00e9 \/ FWEG\",\"isPartOf\":{\"@id\":\"https:\/\/web.umons.ac.be\/fweg\/#website\"},\"datePublished\":\"2017-06-29T15:19:05+00:00\",\"dateModified\":\"2022-08-10T09:34:42+00:00\",\"breadcrumb\":{\"@id\":\"https:\/\/web.umons.ac.be\/fweg\/fr\/etudes\/aides-a-la-reussite\/le-tutorat-entre-etudiants\/#breadcrumb\"},\"inLanguage\":\"fr-FR\",\"potentialAction\":[{\"@type\":\"ReadAction\",\"target\":[\"https:\/\/web.umons.ac.be\/fweg\/fr\/etudes\/aides-a-la-reussite\/le-tutorat-entre-etudiants\/\"]}]},{\"@type\":\"BreadcrumbList\",\"@id\":\"https:\/\/web.umons.ac.be\/fweg\/fr\/etudes\/aides-a-la-reussite\/le-tutorat-entre-etudiants\/#breadcrumb\",\"itemListElement\":[{\"@type\":\"ListItem\",\"position\":1,\"name\":\"Accueil\",\"item\":\"https:\/\/web.umons.ac.be\/fweg\/fr\/\"},{\"@type\":\"ListItem\",\"position\":2,\"name\":\"Etudes\",\"item\":\"https:\/\/web.umons.ac.be\/fweg\/fr\/etudes\/\"},{\"@type\":\"ListItem\",\"position\":3,\"name\":\"Aides \u00e0 la r\u00e9ussite\",\"item\":\"https:\/\/web.umons.ac.be\/fweg\/fr\/etudes\/aides-a-la-reussite\/\"},{\"@type\":\"ListItem\",\"position\":4,\"name\":\"Le tutorat\"}]},{\"@type\":\"WebSite\",\"@id\":\"https:\/\/web.umons.ac.be\/fweg\/#website\",\"url\":\"https:\/\/web.umons.ac.be\/fweg\/\",\"name\":\"Facult\u00e9 \/ FWEG\",\"description\":\"\",\"potentialAction\":[{\"@type\":\"SearchAction\",\"target\":{\"@type\":\"EntryPoint\",\"urlTemplate\":\"https:\/\/web.umons.ac.be\/fweg\/?s={search_term_string}\"},\"query-input\":{\"@type\":\"PropertyValueSpecification\",\"valueRequired\":true,\"valueName\":\"search_term_string\"}}],\"inLanguage\":\"fr-FR\"}]}<\/script>\n<!-- \/ Yoast SEO plugin. -->","yoast_head_json":{"title":"Le tutorat - Facult\u00e9 \/ FWEG","robots":{"index":"index","follow":"follow","max-snippet":"max-snippet:-1","max-image-preview":"max-image-preview:large","max-video-preview":"max-video-preview:-1"},"canonical":"https:\/\/web.umons.ac.be\/fweg\/fr\/etudes\/aides-a-la-reussite\/le-tutorat-entre-etudiants\/","og_locale":"fr_FR","og_type":"article","og_title":"Le tutorat - Facult\u00e9 \/ FWEG","og_description":"Les \u00e9tudiants arrivant \u00e0 l\u2019universit\u00e9 sont encadr\u00e9s par petits groupes par des \u00e9tudiants tuteurs plus avanc\u00e9s dans le cursus (3\u00e8me bloc de Bachelier). Ceux-ci ont pour mission de partager leurs exp\u00e9riences d\u2019\u00e9tudiants en vue de favoriser l\u2019int\u00e9gration des nouveaux dans le syst\u00e8me universitaire. Les \u00e9tudiants tuteurs re\u00e7oivent une formation en d\u00e9but d\u2019ann\u00e9e acad\u00e9mique et sont [&hellip;]","og_url":"https:\/\/web.umons.ac.be\/fweg\/fr\/etudes\/aides-a-la-reussite\/le-tutorat-entre-etudiants\/","og_site_name":"Facult\u00e9 \/ FWEG","article_modified_time":"2022-08-10T09:34:42+00:00","twitter_card":"summary_large_image","twitter_misc":{"Dur\u00e9e de lecture estim\u00e9e":"1 minute"},"schema":{"@context":"https:\/\/schema.org","@graph":[{"@type":"WebPage","@id":"https:\/\/web.umons.ac.be\/fweg\/fr\/etudes\/aides-a-la-reussite\/le-tutorat-entre-etudiants\/","url":"https:\/\/web.umons.ac.be\/fweg\/fr\/etudes\/aides-a-la-reussite\/le-tutorat-entre-etudiants\/","name":"Le tutorat - Facult\u00e9 \/ FWEG","isPartOf":{"@id":"https:\/\/web.umons.ac.be\/fweg\/#website"},"datePublished":"2017-06-29T15:19:05+00:00","dateModified":"2022-08-10T09:34:42+00:00","breadcrumb":{"@id":"https:\/\/web.umons.ac.be\/fweg\/fr\/etudes\/aides-a-la-reussite\/le-tutorat-entre-etudiants\/#breadcrumb"},"inLanguage":"fr-FR","potentialAction":[{"@type":"ReadAction","target":["https:\/\/web.umons.ac.be\/fweg\/fr\/etudes\/aides-a-la-reussite\/le-tutorat-entre-etudiants\/"]}]},{"@type":"BreadcrumbList","@id":"https:\/\/web.umons.ac.be\/fweg\/fr\/etudes\/aides-a-la-reussite\/le-tutorat-entre-etudiants\/#breadcrumb","itemListElement":[{"@type":"ListItem","position":1,"name":"Accueil","item":"https:\/\/web.umons.ac.be\/fweg\/fr\/"},{"@type":"ListItem","position":2,"name":"Etudes","item":"https:\/\/web.umons.ac.be\/fweg\/fr\/etudes\/"},{"@type":"ListItem","position":3,"name":"Aides \u00e0 la r\u00e9ussite","item":"https:\/\/web.umons.ac.be\/fweg\/fr\/etudes\/aides-a-la-reussite\/"},{"@type":"ListItem","position":4,"name":"Le tutorat"}]},{"@type":"WebSite","@id":"https:\/\/web.umons.ac.be\/fweg\/#website","url":"https:\/\/web.umons.ac.be\/fweg\/","name":"Facult\u00e9 \/ FWEG","description":"","potentialAction":[{"@type":"SearchAction","target":{"@type":"EntryPoint","urlTemplate":"https:\/\/web.umons.ac.be\/fweg\/?s={search_term_string}"},"query-input":{"@type":"PropertyValueSpecification","valueRequired":true,"valueName":"search_term_string"}}],"inLanguage":"fr-FR"}]}},"lang":"fr","translations":{"fr":182,"en":673},"pll_sync_post":[],"_links":{"self":[{"href":"https:\/\/web.umons.ac.be\/fweg\/wp-json\/wp\/v2\/pages\/182","targetHints":{"allow":["GET"]}}],"collection":[{"href":"https:\/\/web.umons.ac.be\/fweg\/wp-json\/wp\/v2\/pages"}],"about":[{"href":"https:\/\/web.umons.ac.be\/fweg\/wp-json\/wp\/v2\/types\/page"}],"author":[{"embeddable":true,"href":"https:\/\/web.umons.ac.be\/fweg\/wp-json\/wp\/v2\/users\/2"}],"replies":[{"embeddable":true,"href":"https:\/\/web.umons.ac.be\/fweg\/wp-json\/wp\/v2\/comments?post=182"}],"version-history":[{"count":1,"href":"https:\/\/web.umons.ac.be\/fweg\/wp-json\/wp\/v2\/pages\/182\/revisions"}],"predecessor-version":[{"id":1990,"href":"https:\/\/web.umons.ac.be\/fweg\/wp-json\/wp\/v2\/pages\/182\/revisions\/1990"}],"up":[{"embeddable":true,"href":"https:\/\/web.umons.ac.be\/fweg\/wp-json\/wp\/v2\/pages\/173"}],"wp:attachment":[{"href":"https:\/\/web.umons.ac.be\/fweg\/wp-json\/wp\/v2\/media?parent=182"}],"curies":[{"name":"wp","href":"https:\/\/api.w.org\/{rel}","templated":true}]}}