{"id":209,"date":"2017-06-29T17:30:47","date_gmt":"2017-06-29T15:30:47","guid":{"rendered":"https:\/\/web.umons.ac.be\/fweg\/?page_id=209"},"modified":"2019-07-11T11:26:56","modified_gmt":"2019-07-11T09:26:56","slug":"formation-pour-fonctionnaires-federaux","status":"publish","type":"page","link":"https:\/\/web.umons.ac.be\/fweg\/fr\/offre-de-formation\/formation-pour-fonctionnaires-federaux\/","title":{"rendered":"Formation pour fonctionnaires f\u00e9d\u00e9raux"},"content":{"rendered":"<p>Suite \u00e0 l\u2019Arr\u00eat\u00e9 royal du 16 juillet 2013, les fonctionnaires f\u00e9d\u00e9raux de Niveau B ou C souhaitant acc\u00e9der au Niveau A, ont la possibilit\u00e9 (apr\u00e8s la r\u00e9ussite d\u2019une premi\u00e8re s\u00e9rie d\u2019\u00e9preuves organis\u00e9e par le SELOR) de s\u2019inscrire \u00e0 4\u00a0unit\u00e9s d\u2019enseignement \u00a0issus d\u2019un programme de Master.<\/p>\n<p>Le fonctionnaire doit opter pour quatre unit\u00e9s d\u2019enseignement de son choix mais qui doivent pr\u00e9senter un lien avec sa fonction pour \u00eatre valides.<\/p>\n<p>Une de ces unit\u00e9s d\u2019enseignement doit obligatoirement \u00eatre choisie dans le domaine du droit, de l\u2019\u00e9conomie ou des finances publiques et \u00eatre issue de la liste officielle disponible aupr\u00e8s des responsables formation, de l\u2019IFA ou sur<a href=\"https:\/\/web.umons.ac.be\/fr\/enseignement\/formation-continue\/loffre-de-formation\/cours-isoles\/\" target=\"_blank\" rel=\"noopener noreferrer\"> cette page<\/a>. Pour l\u2019inscription aux cours de cette liste, vous ne devez pas demander l\u2019autorisation \u00e0 l\u2019enseignant. Par contre, si vous optez pour un cours hors de cette liste, vous devez introduire une demande d\u2019autorisation aupr\u00e8s de l\u2019enseignant.<\/p>\n<p>Le\u00a0fonctionnaire\u00a0doit s\u2019adresser \u00e0 son responsable de formation en amont de toute d\u00e9marche en lien avec ce type d\u2019inscription. Celui-ci se chargera de fournir toutes les informations n\u00e9cessaires au sujet des d\u00e9marches \u00e0 effectuer avant toute inscription.<\/p>\n<p><em><strong>Informations pratiques:<\/strong><\/em><\/p>\n<ul>\n<li>Le nombre de cr\u00e9dits maximum autoris\u00e9 en cours isol\u00e9s est fix\u00e9 \u00e0 16 cr\u00e9dits maximum.<\/li>\n<li>Les\u00a0unit\u00e9s d\u2019enseignement\u00a0peuvent \u00eatre suivies sur plusieurs ann\u00e9es acad\u00e9miques.<\/li>\n<li>Il convient d\u2019utiliser un formulaire d\u2019inscription par cours \u00e0 envoyer ou d\u00e9poser aupr\u00e8s du Service Formation Continue.<\/li>\n<li>En cas d\u2019\u00e9chec, les cours doivent \u00eatre pr\u00e9sent\u00e9s \u00e0 nouveau la session suivante. Les r\u00e9inscriptions ne sont en aucun cas automatiques. Il conviendra de r\u00e9it\u00e9rer cette m\u00eame proc\u00e9dure pour chaque ann\u00e9e acad\u00e9mique.<\/li>\n<\/ul>\n<p>Pour le formulaire et la liste des cours, veuillez consulter\u00a0<a href=\"https:\/\/web.umons.ac.be\/fr\/enseignement\/formation-continue\/loffre-de-formation\/cours-isoles\/\" target=\"_blank\" rel=\"noopener noreferrer\">la page<\/a> du service formation continue.<\/p>\n","protected":false},"excerpt":{"rendered":"<p>Suite \u00e0 l\u2019Arr\u00eat\u00e9 royal du 16 juillet 2013, les fonctionnaires f\u00e9d\u00e9raux de Niveau B ou C souhaitant acc\u00e9der au Niveau A, ont la possibilit\u00e9 (apr\u00e8s la r\u00e9ussite d\u2019une premi\u00e8re s\u00e9rie d\u2019\u00e9preuves organis\u00e9e par le SELOR) de s\u2019inscrire \u00e0 4\u00a0unit\u00e9s d\u2019enseignement \u00a0issus d\u2019un programme de Master. Le fonctionnaire doit opter pour quatre unit\u00e9s d\u2019enseignement de son [&hellip;]<\/p>\n","protected":false},"author":2,"featured_media":0,"parent":135,"menu_order":6,"comment_status":"closed","ping_status":"closed","template":"","meta":{"footnotes":""},"class_list":["post-209","page","type-page","status-publish","hentry"],"yoast_head":"<!-- This site is optimized with the Yoast SEO plugin v27.2 - https:\/\/yoast.com\/product\/yoast-seo-wordpress\/ -->\n<title>Formation pour fonctionnaires f\u00e9d\u00e9raux - Facult\u00e9 \/ FWEG<\/title>\n<meta name=\"robots\" content=\"index, follow, max-snippet:-1, max-image-preview:large, max-video-preview:-1\" \/>\n<link rel=\"canonical\" href=\"https:\/\/web.umons.ac.be\/fweg\/fr\/offre-de-formation\/formation-pour-fonctionnaires-federaux\/\" \/>\n<meta property=\"og:locale\" content=\"fr_FR\" \/>\n<meta property=\"og:type\" content=\"article\" \/>\n<meta property=\"og:title\" content=\"Formation pour fonctionnaires f\u00e9d\u00e9raux - Facult\u00e9 \/ FWEG\" \/>\n<meta property=\"og:description\" content=\"Suite \u00e0 l\u2019Arr\u00eat\u00e9 royal du 16 juillet 2013, les fonctionnaires f\u00e9d\u00e9raux de Niveau B ou C souhaitant acc\u00e9der au Niveau A, ont la possibilit\u00e9 (apr\u00e8s la r\u00e9ussite d\u2019une premi\u00e8re s\u00e9rie d\u2019\u00e9preuves organis\u00e9e par le SELOR) de s\u2019inscrire \u00e0 4\u00a0unit\u00e9s d\u2019enseignement \u00a0issus d\u2019un programme de Master. Le fonctionnaire doit opter pour quatre unit\u00e9s d\u2019enseignement de son [&hellip;]\" \/>\n<meta property=\"og:url\" content=\"https:\/\/web.umons.ac.be\/fweg\/fr\/offre-de-formation\/formation-pour-fonctionnaires-federaux\/\" \/>\n<meta property=\"og:site_name\" content=\"Facult\u00e9 \/ FWEG\" \/>\n<meta property=\"article:modified_time\" content=\"2019-07-11T09:26:56+00:00\" \/>\n<meta name=\"twitter:card\" content=\"summary_large_image\" \/>\n<meta name=\"twitter:label1\" content=\"Dur\u00e9e de lecture estim\u00e9e\" \/>\n\t<meta name=\"twitter:data1\" content=\"2 minutes\" \/>\n<script type=\"application\/ld+json\" class=\"yoast-schema-graph\">{\"@context\":\"https:\/\/schema.org\",\"@graph\":[{\"@type\":\"WebPage\",\"@id\":\"https:\/\/web.umons.ac.be\/fweg\/fr\/offre-de-formation\/formation-pour-fonctionnaires-federaux\/\",\"url\":\"https:\/\/web.umons.ac.be\/fweg\/fr\/offre-de-formation\/formation-pour-fonctionnaires-federaux\/\",\"name\":\"Formation pour fonctionnaires f\u00e9d\u00e9raux - Facult\u00e9 \/ FWEG\",\"isPartOf\":{\"@id\":\"https:\/\/web.umons.ac.be\/fweg\/#website\"},\"datePublished\":\"2017-06-29T15:30:47+00:00\",\"dateModified\":\"2019-07-11T09:26:56+00:00\",\"breadcrumb\":{\"@id\":\"https:\/\/web.umons.ac.be\/fweg\/fr\/offre-de-formation\/formation-pour-fonctionnaires-federaux\/#breadcrumb\"},\"inLanguage\":\"fr-FR\",\"potentialAction\":[{\"@type\":\"ReadAction\",\"target\":[\"https:\/\/web.umons.ac.be\/fweg\/fr\/offre-de-formation\/formation-pour-fonctionnaires-federaux\/\"]}]},{\"@type\":\"BreadcrumbList\",\"@id\":\"https:\/\/web.umons.ac.be\/fweg\/fr\/offre-de-formation\/formation-pour-fonctionnaires-federaux\/#breadcrumb\",\"itemListElement\":[{\"@type\":\"ListItem\",\"position\":1,\"name\":\"Accueil\",\"item\":\"https:\/\/web.umons.ac.be\/fweg\/fr\/\"},{\"@type\":\"ListItem\",\"position\":2,\"name\":\"L&rsquo;offre de formation\",\"item\":\"https:\/\/web.umons.ac.be\/fweg\/fr\/offre-de-formation\/\"},{\"@type\":\"ListItem\",\"position\":3,\"name\":\"Formation pour fonctionnaires f\u00e9d\u00e9raux\"}]},{\"@type\":\"WebSite\",\"@id\":\"https:\/\/web.umons.ac.be\/fweg\/#website\",\"url\":\"https:\/\/web.umons.ac.be\/fweg\/\",\"name\":\"Facult\u00e9 \/ FWEG\",\"description\":\"\",\"potentialAction\":[{\"@type\":\"SearchAction\",\"target\":{\"@type\":\"EntryPoint\",\"urlTemplate\":\"https:\/\/web.umons.ac.be\/fweg\/?s={search_term_string}\"},\"query-input\":{\"@type\":\"PropertyValueSpecification\",\"valueRequired\":true,\"valueName\":\"search_term_string\"}}],\"inLanguage\":\"fr-FR\"}]}<\/script>\n<!-- \/ Yoast SEO plugin. -->","yoast_head_json":{"title":"Formation pour fonctionnaires f\u00e9d\u00e9raux - Facult\u00e9 \/ FWEG","robots":{"index":"index","follow":"follow","max-snippet":"max-snippet:-1","max-image-preview":"max-image-preview:large","max-video-preview":"max-video-preview:-1"},"canonical":"https:\/\/web.umons.ac.be\/fweg\/fr\/offre-de-formation\/formation-pour-fonctionnaires-federaux\/","og_locale":"fr_FR","og_type":"article","og_title":"Formation pour fonctionnaires f\u00e9d\u00e9raux - Facult\u00e9 \/ FWEG","og_description":"Suite \u00e0 l\u2019Arr\u00eat\u00e9 royal du 16 juillet 2013, les fonctionnaires f\u00e9d\u00e9raux de Niveau B ou C souhaitant acc\u00e9der au Niveau A, ont la possibilit\u00e9 (apr\u00e8s la r\u00e9ussite d\u2019une premi\u00e8re s\u00e9rie d\u2019\u00e9preuves organis\u00e9e par le SELOR) de s\u2019inscrire \u00e0 4\u00a0unit\u00e9s d\u2019enseignement \u00a0issus d\u2019un programme de Master. Le fonctionnaire doit opter pour quatre unit\u00e9s d\u2019enseignement de son [&hellip;]","og_url":"https:\/\/web.umons.ac.be\/fweg\/fr\/offre-de-formation\/formation-pour-fonctionnaires-federaux\/","og_site_name":"Facult\u00e9 \/ FWEG","article_modified_time":"2019-07-11T09:26:56+00:00","twitter_card":"summary_large_image","twitter_misc":{"Dur\u00e9e de lecture estim\u00e9e":"2 minutes"},"schema":{"@context":"https:\/\/schema.org","@graph":[{"@type":"WebPage","@id":"https:\/\/web.umons.ac.be\/fweg\/fr\/offre-de-formation\/formation-pour-fonctionnaires-federaux\/","url":"https:\/\/web.umons.ac.be\/fweg\/fr\/offre-de-formation\/formation-pour-fonctionnaires-federaux\/","name":"Formation pour fonctionnaires f\u00e9d\u00e9raux - Facult\u00e9 \/ FWEG","isPartOf":{"@id":"https:\/\/web.umons.ac.be\/fweg\/#website"},"datePublished":"2017-06-29T15:30:47+00:00","dateModified":"2019-07-11T09:26:56+00:00","breadcrumb":{"@id":"https:\/\/web.umons.ac.be\/fweg\/fr\/offre-de-formation\/formation-pour-fonctionnaires-federaux\/#breadcrumb"},"inLanguage":"fr-FR","potentialAction":[{"@type":"ReadAction","target":["https:\/\/web.umons.ac.be\/fweg\/fr\/offre-de-formation\/formation-pour-fonctionnaires-federaux\/"]}]},{"@type":"BreadcrumbList","@id":"https:\/\/web.umons.ac.be\/fweg\/fr\/offre-de-formation\/formation-pour-fonctionnaires-federaux\/#breadcrumb","itemListElement":[{"@type":"ListItem","position":1,"name":"Accueil","item":"https:\/\/web.umons.ac.be\/fweg\/fr\/"},{"@type":"ListItem","position":2,"name":"L&rsquo;offre de formation","item":"https:\/\/web.umons.ac.be\/fweg\/fr\/offre-de-formation\/"},{"@type":"ListItem","position":3,"name":"Formation pour fonctionnaires f\u00e9d\u00e9raux"}]},{"@type":"WebSite","@id":"https:\/\/web.umons.ac.be\/fweg\/#website","url":"https:\/\/web.umons.ac.be\/fweg\/","name":"Facult\u00e9 \/ FWEG","description":"","potentialAction":[{"@type":"SearchAction","target":{"@type":"EntryPoint","urlTemplate":"https:\/\/web.umons.ac.be\/fweg\/?s={search_term_string}"},"query-input":{"@type":"PropertyValueSpecification","valueRequired":true,"valueName":"search_term_string"}}],"inLanguage":"fr-FR"}]}},"lang":"fr","translations":{"fr":209,"en":998},"pll_sync_post":[],"_links":{"self":[{"href":"https:\/\/web.umons.ac.be\/fweg\/wp-json\/wp\/v2\/pages\/209","targetHints":{"allow":["GET"]}}],"collection":[{"href":"https:\/\/web.umons.ac.be\/fweg\/wp-json\/wp\/v2\/pages"}],"about":[{"href":"https:\/\/web.umons.ac.be\/fweg\/wp-json\/wp\/v2\/types\/page"}],"author":[{"embeddable":true,"href":"https:\/\/web.umons.ac.be\/fweg\/wp-json\/wp\/v2\/users\/2"}],"replies":[{"embeddable":true,"href":"https:\/\/web.umons.ac.be\/fweg\/wp-json\/wp\/v2\/comments?post=209"}],"version-history":[{"count":6,"href":"https:\/\/web.umons.ac.be\/fweg\/wp-json\/wp\/v2\/pages\/209\/revisions"}],"predecessor-version":[{"id":1381,"href":"https:\/\/web.umons.ac.be\/fweg\/wp-json\/wp\/v2\/pages\/209\/revisions\/1381"}],"up":[{"embeddable":true,"href":"https:\/\/web.umons.ac.be\/fweg\/wp-json\/wp\/v2\/pages\/135"}],"wp:attachment":[{"href":"https:\/\/web.umons.ac.be\/fweg\/wp-json\/wp\/v2\/media?parent=209"}],"curies":[{"name":"wp","href":"https:\/\/api.w.org\/{rel}","templated":true}]}}