{"id":282,"date":"2017-07-06T17:26:57","date_gmt":"2017-07-06T15:26:57","guid":{"rendered":"https:\/\/web.umons.ac.be\/fweg\/?page_id=282"},"modified":"2021-01-06T11:36:56","modified_gmt":"2021-01-06T10:36:56","slug":"les-langues","status":"publish","type":"page","link":"https:\/\/web.umons.ac.be\/fweg\/fr\/etudes\/les-langues\/","title":{"rendered":"Les langues"},"content":{"rendered":"<h2>Les langues, outils indispensables pour&#8230;<\/h2>\n<ul>\n<li>Plonger dans le monde des affaires<\/li>\n<li>Augmenter sa force dans les n\u00e9gociations<\/li>\n<li>\u00catre comp\u00e9titif sur le march\u00e9 international<\/li>\n<\/ul>\n<p><img loading=\"lazy\" decoding=\"async\" class=\"alignleft size-medium wp-image-57\" src=\"https:\/\/web.umons.ac.be\/app\/uploads\/sites\/9\/2017\/06\/12FWEG-2016.pdf-Adobe-Acrobat-Pro-DC-15-300x185.jpg\" alt=\"\" width=\"300\" height=\"185\" srcset=\"https:\/\/web.umons.ac.be\/app\/uploads\/sites\/9\/2017\/06\/12FWEG-2016.pdf-Adobe-Acrobat-Pro-DC-15-300x185.jpg 300w, https:\/\/web.umons.ac.be\/app\/uploads\/sites\/9\/2017\/06\/12FWEG-2016.pdf-Adobe-Acrobat-Pro-DC-15-768x475.jpg 768w, https:\/\/web.umons.ac.be\/app\/uploads\/sites\/9\/2017\/06\/12FWEG-2016.pdf-Adobe-Acrobat-Pro-DC-15-30x19.jpg 30w, https:\/\/web.umons.ac.be\/app\/uploads\/sites\/9\/2017\/06\/12FWEG-2016.pdf-Adobe-Acrobat-Pro-DC-15-60x37.jpg 60w, https:\/\/web.umons.ac.be\/app\/uploads\/sites\/9\/2017\/06\/12FWEG-2016.pdf-Adobe-Acrobat-Pro-DC-15-360x222.jpg 360w, https:\/\/web.umons.ac.be\/app\/uploads\/sites\/9\/2017\/06\/12FWEG-2016.pdf-Adobe-Acrobat-Pro-DC-15.jpg 840w\" sizes=\"auto, (max-width: 300px) 100vw, 300px\" \/>Nos cours de langues sont assur\u00e9s par une \u00e9quipe d\u2019enseignants qualifi\u00e9s et dynamiques qui recourent \u00e0 des m\u00e9thodes vari\u00e9es : laboratoires de langues et multim\u00e9dia, p\u00e9dagogie communicative et interactive. Leur but est d\u2019amener nos \u00e9tudiants en fin de cursus \u00e0 un niveau B2\/C1 du cadre europ\u00e9en commun de r\u00e9f\u00e9rence (CECRL).<\/p>\n<p>L\u2019apprentissage obligatoire de l\u2019anglais s\u2019accompagne de celui du n\u00e9erlandais ou de l\u2019espagnol, g\u00e9n\u00e9ralement \u00e0 raison de 45h par an. Des groupes de niveaux sont organis\u00e9s d\u00e8s le premier bloc de Bachelier. Il existe \u00e9galement des cours inter-facultaires en n\u00e9erlandais, espagnol, anglais et allemand, destin\u00e9s aux \u00e9tudiants souhaitant apprendre une langue suppl\u00e9mentaire, ou n\u00e9cessitant des cours de rem\u00e9diation.<\/p>\n<p>Afin de parfaire les connaissances linguistiques de nos \u00e9tudiants, les professeurs de langues organisent des activit\u00e9s telles que : conf\u00e9rences par des locuteurs natifs, visites d\u2019entreprises et d\u2019organismes internationaux, voyages \u00e0 l\u2019\u00e9tranger, \u2026 De plus, des \u00e9changes Erasmus sont possibles.<\/p>\n<h4>Anglais<\/h4>\n<ul>\n<li>Apprentissage de l\u2019anglais des affaires pr\u00e9parant \u00e0 diff\u00e9rentes situations professionnelles : r\u00e9unions, n\u00e9gociations, ventes, relations publiques, \u2026<\/li>\n<li>Pr\u00e9paration \u00e0 la recherche d\u2019un emploi : CV, lettre de motivation, entretien d\u2019embauche.<\/li>\n<\/ul>\n<h4>Espagnol<\/h4>\n<p>Aucune connaissance pr\u00e9alable n\u2019est requise.<\/p>\n<ul>\n<li><strong>Bachelier<\/strong> :\n<ul>\n<li>Acquisition des bases de l\u2019espagnol au travers de situations de la vie quotidienne et de l\u2019actualit\u00e9.<\/li>\n<li>D\u00e9couverte de l\u2019Espagne.<\/li>\n<li>Initiation \u00e0 l\u2019espagnol \u00e9conomique.<\/li>\n<\/ul>\n<\/li>\n<li><strong>Master<\/strong> :\n<ul>\n<li>Exploration de l\u2019espagnol des affaires et du contexte latino-am\u00e9ricain.<\/li>\n<\/ul>\n<\/li>\n<\/ul>\n<h4>N\u00e9erlandais<\/h4>\n<p>Des notions pr\u00e9alables constituent un atout.<\/p>\n<ul>\n<li><strong>Bloc 1 et 2<\/strong> :\n<ul>\n<li>Consolidation de la grammaire et du vocabulaire g\u00e9n\u00e9ral.<\/li>\n<\/ul>\n<\/li>\n<li><strong>A partir du Bloc 3<\/strong> :\n<ul>\n<li>Situations de vie en entreprise, contextes et situations professionnelles authentiques.<\/li>\n<li>Pr\u00e9paration aux entretiens d\u2019embauche.<\/li>\n<li><em>CNaVT<\/em> : possibilit\u00e9 d\u2019obtenir le certificat (reconnu internationalement).<\/li>\n<\/ul>\n<\/li>\n<\/ul>\n<h3>Cours d\u2019\u00e9conomie et de gestion en anglais<\/h3>\n<p>L\u2019anglais est la langue incontournable du milieu des affaires. C\u2019est pourquoi la Facult\u00e9 Warocqu\u00e9 a \u00e0 coeur de permettre aux \u00e9tudiants de suivre un ou plusieurs cours d\u2019\u00e9conomie et de gestion enseign\u00e9s en langue anglaise.<\/p>\n<p>Ces cours sont pour la plupart offerts dans les programmes de Master. Les \u00e9tudiants b\u00e9n\u00e9ficient alors d\u00e9j\u00e0 de solides fondements en anglais \u201cbusiness\u201d, acquis durant les trois ann\u00e9es de bachelier, et approfondissent leur maitrise de la langue des affaires au travers d\u2019enseignements tels que le marketing international, l\u2019\u00e9conomie europ\u00e9enne, l\u2019analyse financi\u00e8re ou le management strat\u00e9gique.<\/p>\n<p>N\u00e9anmoins, la FWEG propose aux \u00e9tudiants de Bachelier quelques cours disciplinaires en anglais. Les \u00e9tudiants ont alors le choix de suivre le cours en fran\u00e7ais ou en anglais.<\/p>\n<div id='gallery-1' class='gallery galleryid-282 gallery-columns-3 gallery-size-medium'><figure class='gallery-item'>\n\t\t\t<div class='gallery-icon landscape'>\n\t\t\t\t<a href='https:\/\/web.umons.ac.be\/app\/uploads\/sites\/9\/2017\/06\/12FWEG-2016.pdf-Adobe-Acrobat-Pro-DC-13.jpg'><img loading=\"lazy\" decoding=\"async\" width=\"300\" height=\"172\" src=\"https:\/\/web.umons.ac.be\/app\/uploads\/sites\/9\/2017\/06\/12FWEG-2016.pdf-Adobe-Acrobat-Pro-DC-13-300x172.jpg\" class=\"attachment-medium size-medium\" alt=\"\" aria-describedby=\"gallery-1-55\" srcset=\"https:\/\/web.umons.ac.be\/app\/uploads\/sites\/9\/2017\/06\/12FWEG-2016.pdf-Adobe-Acrobat-Pro-DC-13-300x172.jpg 300w, https:\/\/web.umons.ac.be\/app\/uploads\/sites\/9\/2017\/06\/12FWEG-2016.pdf-Adobe-Acrobat-Pro-DC-13-768x440.jpg 768w, https:\/\/web.umons.ac.be\/app\/uploads\/sites\/9\/2017\/06\/12FWEG-2016.pdf-Adobe-Acrobat-Pro-DC-13-30x17.jpg 30w, https:\/\/web.umons.ac.be\/app\/uploads\/sites\/9\/2017\/06\/12FWEG-2016.pdf-Adobe-Acrobat-Pro-DC-13-60x34.jpg 60w, https:\/\/web.umons.ac.be\/app\/uploads\/sites\/9\/2017\/06\/12FWEG-2016.pdf-Adobe-Acrobat-Pro-DC-13-360x206.jpg 360w, https:\/\/web.umons.ac.be\/app\/uploads\/sites\/9\/2017\/06\/12FWEG-2016.pdf-Adobe-Acrobat-Pro-DC-13.jpg 845w\" sizes=\"auto, (max-width: 300px) 100vw, 300px\" \/><\/a>\n\t\t\t<\/div>\n\t\t\t\t<figcaption class='wp-caption-text gallery-caption' id='gallery-1-55'>\n\t\t\t\tEtudiants r\u00e9dacteurs du livret Study in English at UMONS\n\t\t\t\t<\/figcaption><\/figure><figure class='gallery-item'>\n\t\t\t<div class='gallery-icon landscape'>\n\t\t\t\t<a href='https:\/\/web.umons.ac.be\/app\/uploads\/sites\/9\/2021\/01\/Image2.png'><img loading=\"lazy\" decoding=\"async\" width=\"300\" height=\"185\" src=\"https:\/\/web.umons.ac.be\/app\/uploads\/sites\/9\/2021\/01\/Image2-300x185.png\" class=\"attachment-medium size-medium\" alt=\"\" aria-describedby=\"gallery-1-1641\" srcset=\"https:\/\/web.umons.ac.be\/app\/uploads\/sites\/9\/2021\/01\/Image2-300x185.png 300w, https:\/\/web.umons.ac.be\/app\/uploads\/sites\/9\/2021\/01\/Image2-30x19.png 30w, https:\/\/web.umons.ac.be\/app\/uploads\/sites\/9\/2021\/01\/Image2-60x37.png 60w, https:\/\/web.umons.ac.be\/app\/uploads\/sites\/9\/2021\/01\/Image2-360x222.png 360w, https:\/\/web.umons.ac.be\/app\/uploads\/sites\/9\/2021\/01\/Image2.png 457w\" sizes=\"auto, (max-width: 300px) 100vw, 300px\" \/><\/a>\n\t\t\t<\/div>\n\t\t\t\t<figcaption class='wp-caption-text gallery-caption' id='gallery-1-1641'>\n\t\t\t\tConf\u00e9rence sur l\u2019injustice fiscale\n\t\t\t\t<\/figcaption><\/figure>\n\t\t<\/div>\n\n","protected":false},"excerpt":{"rendered":"<p>Les langues, outils indispensables pour&#8230; Plonger dans le monde des affaires Augmenter sa force dans les n\u00e9gociations \u00catre comp\u00e9titif sur le march\u00e9 international Nos cours de langues sont assur\u00e9s par une \u00e9quipe d\u2019enseignants qualifi\u00e9s et dynamiques qui recourent \u00e0 des m\u00e9thodes vari\u00e9es : laboratoires de langues et multim\u00e9dia, p\u00e9dagogie communicative et interactive. Leur but est [&hellip;]<\/p>\n","protected":false},"author":2,"featured_media":0,"parent":601,"menu_order":4,"comment_status":"closed","ping_status":"closed","template":"","meta":{"footnotes":""},"class_list":["post-282","page","type-page","status-publish","hentry"],"yoast_head":"<!-- This site is optimized with the Yoast SEO plugin v27.2 - https:\/\/yoast.com\/product\/yoast-seo-wordpress\/ -->\n<title>Les langues - Facult\u00e9 \/ FWEG<\/title>\n<meta name=\"robots\" content=\"index, follow, max-snippet:-1, max-image-preview:large, max-video-preview:-1\" \/>\n<link rel=\"canonical\" href=\"https:\/\/web.umons.ac.be\/fweg\/fr\/etudes\/les-langues\/\" \/>\n<meta property=\"og:locale\" content=\"fr_FR\" \/>\n<meta property=\"og:type\" content=\"article\" \/>\n<meta property=\"og:title\" content=\"Les langues - Facult\u00e9 \/ FWEG\" \/>\n<meta property=\"og:description\" content=\"Les langues, outils indispensables pour&#8230; Plonger dans le monde des affaires Augmenter sa force dans les n\u00e9gociations \u00catre comp\u00e9titif sur le march\u00e9 international Nos cours de langues sont assur\u00e9s par une \u00e9quipe d\u2019enseignants qualifi\u00e9s et dynamiques qui recourent \u00e0 des m\u00e9thodes vari\u00e9es : laboratoires de langues et multim\u00e9dia, p\u00e9dagogie communicative et interactive. Leur but est [&hellip;]\" \/>\n<meta property=\"og:url\" content=\"https:\/\/web.umons.ac.be\/fweg\/fr\/etudes\/les-langues\/\" \/>\n<meta property=\"og:site_name\" content=\"Facult\u00e9 \/ FWEG\" \/>\n<meta property=\"article:modified_time\" content=\"2021-01-06T10:36:56+00:00\" \/>\n<meta property=\"og:image\" content=\"https:\/\/web.umons.ac.be\/app\/uploads\/sites\/9\/2017\/06\/12FWEG-2016.pdf-Adobe-Acrobat-Pro-DC-13-300x172.jpg\" \/>\n<meta name=\"twitter:card\" content=\"summary_large_image\" \/>\n<meta name=\"twitter:label1\" content=\"Dur\u00e9e de lecture estim\u00e9e\" \/>\n\t<meta name=\"twitter:data1\" content=\"3 minutes\" \/>\n<script type=\"application\/ld+json\" class=\"yoast-schema-graph\">{\"@context\":\"https:\/\/schema.org\",\"@graph\":[{\"@type\":\"WebPage\",\"@id\":\"https:\/\/web.umons.ac.be\/fweg\/fr\/etudes\/les-langues\/\",\"url\":\"https:\/\/web.umons.ac.be\/fweg\/fr\/etudes\/les-langues\/\",\"name\":\"Les langues - Facult\u00e9 \/ FWEG\",\"isPartOf\":{\"@id\":\"https:\/\/web.umons.ac.be\/fweg\/#website\"},\"primaryImageOfPage\":{\"@id\":\"https:\/\/web.umons.ac.be\/fweg\/fr\/etudes\/les-langues\/#primaryimage\"},\"image\":{\"@id\":\"https:\/\/web.umons.ac.be\/fweg\/fr\/etudes\/les-langues\/#primaryimage\"},\"thumbnailUrl\":\"https:\/\/web.umons.ac.be\/app\/uploads\/sites\/9\/2017\/06\/12FWEG-2016.pdf-Adobe-Acrobat-Pro-DC-15-300x185.jpg\",\"datePublished\":\"2017-07-06T15:26:57+00:00\",\"dateModified\":\"2021-01-06T10:36:56+00:00\",\"breadcrumb\":{\"@id\":\"https:\/\/web.umons.ac.be\/fweg\/fr\/etudes\/les-langues\/#breadcrumb\"},\"inLanguage\":\"fr-FR\",\"potentialAction\":[{\"@type\":\"ReadAction\",\"target\":[\"https:\/\/web.umons.ac.be\/fweg\/fr\/etudes\/les-langues\/\"]}]},{\"@type\":\"ImageObject\",\"inLanguage\":\"fr-FR\",\"@id\":\"https:\/\/web.umons.ac.be\/fweg\/fr\/etudes\/les-langues\/#primaryimage\",\"url\":\"https:\/\/web.umons.ac.be\/app\/uploads\/sites\/9\/2017\/06\/12FWEG-2016.pdf-Adobe-Acrobat-Pro-DC-15-300x185.jpg\",\"contentUrl\":\"https:\/\/web.umons.ac.be\/app\/uploads\/sites\/9\/2017\/06\/12FWEG-2016.pdf-Adobe-Acrobat-Pro-DC-15-300x185.jpg\"},{\"@type\":\"BreadcrumbList\",\"@id\":\"https:\/\/web.umons.ac.be\/fweg\/fr\/etudes\/les-langues\/#breadcrumb\",\"itemListElement\":[{\"@type\":\"ListItem\",\"position\":1,\"name\":\"Accueil\",\"item\":\"https:\/\/web.umons.ac.be\/fweg\/fr\/\"},{\"@type\":\"ListItem\",\"position\":2,\"name\":\"Etudes\",\"item\":\"https:\/\/web.umons.ac.be\/fweg\/fr\/etudes\/\"},{\"@type\":\"ListItem\",\"position\":3,\"name\":\"Les langues\"}]},{\"@type\":\"WebSite\",\"@id\":\"https:\/\/web.umons.ac.be\/fweg\/#website\",\"url\":\"https:\/\/web.umons.ac.be\/fweg\/\",\"name\":\"Facult\u00e9 \/ FWEG\",\"description\":\"\",\"potentialAction\":[{\"@type\":\"SearchAction\",\"target\":{\"@type\":\"EntryPoint\",\"urlTemplate\":\"https:\/\/web.umons.ac.be\/fweg\/?s={search_term_string}\"},\"query-input\":{\"@type\":\"PropertyValueSpecification\",\"valueRequired\":true,\"valueName\":\"search_term_string\"}}],\"inLanguage\":\"fr-FR\"}]}<\/script>\n<!-- \/ Yoast SEO plugin. -->","yoast_head_json":{"title":"Les langues - Facult\u00e9 \/ FWEG","robots":{"index":"index","follow":"follow","max-snippet":"max-snippet:-1","max-image-preview":"max-image-preview:large","max-video-preview":"max-video-preview:-1"},"canonical":"https:\/\/web.umons.ac.be\/fweg\/fr\/etudes\/les-langues\/","og_locale":"fr_FR","og_type":"article","og_title":"Les langues - Facult\u00e9 \/ FWEG","og_description":"Les langues, outils indispensables pour&#8230; Plonger dans le monde des affaires Augmenter sa force dans les n\u00e9gociations \u00catre comp\u00e9titif sur le march\u00e9 international Nos cours de langues sont assur\u00e9s par une \u00e9quipe d\u2019enseignants qualifi\u00e9s et dynamiques qui recourent \u00e0 des m\u00e9thodes vari\u00e9es : laboratoires de langues et multim\u00e9dia, p\u00e9dagogie communicative et interactive. Leur but est [&hellip;]","og_url":"https:\/\/web.umons.ac.be\/fweg\/fr\/etudes\/les-langues\/","og_site_name":"Facult\u00e9 \/ FWEG","article_modified_time":"2021-01-06T10:36:56+00:00","og_image":[{"url":"https:\/\/web.umons.ac.be\/app\/uploads\/sites\/9\/2017\/06\/12FWEG-2016.pdf-Adobe-Acrobat-Pro-DC-13-300x172.jpg","type":"","width":"","height":""}],"twitter_card":"summary_large_image","twitter_misc":{"Dur\u00e9e de lecture estim\u00e9e":"3 minutes"},"schema":{"@context":"https:\/\/schema.org","@graph":[{"@type":"WebPage","@id":"https:\/\/web.umons.ac.be\/fweg\/fr\/etudes\/les-langues\/","url":"https:\/\/web.umons.ac.be\/fweg\/fr\/etudes\/les-langues\/","name":"Les langues - Facult\u00e9 \/ FWEG","isPartOf":{"@id":"https:\/\/web.umons.ac.be\/fweg\/#website"},"primaryImageOfPage":{"@id":"https:\/\/web.umons.ac.be\/fweg\/fr\/etudes\/les-langues\/#primaryimage"},"image":{"@id":"https:\/\/web.umons.ac.be\/fweg\/fr\/etudes\/les-langues\/#primaryimage"},"thumbnailUrl":"https:\/\/web.umons.ac.be\/app\/uploads\/sites\/9\/2017\/06\/12FWEG-2016.pdf-Adobe-Acrobat-Pro-DC-15-300x185.jpg","datePublished":"2017-07-06T15:26:57+00:00","dateModified":"2021-01-06T10:36:56+00:00","breadcrumb":{"@id":"https:\/\/web.umons.ac.be\/fweg\/fr\/etudes\/les-langues\/#breadcrumb"},"inLanguage":"fr-FR","potentialAction":[{"@type":"ReadAction","target":["https:\/\/web.umons.ac.be\/fweg\/fr\/etudes\/les-langues\/"]}]},{"@type":"ImageObject","inLanguage":"fr-FR","@id":"https:\/\/web.umons.ac.be\/fweg\/fr\/etudes\/les-langues\/#primaryimage","url":"https:\/\/web.umons.ac.be\/app\/uploads\/sites\/9\/2017\/06\/12FWEG-2016.pdf-Adobe-Acrobat-Pro-DC-15-300x185.jpg","contentUrl":"https:\/\/web.umons.ac.be\/app\/uploads\/sites\/9\/2017\/06\/12FWEG-2016.pdf-Adobe-Acrobat-Pro-DC-15-300x185.jpg"},{"@type":"BreadcrumbList","@id":"https:\/\/web.umons.ac.be\/fweg\/fr\/etudes\/les-langues\/#breadcrumb","itemListElement":[{"@type":"ListItem","position":1,"name":"Accueil","item":"https:\/\/web.umons.ac.be\/fweg\/fr\/"},{"@type":"ListItem","position":2,"name":"Etudes","item":"https:\/\/web.umons.ac.be\/fweg\/fr\/etudes\/"},{"@type":"ListItem","position":3,"name":"Les langues"}]},{"@type":"WebSite","@id":"https:\/\/web.umons.ac.be\/fweg\/#website","url":"https:\/\/web.umons.ac.be\/fweg\/","name":"Facult\u00e9 \/ FWEG","description":"","potentialAction":[{"@type":"SearchAction","target":{"@type":"EntryPoint","urlTemplate":"https:\/\/web.umons.ac.be\/fweg\/?s={search_term_string}"},"query-input":{"@type":"PropertyValueSpecification","valueRequired":true,"valueName":"search_term_string"}}],"inLanguage":"fr-FR"}]}},"lang":"fr","translations":{"fr":282,"en":1002},"pll_sync_post":[],"_links":{"self":[{"href":"https:\/\/web.umons.ac.be\/fweg\/wp-json\/wp\/v2\/pages\/282","targetHints":{"allow":["GET"]}}],"collection":[{"href":"https:\/\/web.umons.ac.be\/fweg\/wp-json\/wp\/v2\/pages"}],"about":[{"href":"https:\/\/web.umons.ac.be\/fweg\/wp-json\/wp\/v2\/types\/page"}],"author":[{"embeddable":true,"href":"https:\/\/web.umons.ac.be\/fweg\/wp-json\/wp\/v2\/users\/2"}],"replies":[{"embeddable":true,"href":"https:\/\/web.umons.ac.be\/fweg\/wp-json\/wp\/v2\/comments?post=282"}],"version-history":[{"count":11,"href":"https:\/\/web.umons.ac.be\/fweg\/wp-json\/wp\/v2\/pages\/282\/revisions"}],"predecessor-version":[{"id":1643,"href":"https:\/\/web.umons.ac.be\/fweg\/wp-json\/wp\/v2\/pages\/282\/revisions\/1643"}],"up":[{"embeddable":true,"href":"https:\/\/web.umons.ac.be\/fweg\/wp-json\/wp\/v2\/pages\/601"}],"wp:attachment":[{"href":"https:\/\/web.umons.ac.be\/fweg\/wp-json\/wp\/v2\/media?parent=282"}],"curies":[{"name":"wp","href":"https:\/\/api.w.org\/{rel}","templated":true}]}}