{"id":435,"date":"2017-07-13T10:48:29","date_gmt":"2017-07-13T08:48:29","guid":{"rendered":"https:\/\/web.umons.ac.be\/fweg\/?page_id=435"},"modified":"2017-09-20T17:11:26","modified_gmt":"2017-09-20T15:11:26","slug":"mobilite","status":"publish","type":"page","link":"https:\/\/web.umons.ac.be\/fweg\/fr\/mobilite\/","title":{"rendered":"Mobilit\u00e9 \u00e9tudiante &#8211; International"},"content":{"rendered":"<p>La mobilit\u00e9 internationale, <strong>incoming<\/strong> ou <strong>outgoing<\/strong>, est un point auquel la facult\u00e9 accorde beaucoup d\u2019importance. La Facult\u00e9 Warocqu\u00e9 veut proposer \u00e0 ses \u00e9tudiants des destinations attrayantes avec des programmes de qualit\u00e9 dans le domaine de l\u2019\u00e9conomie et de la gestion. Elle veut \u00e9galement accueillir comme il se doit des \u00e9tudiants d\u2019universit\u00e9s partenaires et leur proposer un enseignement de qualit\u00e9.<\/p>\n<p>Vous voulez en savoir plus sur notre offre\u00a0:<\/p>\n<ul>\n<li>Partir en Mobilit\u00e9 OUT<\/li>\n<li>Venir en Mobilit\u00e9 IN<\/li>\n<\/ul>\n","protected":false},"excerpt":{"rendered":"<p>La mobilit\u00e9 internationale, incoming ou outgoing, est un point auquel la facult\u00e9 accorde beaucoup d\u2019importance. La Facult\u00e9 Warocqu\u00e9 veut proposer \u00e0 ses \u00e9tudiants des destinations attrayantes avec des programmes de qualit\u00e9 dans le domaine de l\u2019\u00e9conomie et de la gestion. Elle veut \u00e9galement accueillir comme il se doit des \u00e9tudiants d\u2019universit\u00e9s partenaires et leur proposer [&hellip;]<\/p>\n","protected":false},"author":2,"featured_media":0,"parent":0,"menu_order":6,"comment_status":"closed","ping_status":"closed","template":"","meta":{"footnotes":""},"class_list":["post-435","page","type-page","status-publish","hentry"],"yoast_head":"<!-- This site is optimized with the Yoast SEO plugin v27.2 - https:\/\/yoast.com\/product\/yoast-seo-wordpress\/ -->\n<title>Mobilit\u00e9 \u00e9tudiante - International - Facult\u00e9 \/ FWEG<\/title>\n<meta name=\"robots\" content=\"index, follow, max-snippet:-1, max-image-preview:large, max-video-preview:-1\" \/>\n<link rel=\"canonical\" href=\"https:\/\/web.umons.ac.be\/fweg\/fr\/mobilite\/\" \/>\n<meta property=\"og:locale\" content=\"fr_FR\" \/>\n<meta property=\"og:type\" content=\"article\" \/>\n<meta property=\"og:title\" content=\"Mobilit\u00e9 \u00e9tudiante - International - Facult\u00e9 \/ FWEG\" \/>\n<meta property=\"og:description\" content=\"La mobilit\u00e9 internationale, incoming ou outgoing, est un point auquel la facult\u00e9 accorde beaucoup d\u2019importance. La Facult\u00e9 Warocqu\u00e9 veut proposer \u00e0 ses \u00e9tudiants des destinations attrayantes avec des programmes de qualit\u00e9 dans le domaine de l\u2019\u00e9conomie et de la gestion. Elle veut \u00e9galement accueillir comme il se doit des \u00e9tudiants d\u2019universit\u00e9s partenaires et leur proposer [&hellip;]\" \/>\n<meta property=\"og:url\" content=\"https:\/\/web.umons.ac.be\/fweg\/fr\/mobilite\/\" \/>\n<meta property=\"og:site_name\" content=\"Facult\u00e9 \/ FWEG\" \/>\n<meta property=\"article:modified_time\" content=\"2017-09-20T15:11:26+00:00\" \/>\n<meta name=\"twitter:card\" content=\"summary_large_image\" \/>\n<script type=\"application\/ld+json\" class=\"yoast-schema-graph\">{\"@context\":\"https:\/\/schema.org\",\"@graph\":[{\"@type\":\"WebPage\",\"@id\":\"https:\/\/web.umons.ac.be\/fweg\/fr\/mobilite\/\",\"url\":\"https:\/\/web.umons.ac.be\/fweg\/fr\/mobilite\/\",\"name\":\"Mobilit\u00e9 \u00e9tudiante - International - Facult\u00e9 \/ FWEG\",\"isPartOf\":{\"@id\":\"https:\/\/web.umons.ac.be\/fweg\/#website\"},\"datePublished\":\"2017-07-13T08:48:29+00:00\",\"dateModified\":\"2017-09-20T15:11:26+00:00\",\"breadcrumb\":{\"@id\":\"https:\/\/web.umons.ac.be\/fweg\/fr\/mobilite\/#breadcrumb\"},\"inLanguage\":\"fr-FR\",\"potentialAction\":[{\"@type\":\"ReadAction\",\"target\":[\"https:\/\/web.umons.ac.be\/fweg\/fr\/mobilite\/\"]}]},{\"@type\":\"BreadcrumbList\",\"@id\":\"https:\/\/web.umons.ac.be\/fweg\/fr\/mobilite\/#breadcrumb\",\"itemListElement\":[{\"@type\":\"ListItem\",\"position\":1,\"name\":\"Accueil\",\"item\":\"https:\/\/web.umons.ac.be\/fweg\/fr\/\"},{\"@type\":\"ListItem\",\"position\":2,\"name\":\"Mobilit\u00e9 \u00e9tudiante &#8211; International\"}]},{\"@type\":\"WebSite\",\"@id\":\"https:\/\/web.umons.ac.be\/fweg\/#website\",\"url\":\"https:\/\/web.umons.ac.be\/fweg\/\",\"name\":\"Facult\u00e9 \/ FWEG\",\"description\":\"\",\"potentialAction\":[{\"@type\":\"SearchAction\",\"target\":{\"@type\":\"EntryPoint\",\"urlTemplate\":\"https:\/\/web.umons.ac.be\/fweg\/?s={search_term_string}\"},\"query-input\":{\"@type\":\"PropertyValueSpecification\",\"valueRequired\":true,\"valueName\":\"search_term_string\"}}],\"inLanguage\":\"fr-FR\"}]}<\/script>\n<!-- \/ Yoast SEO plugin. -->","yoast_head_json":{"title":"Mobilit\u00e9 \u00e9tudiante - International - Facult\u00e9 \/ FWEG","robots":{"index":"index","follow":"follow","max-snippet":"max-snippet:-1","max-image-preview":"max-image-preview:large","max-video-preview":"max-video-preview:-1"},"canonical":"https:\/\/web.umons.ac.be\/fweg\/fr\/mobilite\/","og_locale":"fr_FR","og_type":"article","og_title":"Mobilit\u00e9 \u00e9tudiante - International - Facult\u00e9 \/ FWEG","og_description":"La mobilit\u00e9 internationale, incoming ou outgoing, est un point auquel la facult\u00e9 accorde beaucoup d\u2019importance. La Facult\u00e9 Warocqu\u00e9 veut proposer \u00e0 ses \u00e9tudiants des destinations attrayantes avec des programmes de qualit\u00e9 dans le domaine de l\u2019\u00e9conomie et de la gestion. Elle veut \u00e9galement accueillir comme il se doit des \u00e9tudiants d\u2019universit\u00e9s partenaires et leur proposer [&hellip;]","og_url":"https:\/\/web.umons.ac.be\/fweg\/fr\/mobilite\/","og_site_name":"Facult\u00e9 \/ FWEG","article_modified_time":"2017-09-20T15:11:26+00:00","twitter_card":"summary_large_image","schema":{"@context":"https:\/\/schema.org","@graph":[{"@type":"WebPage","@id":"https:\/\/web.umons.ac.be\/fweg\/fr\/mobilite\/","url":"https:\/\/web.umons.ac.be\/fweg\/fr\/mobilite\/","name":"Mobilit\u00e9 \u00e9tudiante - International - Facult\u00e9 \/ FWEG","isPartOf":{"@id":"https:\/\/web.umons.ac.be\/fweg\/#website"},"datePublished":"2017-07-13T08:48:29+00:00","dateModified":"2017-09-20T15:11:26+00:00","breadcrumb":{"@id":"https:\/\/web.umons.ac.be\/fweg\/fr\/mobilite\/#breadcrumb"},"inLanguage":"fr-FR","potentialAction":[{"@type":"ReadAction","target":["https:\/\/web.umons.ac.be\/fweg\/fr\/mobilite\/"]}]},{"@type":"BreadcrumbList","@id":"https:\/\/web.umons.ac.be\/fweg\/fr\/mobilite\/#breadcrumb","itemListElement":[{"@type":"ListItem","position":1,"name":"Accueil","item":"https:\/\/web.umons.ac.be\/fweg\/fr\/"},{"@type":"ListItem","position":2,"name":"Mobilit\u00e9 \u00e9tudiante &#8211; International"}]},{"@type":"WebSite","@id":"https:\/\/web.umons.ac.be\/fweg\/#website","url":"https:\/\/web.umons.ac.be\/fweg\/","name":"Facult\u00e9 \/ FWEG","description":"","potentialAction":[{"@type":"SearchAction","target":{"@type":"EntryPoint","urlTemplate":"https:\/\/web.umons.ac.be\/fweg\/?s={search_term_string}"},"query-input":{"@type":"PropertyValueSpecification","valueRequired":true,"valueName":"search_term_string"}}],"inLanguage":"fr-FR"}]}},"lang":"fr","translations":{"fr":435,"en":1021},"pll_sync_post":[],"_links":{"self":[{"href":"https:\/\/web.umons.ac.be\/fweg\/wp-json\/wp\/v2\/pages\/435","targetHints":{"allow":["GET"]}}],"collection":[{"href":"https:\/\/web.umons.ac.be\/fweg\/wp-json\/wp\/v2\/pages"}],"about":[{"href":"https:\/\/web.umons.ac.be\/fweg\/wp-json\/wp\/v2\/types\/page"}],"author":[{"embeddable":true,"href":"https:\/\/web.umons.ac.be\/fweg\/wp-json\/wp\/v2\/users\/2"}],"replies":[{"embeddable":true,"href":"https:\/\/web.umons.ac.be\/fweg\/wp-json\/wp\/v2\/comments?post=435"}],"version-history":[{"count":1,"href":"https:\/\/web.umons.ac.be\/fweg\/wp-json\/wp\/v2\/pages\/435\/revisions"}],"predecessor-version":[{"id":597,"href":"https:\/\/web.umons.ac.be\/fweg\/wp-json\/wp\/v2\/pages\/435\/revisions\/597"}],"wp:attachment":[{"href":"https:\/\/web.umons.ac.be\/fweg\/wp-json\/wp\/v2\/media?parent=435"}],"curies":[{"name":"wp","href":"https:\/\/api.w.org\/{rel}","templated":true}]}}