{"id":965,"date":"2018-01-17T17:13:29","date_gmt":"2018-01-17T16:13:29","guid":{"rendered":"https:\/\/web.umons.ac.be\/fweg\/?page_id=965"},"modified":"2018-01-31T15:37:56","modified_gmt":"2018-01-31T14:37:56","slug":"master-horaire-decale","status":"publish","type":"page","link":"https:\/\/web.umons.ac.be\/fweg\/en\/study-programmes\/reprise-detudes\/master-horaire-decale\/","title":{"rendered":"Master in part-time schedule"},"content":{"rendered":"<p>La Facult\u00e9 est depuis longtemps sensible \u00e0 offrir la possibilit\u00e9 de reprendre des \u00e9tudes aux adultes d\u00e9j\u00e0 ins\u00e9r\u00e9s professionnellement et\/ou souhaitant se r\u00e9orienter. Ainsi, les formations organis\u00e9es sur le site de Charleroi se d\u00e9roulent \u00e0 horaire d\u00e9cal\u00e9 (en soir\u00e9e et le samedi matin).\u00a0 Selon leur parcours ant\u00e9rieur, les \u00e9tudiants peuvent b\u00e9n\u00e9ficier de programmes personnalis\u00e9s. Une cellule scientifique y assure l\u2019accueil et l\u2019information des \u00e9tudiants et constitue une interface entre le site de Charleroi et celui de Mons. Elle offre un soutien permanent tant administratif que p\u00e9dagogique \u00e0 ces \u00e9tudiants en reprise d\u2019\u00e9tudes.<\/p>\n<start-cask-shortcode-wrapper><article class=\"shortcode-training training-small content-block scheme-fweg\">\n\t<a href=\"https:\/\/web.umons.ac.be\/fweg\/en\/training-offer\/m1-sciges-c\/\" class=\"training-link scheme-border-hover\">\n\t\t<header class=\"training-small-header\">\n\t\t\t<div class=\"training-small-entity scheme-color\">\n\t\t\t\tFacult\u00e9 \/ FWEG\t\t\t\t\t           \t<img decoding=\"async\" src=\"https:\/\/web.umons.ac.be\/app\/uploads\/sites\/9\/2017\/05\/FWEG.png\" class=\"training-small-entity-logo\" alt=\"Ic\u00f4ne de Facult\u00e9 \/ FWEG\">\n\t        \t\t\t\t<\/div>\n\t\t\t<div class=\"training-small-degree\">\n\t\t\t\tMaster en\t\t\t<\/div>\n\n\t\t\t<h1 class=\"training-small-title\">Management<\/h1>\n\n\t\t\t\t\t<\/header>\n\t\t\t\t<div class=\"training-small-content\">\n\t\t\t<div class=\"training-small-location\">\n\t\t\t\t<span class=\"icon umons-icon-pin\" aria-hidden=\"true\"><\/span>\n\t\t\t\t<span class=\"location\">Charleroi<\/span>\n\t\t\t<\/div>\n\n\t\t\t\t\t\t<div class=\"training-small-side-info\">\n\t\t\t\t<ul class=\"training-small-side-info-list\">\n\t\t\t\t\t\t\t\t\t\t<li>\n\t\t\t\t\t\t<div class=\"training-single-schedule\">\n\t\t\t\t\t\t\t<div class=\"label\">Horaire<\/div>\n\t\t\t\t\t\t\t<div class=\"value\">Horaire d\u00e9cal\u00e9<\/div>\n\t\t\t\t\t\t<\/div>\n\t\t\t\t\t<\/li>\n\t\t\t\t\t\t\t\t\t\t\t\t\t\t\t<li>\n\t\t\t\t\t\t<div class=\"training-single-credits\">\n\t\t\t\t\t\t\t<div class=\"label\">Cr\u00e9dits ECTS<\/div>\n\t\t\t\t\t\t\t<div class=\"value\">60<\/div>\n\t\t\t\t\t\t<\/div>\n\t\t\t\t\t<\/li>\n\t\t\t\t\t\t\t\t\t\t\t\t\t\t\t<li>\n\t\t\t\t\t\t<div class=\"training-single-languages\">\n\t\t\t\t\t\t\t<div class=\"label\">Langue<\/div>\n\t\t\t\t\t\t\t<div class=\"value\">\n\t\t\t\t\t\t\t\t<span class=\"lang\">Fran\u00e7ais<\/span>\n\t\t\t\t\t\t\t<\/div>\n\t\t\t\t\t\t<\/div>\n\t\t\t\t\t<\/li>\n\t\t\t\t\t\t\t\t\t<\/ul>\n\t\t\t<\/div>\n\t\t\t\t\t<\/div>\n\t\t\t<\/a>\n<\/article>\n<end-cask-shortcode-wrapper>\n<start-cask-shortcode-wrapper><article class=\"shortcode-training training-small content-block scheme-fweg\">\n\t<a href=\"https:\/\/web.umons.ac.be\/fweg\/en\/training-offer\/m2-scgems-c\/\" class=\"training-link scheme-border-hover\">\n\t\t<header class=\"training-small-header\">\n\t\t\t<div class=\"training-small-entity scheme-color\">\n\t\t\t\tFacult\u00e9 \/ FWEG\t\t\t\t\t           \t<img decoding=\"async\" src=\"https:\/\/web.umons.ac.be\/app\/uploads\/sites\/9\/2017\/05\/FWEG.png\" class=\"training-small-entity-logo\" alt=\"Ic\u00f4ne de Facult\u00e9 \/ FWEG\">\n\t        \t\t\t\t<\/div>\n\t\t\t<div class=\"training-small-degree\">\n\t\t\t\tMaster en\t\t\t<\/div>\n\n\t\t\t<h1 class=\"training-small-title\">Management<\/h1>\n\n\t\t\t\t\t\t<div class=\"training-small-subtitle\">\n\t\t\t\t<strong>Finalit\u00e9 sp\u00e9cialis\u00e9e en management et strat\u00e9gie<\/strong>\n\t\t\t<\/div>\n\t\t\t\t\t<\/header>\n\t\t\t\t<div class=\"training-small-content\">\n\t\t\t<div class=\"training-small-location\">\n\t\t\t\t<span class=\"icon umons-icon-pin\" aria-hidden=\"true\"><\/span>\n\t\t\t\t<span class=\"location\">Charleroi<\/span>\n\t\t\t<\/div>\n\n\t\t\t\t\t\t<div class=\"training-small-side-info\">\n\t\t\t\t<ul class=\"training-small-side-info-list\">\n\t\t\t\t\t\t\t\t\t\t<li>\n\t\t\t\t\t\t<div class=\"training-single-schedule\">\n\t\t\t\t\t\t\t<div class=\"label\">Horaire<\/div>\n\t\t\t\t\t\t\t<div class=\"value\">Horaire d\u00e9cal\u00e9<\/div>\n\t\t\t\t\t\t<\/div>\n\t\t\t\t\t<\/li>\n\t\t\t\t\t\t\t\t\t\t\t\t\t\t\t<li>\n\t\t\t\t\t\t<div class=\"training-single-credits\">\n\t\t\t\t\t\t\t<div class=\"label\">Cr\u00e9dits ECTS<\/div>\n\t\t\t\t\t\t\t<div class=\"value\">120<\/div>\n\t\t\t\t\t\t<\/div>\n\t\t\t\t\t<\/li>\n\t\t\t\t\t\t\t\t\t\t\t\t\t\t\t<li>\n\t\t\t\t\t\t<div class=\"training-single-languages\">\n\t\t\t\t\t\t\t<div class=\"label\">Langue<\/div>\n\t\t\t\t\t\t\t<div class=\"value\">\n\t\t\t\t\t\t\t\t<span class=\"lang\">Fran\u00e7ais<\/span>\n\t\t\t\t\t\t\t<\/div>\n\t\t\t\t\t\t<\/div>\n\t\t\t\t\t<\/li>\n\t\t\t\t\t\t\t\t\t<\/ul>\n\t\t\t<\/div>\n\t\t\t\t\t<\/div>\n\t\t\t<\/a>\n<\/article>\n<end-cask-shortcode-wrapper>\n<start-cask-shortcode-wrapper>\n<blockquote class=\"shortcode-testimonial scheme-fweg\">\n    <div class=\"testimonial-quote\">\n        <div>Je suis fi\u00e8re de faire partie de la Facult\u00e9 Warocqu\u00e9 d\u2019Economie et de Gestion. Pour ma part, je n\u2019ai eu aucun doute quant \u00e0 l\u2019orientation de mes \u00e9tudes universitaires et Warocqu\u00e9 \u00e9tait le choix \u00e9viden&hellip;<\/div>\n                <a href=\"#testimonial-modal-30\" class=\"button-secondary open-testimonial scheme-border scheme-color-hover-important\">\n            Poursuivre la lecture <span class=\"icon umons-icon-tail-right\" aria-hidden=\"true\"><\/span>\n        <\/a>\n            <\/div>\n    <div class=\"testimonial-author\">\n                <div class=\"testimonial-picture\">\n            <img decoding=\"async\" src=\"https:\/\/web.umons.ac.be\/app\/uploads\/sites\/9\/2017\/05\/Victorine20Nachtegael20-20guide20\u00e9tudiant1-80x80.png\" alt=\"\" \/>\n        <\/div>\n                <div class=\"testimonial-text\">\n            <div class=\"testimonial-identity\">\n                <span class=\"testimonial-author-name\">Victorine Nachtegael<\/span>\n                            <\/div>\n            <div class=\"testimonial-meta\">\n                                                <span class=\"testimonial-group\">Etudiante du Master Ing\u00e9nieur de Gestion (Bloc 2)<\/span>\n                            <\/div>\n        <\/div>\n    <\/div>\n<\/blockquote>\n<div id=\"testimonial-modal-30\" class=\"testimonial-modal-wrap normal\" style=\"display: none;\">\n    <div class=\"shortcode-testimonial-modal\">\n        <blockquote class=\"shortcode-testimonial\">\n            <div class=\"testimonial-quote editor-front\">\n                                <blockquote class=\"highlighted-quote\">Pour ma part, je n\u2019ai eu aucun doute quant \u00e0 l\u2019orientation de mes \u00e9tudes universitaires et Warocqu\u00e9 \u00e9tait le choix \u00e9vident pour moi<\/blockquote>\n                                                <div class=\"testimonial-full-quote\"><p>Je suis fi\u00e8re de faire partie de la Facult\u00e9 Warocqu\u00e9 d\u2019Economie et de Gestion. Pour ma part, je n\u2019ai eu aucun doute quant \u00e0 l\u2019orientation de mes \u00e9tudes universitaires et Warocqu\u00e9 \u00e9tait le choix \u00e9vident pour moi. Les \u00e9tudes d\u2019\u00e9conomies ouvrent les portes de l\u2019entreprise. Gr\u00e2ce aux cours, sans cesse actualis\u00e9s, on se sent proche de la r\u00e9alit\u00e9 de la vie de tous les secteurs d\u2019activit\u00e9s. Notre point fort est sans nul doute la convivialit\u00e9. Nous sommes comme une grande famille, il est facile d\u2019avoir une relation proche avec les professeurs et nous avons un secr\u00e9tariat toujours \u00e0 notre \u00e9coute. Via les diff\u00e9rentes associations pr\u00e9sentes, beaucoup d\u2019opportunit\u00e9s s\u2019offrent \u00e0 nous que ce soit pendant ou \u00e0 la fin de nos \u00e9tudes.<\/p>\n<\/div>\n                            <\/div>\n            <div class=\"testimonial-author\">\n                                <div class=\"testimonial-picture\">\n                    <img decoding=\"async\" src=\"https:\/\/web.umons.ac.be\/app\/uploads\/sites\/9\/2017\/05\/Victorine20Nachtegael20-20guide20\u00e9tudiant1-80x80.png\" alt=\"\" \/>\n                <\/div>\n                                <div class=\"testimonial-text\">\n                    <div class=\"testimonial-identity\">\n                        <span class=\"testimonial-author-name\">Victorine Nachtegael<\/span>\n                                            <\/div>\n                    <div class=\"testimonial-meta\">\n                                                                        <span class=\"testimonial-group\">(Etudiante du Master Ing\u00e9nieur de Gestion (Bloc 2))<\/span>\n                                            <\/div>\n                <\/div>\n            <\/div>\n        <\/blockquote>\n    <\/div>\n<\/div>\n<end-cask-shortcode-wrapper>\n","protected":false},"excerpt":{"rendered":"<p>La Facult\u00e9 est depuis longtemps sensible \u00e0 offrir la possibilit\u00e9 de reprendre des \u00e9tudes aux adultes d\u00e9j\u00e0 ins\u00e9r\u00e9s professionnellement et\/ou souhaitant se r\u00e9orienter. Ainsi, les formations organis\u00e9es sur le site de Charleroi se d\u00e9roulent \u00e0 horaire d\u00e9cal\u00e9 (en soir\u00e9e et le samedi matin).\u00a0 Selon leur parcours ant\u00e9rieur, les \u00e9tudiants peuvent b\u00e9n\u00e9ficier de programmes personnalis\u00e9s. Une [&hellip;]<\/p>\n","protected":false},"author":2,"featured_media":0,"parent":961,"menu_order":1,"comment_status":"closed","ping_status":"closed","template":"","meta":{"footnotes":""},"class_list":["post-965","page","type-page","status-publish","hentry"],"yoast_head":"<!-- This site is optimized with the Yoast SEO plugin v27.2 - https:\/\/yoast.com\/product\/yoast-seo-wordpress\/ -->\n<title>Master in part-time schedule - Facult\u00e9 \/ FWEG<\/title>\n<meta name=\"robots\" content=\"index, follow, max-snippet:-1, max-image-preview:large, max-video-preview:-1\" \/>\n<link rel=\"canonical\" href=\"https:\/\/web.umons.ac.be\/fweg\/en\/study-programmes\/reprise-detudes\/master-horaire-decale\/\" \/>\n<meta property=\"og:locale\" content=\"fr_FR\" \/>\n<meta property=\"og:type\" content=\"article\" \/>\n<meta property=\"og:title\" content=\"Master in part-time schedule - Facult\u00e9 \/ FWEG\" \/>\n<meta property=\"og:description\" content=\"La Facult\u00e9 est depuis longtemps sensible \u00e0 offrir la possibilit\u00e9 de reprendre des \u00e9tudes aux adultes d\u00e9j\u00e0 ins\u00e9r\u00e9s professionnellement et\/ou souhaitant se r\u00e9orienter. Ainsi, les formations organis\u00e9es sur le site de Charleroi se d\u00e9roulent \u00e0 horaire d\u00e9cal\u00e9 (en soir\u00e9e et le samedi matin).\u00a0 Selon leur parcours ant\u00e9rieur, les \u00e9tudiants peuvent b\u00e9n\u00e9ficier de programmes personnalis\u00e9s. Une [&hellip;]\" \/>\n<meta property=\"og:url\" content=\"https:\/\/web.umons.ac.be\/fweg\/en\/study-programmes\/reprise-detudes\/master-horaire-decale\/\" \/>\n<meta property=\"og:site_name\" content=\"Facult\u00e9 \/ FWEG\" \/>\n<meta property=\"article:modified_time\" content=\"2018-01-31T14:37:56+00:00\" \/>\n<meta name=\"twitter:card\" content=\"summary_large_image\" \/>\n<meta name=\"twitter:label1\" content=\"Dur\u00e9e de lecture estim\u00e9e\" \/>\n\t<meta name=\"twitter:data1\" content=\"1 minute\" \/>\n<script type=\"application\/ld+json\" class=\"yoast-schema-graph\">{\"@context\":\"https:\/\/schema.org\",\"@graph\":[{\"@type\":\"WebPage\",\"@id\":\"https:\/\/web.umons.ac.be\/fweg\/en\/study-programmes\/reprise-detudes\/master-horaire-decale\/\",\"url\":\"https:\/\/web.umons.ac.be\/fweg\/en\/study-programmes\/reprise-detudes\/master-horaire-decale\/\",\"name\":\"Master in part-time schedule - Facult\u00e9 \/ FWEG\",\"isPartOf\":{\"@id\":\"https:\/\/web.umons.ac.be\/fweg\/#website\"},\"datePublished\":\"2018-01-17T16:13:29+00:00\",\"dateModified\":\"2018-01-31T14:37:56+00:00\",\"breadcrumb\":{\"@id\":\"https:\/\/web.umons.ac.be\/fweg\/en\/study-programmes\/reprise-detudes\/master-horaire-decale\/#breadcrumb\"},\"inLanguage\":\"fr-FR\",\"potentialAction\":[{\"@type\":\"ReadAction\",\"target\":[\"https:\/\/web.umons.ac.be\/fweg\/en\/study-programmes\/reprise-detudes\/master-horaire-decale\/\"]}]},{\"@type\":\"BreadcrumbList\",\"@id\":\"https:\/\/web.umons.ac.be\/fweg\/en\/study-programmes\/reprise-detudes\/master-horaire-decale\/#breadcrumb\",\"itemListElement\":[{\"@type\":\"ListItem\",\"position\":1,\"name\":\"Accueil\",\"item\":\"https:\/\/web.umons.ac.be\/fweg\/fr\/\"},{\"@type\":\"ListItem\",\"position\":2,\"name\":\"Study Programmes\",\"item\":\"https:\/\/web.umons.ac.be\/fweg\/en\/study-programmes\/\"},{\"@type\":\"ListItem\",\"position\":3,\"name\":\"Continuing Education\",\"item\":\"https:\/\/web.umons.ac.be\/fweg\/en\/study-programmes\/reprise-detudes\/\"},{\"@type\":\"ListItem\",\"position\":4,\"name\":\"Master in part-time schedule\"}]},{\"@type\":\"WebSite\",\"@id\":\"https:\/\/web.umons.ac.be\/fweg\/#website\",\"url\":\"https:\/\/web.umons.ac.be\/fweg\/\",\"name\":\"Facult\u00e9 \/ FWEG\",\"description\":\"\",\"potentialAction\":[{\"@type\":\"SearchAction\",\"target\":{\"@type\":\"EntryPoint\",\"urlTemplate\":\"https:\/\/web.umons.ac.be\/fweg\/?s={search_term_string}\"},\"query-input\":{\"@type\":\"PropertyValueSpecification\",\"valueRequired\":true,\"valueName\":\"search_term_string\"}}],\"inLanguage\":\"fr-FR\"}]}<\/script>\n<!-- \/ Yoast SEO plugin. -->","yoast_head_json":{"title":"Master in part-time schedule - Facult\u00e9 \/ FWEG","robots":{"index":"index","follow":"follow","max-snippet":"max-snippet:-1","max-image-preview":"max-image-preview:large","max-video-preview":"max-video-preview:-1"},"canonical":"https:\/\/web.umons.ac.be\/fweg\/en\/study-programmes\/reprise-detudes\/master-horaire-decale\/","og_locale":"fr_FR","og_type":"article","og_title":"Master in part-time schedule - Facult\u00e9 \/ FWEG","og_description":"La Facult\u00e9 est depuis longtemps sensible \u00e0 offrir la possibilit\u00e9 de reprendre des \u00e9tudes aux adultes d\u00e9j\u00e0 ins\u00e9r\u00e9s professionnellement et\/ou souhaitant se r\u00e9orienter. Ainsi, les formations organis\u00e9es sur le site de Charleroi se d\u00e9roulent \u00e0 horaire d\u00e9cal\u00e9 (en soir\u00e9e et le samedi matin).\u00a0 Selon leur parcours ant\u00e9rieur, les \u00e9tudiants peuvent b\u00e9n\u00e9ficier de programmes personnalis\u00e9s. Une [&hellip;]","og_url":"https:\/\/web.umons.ac.be\/fweg\/en\/study-programmes\/reprise-detudes\/master-horaire-decale\/","og_site_name":"Facult\u00e9 \/ FWEG","article_modified_time":"2018-01-31T14:37:56+00:00","twitter_card":"summary_large_image","twitter_misc":{"Dur\u00e9e de lecture estim\u00e9e":"1 minute"},"schema":{"@context":"https:\/\/schema.org","@graph":[{"@type":"WebPage","@id":"https:\/\/web.umons.ac.be\/fweg\/en\/study-programmes\/reprise-detudes\/master-horaire-decale\/","url":"https:\/\/web.umons.ac.be\/fweg\/en\/study-programmes\/reprise-detudes\/master-horaire-decale\/","name":"Master in part-time schedule - Facult\u00e9 \/ FWEG","isPartOf":{"@id":"https:\/\/web.umons.ac.be\/fweg\/#website"},"datePublished":"2018-01-17T16:13:29+00:00","dateModified":"2018-01-31T14:37:56+00:00","breadcrumb":{"@id":"https:\/\/web.umons.ac.be\/fweg\/en\/study-programmes\/reprise-detudes\/master-horaire-decale\/#breadcrumb"},"inLanguage":"fr-FR","potentialAction":[{"@type":"ReadAction","target":["https:\/\/web.umons.ac.be\/fweg\/en\/study-programmes\/reprise-detudes\/master-horaire-decale\/"]}]},{"@type":"BreadcrumbList","@id":"https:\/\/web.umons.ac.be\/fweg\/en\/study-programmes\/reprise-detudes\/master-horaire-decale\/#breadcrumb","itemListElement":[{"@type":"ListItem","position":1,"name":"Accueil","item":"https:\/\/web.umons.ac.be\/fweg\/fr\/"},{"@type":"ListItem","position":2,"name":"Study Programmes","item":"https:\/\/web.umons.ac.be\/fweg\/en\/study-programmes\/"},{"@type":"ListItem","position":3,"name":"Continuing Education","item":"https:\/\/web.umons.ac.be\/fweg\/en\/study-programmes\/reprise-detudes\/"},{"@type":"ListItem","position":4,"name":"Master in part-time schedule"}]},{"@type":"WebSite","@id":"https:\/\/web.umons.ac.be\/fweg\/#website","url":"https:\/\/web.umons.ac.be\/fweg\/","name":"Facult\u00e9 \/ FWEG","description":"","potentialAction":[{"@type":"SearchAction","target":{"@type":"EntryPoint","urlTemplate":"https:\/\/web.umons.ac.be\/fweg\/?s={search_term_string}"},"query-input":{"@type":"PropertyValueSpecification","valueRequired":true,"valueName":"search_term_string"}}],"inLanguage":"fr-FR"}]}},"lang":"en","translations":{"en":965,"fr":607},"pll_sync_post":[],"_links":{"self":[{"href":"https:\/\/web.umons.ac.be\/fweg\/wp-json\/wp\/v2\/pages\/965","targetHints":{"allow":["GET"]}}],"collection":[{"href":"https:\/\/web.umons.ac.be\/fweg\/wp-json\/wp\/v2\/pages"}],"about":[{"href":"https:\/\/web.umons.ac.be\/fweg\/wp-json\/wp\/v2\/types\/page"}],"author":[{"embeddable":true,"href":"https:\/\/web.umons.ac.be\/fweg\/wp-json\/wp\/v2\/users\/2"}],"replies":[{"embeddable":true,"href":"https:\/\/web.umons.ac.be\/fweg\/wp-json\/wp\/v2\/comments?post=965"}],"version-history":[{"count":3,"href":"https:\/\/web.umons.ac.be\/fweg\/wp-json\/wp\/v2\/pages\/965\/revisions"}],"predecessor-version":[{"id":1190,"href":"https:\/\/web.umons.ac.be\/fweg\/wp-json\/wp\/v2\/pages\/965\/revisions\/1190"}],"up":[{"embeddable":true,"href":"https:\/\/web.umons.ac.be\/fweg\/wp-json\/wp\/v2\/pages\/961"}],"wp:attachment":[{"href":"https:\/\/web.umons.ac.be\/fweg\/wp-json\/wp\/v2\/media?parent=965"}],"curies":[{"name":"wp","href":"https:\/\/api.w.org\/{rel}","templated":true}]}}