{"id":15,"date":"2021-11-05T14:03:18","date_gmt":"2021-11-05T13:03:18","guid":{"rendered":"https:\/\/web.umons.ac.be\/gcms\/activites-de-recherche\/"},"modified":"2021-11-05T14:15:18","modified_gmt":"2021-11-05T13:15:18","slug":"activites-de-recherche","status":"publish","type":"page","link":"https:\/\/web.umons.ac.be\/gcms\/activites-de-recherche\/","title":{"rendered":"Activit\u00e9s de recherche"},"content":{"rendered":"<p>La recherche au sein du Service de G\u00e9nie Civil et M\u00e9canique et des Structures de la Facult\u00e9 Polytechnique est d\u00e9di\u00e9e \u00e0\u00a0 la conception, le dimensionnement et l\u2019optimisation des structures et ce, pour tous types de mat\u00e9riaux, que ce soient les constructions en b\u00e9ton, en acier, en bois et en ma\u00e7onnerie. Ses activit\u00e9s de recherche s\u2019\u00e9tendent \u00e0 d\u2019autres domaines du g\u00e9nie civil et de la construction, aussi vari\u00e9s que le fire engineering,\u00a0 la sauvegarde du patrimoine, la semi-rigidit\u00e9 des syst\u00e8mes,\u2026<\/p>\n<p>Quelle que soit la diversit\u00e9 de ces probl\u00e8mes, tous sont abord\u00e9s par l&rsquo;interm\u00e9diaire de m\u00e9thodes num\u00e9riques. Parmi celles-ci, la mod\u00e9lisation par \u00e9l\u00e9ments finis figure en bonne place (ABAQUS, SCIA). La recherche de l\u2019optimisation, dans le but de toujours proposer une solution performante, nous am\u00e8ne \u00e0 d\u00e9velopper des algorithmes (Matlab, C++) et \u00e0 les coupler avec les logiciels de mod\u00e9lisation.<\/p>\n<p>La plupart des probl\u00e8mes \u00e9tudi\u00e9s, n\u00e9anmoins, n\u00e9cessitent la r\u00e9alisation de campagnes exp\u00e9rimentales en vue de valider les r\u00e9sultats obtenus par voie num\u00e9rique. Ces tests sont r\u00e9alis\u00e9s au sein m\u00eame du laboratoire dont dispose notre service.<\/p>\n<p>Les quelques exemples de recherche qui suivent illustrent en une liste non exhaustive la diversit\u00e9 des th\u00e8mes abord\u00e9s au sein du Service de G\u00e9nie Civil et M\u00e9canique des Structures. Plusieurs de ces th\u00e9matiques de recherche font en outre l&rsquo;objet de Th\u00e8ses de doctorat ou, dans une moindre \u00e9chelle, de Travaux de Fin d&rsquo;Etudes.<\/p>\n<hr \/>\n<p>Notre service est, par ailleurs rattach\u00e9 \u00e0 un institut de recherche de l\u2019UMONS :<\/p>\n<start-cask-shortcode-wrapper>\t\t<div class=\"associated-institutes content-block scheme-fpms\">\n\t\t\t<ul class=\"institutes-list\">\n\t\t\t\t\t\t\t\t\t\t<li>\n\t\t\t\t\t\t\t<a href=\"https:\/\/web.umons.ac.be\/materiaux\" title=\"Acc\u00e9der au site web de : Institut \/ Mat\u00e9riaux\" class=\"associated-institute\">\n\t\t\t\t\t\t\t\t<img loading=\"lazy\" decoding=\"async\" width=\"1\" height=\"1\" src=\"https:\/\/web.umons.ac.be\/app\/uploads\/sites\/38\/2017\/12\/materiaux_logo_fr.svg\" class=\"attachment-thumbnail size-thumbnail\" alt=\"\" \/>\t\t\t\t\t\t\t<\/a>\t\t\t\n\t\t\t\t\t\t<\/li>\n\t\t\t\t\t\t\t\t\t\t<li>\n\t\t\t\t\t\t\t<a href=\"https:\/\/web.umons.ac.be\/risques\" title=\"Acc\u00e9der au site web de : Institut \/ Risques\" class=\"associated-institute\">\n\t\t\t\t\t\t\t\t<img loading=\"lazy\" decoding=\"async\" width=\"1\" height=\"1\" src=\"https:\/\/web.umons.ac.be\/app\/uploads\/sites\/36\/2017\/12\/risques_logo_fr.svg\" class=\"attachment-thumbnail size-thumbnail\" alt=\"\" \/>\t\t\t\t\t\t\t<\/a>\t\t\t\n\t\t\t\t\t\t<\/li>\n\t\t\t\t\t\t\t<\/ul>\n\t\t<\/div>\n <end-cask-shortcode-wrapper>\n","protected":false},"excerpt":{"rendered":"<p>La recherche au sein du Service de G\u00e9nie Civil et M\u00e9canique et des Structures de la Facult\u00e9 Polytechnique est d\u00e9di\u00e9e \u00e0\u00a0 la conception, le dimensionnement et l\u2019optimisation des structures et ce, pour tous types de mat\u00e9riaux, que ce soient les constructions en b\u00e9ton, en acier, en bois et en ma\u00e7onnerie. Ses activit\u00e9s de recherche s\u2019\u00e9tendent [&hellip;]<\/p>\n","protected":false},"author":4,"featured_media":0,"parent":0,"menu_order":0,"comment_status":"closed","ping_status":"closed","template":"","meta":{"footnotes":""},"class_list":["post-15","page","type-page","status-publish","hentry"],"yoast_head":"<!-- This site is optimized with the Yoast SEO plugin v27.2 - https:\/\/yoast.com\/product\/yoast-seo-wordpress\/ -->\n<title>Activit\u00e9s de recherche - Service \/ FPMS - G\u00e9nie civil et M\u00e9canique des Structures<\/title>\n<meta name=\"robots\" content=\"index, follow, max-snippet:-1, max-image-preview:large, max-video-preview:-1\" \/>\n<link rel=\"canonical\" href=\"https:\/\/web.umons.ac.be\/gcms\/activites-de-recherche\/\" \/>\n<meta property=\"og:locale\" content=\"fr_FR\" \/>\n<meta property=\"og:type\" content=\"article\" \/>\n<meta property=\"og:title\" content=\"Activit\u00e9s de recherche - Service \/ FPMS - G\u00e9nie civil et M\u00e9canique des Structures\" \/>\n<meta property=\"og:description\" content=\"La recherche au sein du Service de G\u00e9nie Civil et M\u00e9canique et des Structures de la Facult\u00e9 Polytechnique est d\u00e9di\u00e9e \u00e0\u00a0 la conception, le dimensionnement et l\u2019optimisation des structures et ce, pour tous types de mat\u00e9riaux, que ce soient les constructions en b\u00e9ton, en acier, en bois et en ma\u00e7onnerie. Ses activit\u00e9s de recherche s\u2019\u00e9tendent [&hellip;]\" \/>\n<meta property=\"og:url\" content=\"https:\/\/web.umons.ac.be\/gcms\/activites-de-recherche\/\" \/>\n<meta property=\"og:site_name\" content=\"Service \/ FPMS - G\u00e9nie civil et M\u00e9canique des Structures\" \/>\n<meta property=\"article:modified_time\" content=\"2021-11-05T13:15:18+00:00\" \/>\n<meta name=\"twitter:card\" content=\"summary_large_image\" \/>\n<meta name=\"twitter:label1\" content=\"Dur\u00e9e de lecture estim\u00e9e\" \/>\n\t<meta name=\"twitter:data1\" content=\"2 minutes\" \/>\n<script type=\"application\/ld+json\" class=\"yoast-schema-graph\">{\"@context\":\"https:\/\/schema.org\",\"@graph\":[{\"@type\":\"WebPage\",\"@id\":\"https:\/\/web.umons.ac.be\/gcms\/activites-de-recherche\/\",\"url\":\"https:\/\/web.umons.ac.be\/gcms\/activites-de-recherche\/\",\"name\":\"Activit\u00e9s de recherche - Service \/ FPMS - G\u00e9nie civil et M\u00e9canique des Structures\",\"isPartOf\":{\"@id\":\"https:\/\/web.umons.ac.be\/gcms\/#website\"},\"datePublished\":\"2021-11-05T13:03:18+00:00\",\"dateModified\":\"2021-11-05T13:15:18+00:00\",\"breadcrumb\":{\"@id\":\"https:\/\/web.umons.ac.be\/gcms\/activites-de-recherche\/#breadcrumb\"},\"inLanguage\":\"fr-FR\",\"potentialAction\":[{\"@type\":\"ReadAction\",\"target\":[\"https:\/\/web.umons.ac.be\/gcms\/activites-de-recherche\/\"]}]},{\"@type\":\"BreadcrumbList\",\"@id\":\"https:\/\/web.umons.ac.be\/gcms\/activites-de-recherche\/#breadcrumb\",\"itemListElement\":[{\"@type\":\"ListItem\",\"position\":1,\"name\":\"Home\",\"item\":\"https:\/\/web.umons.ac.be\/gcms\/\"},{\"@type\":\"ListItem\",\"position\":2,\"name\":\"Activit\u00e9s de recherche\"}]},{\"@type\":\"WebSite\",\"@id\":\"https:\/\/web.umons.ac.be\/gcms\/#website\",\"url\":\"https:\/\/web.umons.ac.be\/gcms\/\",\"name\":\"Service \/ FPMS - G\u00e9nie civil et M\u00e9canique des Structures\",\"description\":\"\",\"potentialAction\":[{\"@type\":\"SearchAction\",\"target\":{\"@type\":\"EntryPoint\",\"urlTemplate\":\"https:\/\/web.umons.ac.be\/gcms\/?s={search_term_string}\"},\"query-input\":{\"@type\":\"PropertyValueSpecification\",\"valueRequired\":true,\"valueName\":\"search_term_string\"}}],\"inLanguage\":\"fr-FR\"}]}<\/script>\n<!-- \/ Yoast SEO plugin. -->","yoast_head_json":{"title":"Activit\u00e9s de recherche - Service \/ FPMS - G\u00e9nie civil et M\u00e9canique des Structures","robots":{"index":"index","follow":"follow","max-snippet":"max-snippet:-1","max-image-preview":"max-image-preview:large","max-video-preview":"max-video-preview:-1"},"canonical":"https:\/\/web.umons.ac.be\/gcms\/activites-de-recherche\/","og_locale":"fr_FR","og_type":"article","og_title":"Activit\u00e9s de recherche - Service \/ FPMS - G\u00e9nie civil et M\u00e9canique des Structures","og_description":"La recherche au sein du Service de G\u00e9nie Civil et M\u00e9canique et des Structures de la Facult\u00e9 Polytechnique est d\u00e9di\u00e9e \u00e0\u00a0 la conception, le dimensionnement et l\u2019optimisation des structures et ce, pour tous types de mat\u00e9riaux, que ce soient les constructions en b\u00e9ton, en acier, en bois et en ma\u00e7onnerie. Ses activit\u00e9s de recherche s\u2019\u00e9tendent [&hellip;]","og_url":"https:\/\/web.umons.ac.be\/gcms\/activites-de-recherche\/","og_site_name":"Service \/ FPMS - G\u00e9nie civil et M\u00e9canique des Structures","article_modified_time":"2021-11-05T13:15:18+00:00","twitter_card":"summary_large_image","twitter_misc":{"Dur\u00e9e de lecture estim\u00e9e":"2 minutes"},"schema":{"@context":"https:\/\/schema.org","@graph":[{"@type":"WebPage","@id":"https:\/\/web.umons.ac.be\/gcms\/activites-de-recherche\/","url":"https:\/\/web.umons.ac.be\/gcms\/activites-de-recherche\/","name":"Activit\u00e9s de recherche - Service \/ FPMS - G\u00e9nie civil et M\u00e9canique des Structures","isPartOf":{"@id":"https:\/\/web.umons.ac.be\/gcms\/#website"},"datePublished":"2021-11-05T13:03:18+00:00","dateModified":"2021-11-05T13:15:18+00:00","breadcrumb":{"@id":"https:\/\/web.umons.ac.be\/gcms\/activites-de-recherche\/#breadcrumb"},"inLanguage":"fr-FR","potentialAction":[{"@type":"ReadAction","target":["https:\/\/web.umons.ac.be\/gcms\/activites-de-recherche\/"]}]},{"@type":"BreadcrumbList","@id":"https:\/\/web.umons.ac.be\/gcms\/activites-de-recherche\/#breadcrumb","itemListElement":[{"@type":"ListItem","position":1,"name":"Home","item":"https:\/\/web.umons.ac.be\/gcms\/"},{"@type":"ListItem","position":2,"name":"Activit\u00e9s de recherche"}]},{"@type":"WebSite","@id":"https:\/\/web.umons.ac.be\/gcms\/#website","url":"https:\/\/web.umons.ac.be\/gcms\/","name":"Service \/ FPMS - G\u00e9nie civil et M\u00e9canique des Structures","description":"","potentialAction":[{"@type":"SearchAction","target":{"@type":"EntryPoint","urlTemplate":"https:\/\/web.umons.ac.be\/gcms\/?s={search_term_string}"},"query-input":{"@type":"PropertyValueSpecification","valueRequired":true,"valueName":"search_term_string"}}],"inLanguage":"fr-FR"}]}},"lang":"fr","translations":{"fr":15,"en":17},"pll_sync_post":[],"_links":{"self":[{"href":"https:\/\/web.umons.ac.be\/gcms\/wp-json\/wp\/v2\/pages\/15","targetHints":{"allow":["GET"]}}],"collection":[{"href":"https:\/\/web.umons.ac.be\/gcms\/wp-json\/wp\/v2\/pages"}],"about":[{"href":"https:\/\/web.umons.ac.be\/gcms\/wp-json\/wp\/v2\/types\/page"}],"author":[{"embeddable":true,"href":"https:\/\/web.umons.ac.be\/gcms\/wp-json\/wp\/v2\/users\/4"}],"replies":[{"embeddable":true,"href":"https:\/\/web.umons.ac.be\/gcms\/wp-json\/wp\/v2\/comments?post=15"}],"version-history":[{"count":1,"href":"https:\/\/web.umons.ac.be\/gcms\/wp-json\/wp\/v2\/pages\/15\/revisions"}],"predecessor-version":[{"id":48,"href":"https:\/\/web.umons.ac.be\/gcms\/wp-json\/wp\/v2\/pages\/15\/revisions\/48"}],"wp:attachment":[{"href":"https:\/\/web.umons.ac.be\/gcms\/wp-json\/wp\/v2\/media?parent=15"}],"curies":[{"name":"wp","href":"https:\/\/api.w.org\/{rel}","templated":true}]}}