{"id":272,"date":"2023-04-11T17:00:22","date_gmt":"2023-04-11T15:00:22","guid":{"rendered":"https:\/\/web.umons.ac.be\/gmec\/?page_id=272"},"modified":"2023-05-06T21:54:50","modified_gmt":"2023-05-06T19:54:50","slug":"chaire-francqui-2022-2023","status":"publish","type":"page","link":"https:\/\/web.umons.ac.be\/gmec\/activites-de-recherche\/chaire-francqui-2022-2023\/","title":{"rendered":"Chaire Francqui 2022-2023"},"content":{"rendered":"<p style=\"font-style: normal; font-variant-ligatures: normal; font-variant-caps: normal; font-weight: 400; font-family: 'Helvetica Neue', Helvetica, Arial, sans-serif; font-size: 14px;\"><img loading=\"lazy\" decoding=\"async\" class=\"wp-image-278 aligncenter\" style=\"font-style: normal; font-variant-ligatures: normal; font-variant-caps: normal; font-weight: 400; font-family: 'Helvetica Neue', Helvetica, Arial, sans-serif; font-size: 14px;\" src=\"https:\/\/web.umons.ac.be\/app\/uploads\/sites\/60\/2023\/04\/LogoFondationFrancqui2-300x300.png\" alt=\"\" width=\"250\" height=\"250\" srcset=\"https:\/\/web.umons.ac.be\/app\/uploads\/sites\/60\/2023\/04\/LogoFondationFrancqui2-300x300.png 300w, https:\/\/web.umons.ac.be\/app\/uploads\/sites\/60\/2023\/04\/LogoFondationFrancqui2-150x150.png 150w, https:\/\/web.umons.ac.be\/app\/uploads\/sites\/60\/2023\/04\/LogoFondationFrancqui2-30x30.png 30w, https:\/\/web.umons.ac.be\/app\/uploads\/sites\/60\/2023\/04\/LogoFondationFrancqui2-80x80.png 80w, https:\/\/web.umons.ac.be\/app\/uploads\/sites\/60\/2023\/04\/LogoFondationFrancqui2-60x60.png 60w, https:\/\/web.umons.ac.be\/app\/uploads\/sites\/60\/2023\/04\/LogoFondationFrancqui2-360x359.png 360w, https:\/\/web.umons.ac.be\/app\/uploads\/sites\/60\/2023\/04\/LogoFondationFrancqui2-200x200.png 200w, https:\/\/web.umons.ac.be\/app\/uploads\/sites\/60\/2023\/04\/LogoFondationFrancqui2.png 400w\" sizes=\"auto, (max-width: 250px) 100vw, 250px\" \/><\/p>\n<p>&nbsp;<\/p>\n<p style=\"text-align: justify;\">La <a href=\"http:\/\/www.francquifoundation.be\/\">Fondation Francqui<\/a> attribue chaque ann\u00e9e une Chaire \u00e0 une personnalit\u00e9 scientifique. Le laur\u00e9at de la <strong>Chaire Francqui 2022-2023 pour l&rsquo;Universit\u00e9 de Mons est le Prof. Pedro J. Arrazola<\/strong> (Mondragon Unibertsitatea, Espagne).<\/p>\n<p><img loading=\"lazy\" decoding=\"async\" class=\" wp-image-280 alignright\" style=\"margin-top: 0px; font-style: normal; font-variant-ligatures: normal; font-variant-caps: normal; font-weight: 400; font-family: 'Helvetica Neue', Helvetica, Arial, sans-serif; font-size: 14px; text-align: right;\" src=\"https:\/\/web.umons.ac.be\/app\/uploads\/sites\/60\/2023\/04\/PedroArrazola.png\" alt=\"\" width=\"132\" height=\"157\" srcset=\"https:\/\/web.umons.ac.be\/app\/uploads\/sites\/60\/2023\/04\/PedroArrazola.png 160w, https:\/\/web.umons.ac.be\/app\/uploads\/sites\/60\/2023\/04\/PedroArrazola-30x36.png 30w, https:\/\/web.umons.ac.be\/app\/uploads\/sites\/60\/2023\/04\/PedroArrazola-50x60.png 50w\" sizes=\"auto, (max-width: 132px) 100vw, 132px\" \/><\/p>\n<p style=\"text-align: justify;\">Pedro-Jose Arrazola est Professeur \u00e0 l\u2019Universit\u00e9 de Mondragon (Espagne) depuis 1990. Il est le directeur du Groupe de Recherche en Usinage Haute Performance (Research Group of High Performance Machining), compos\u00e9 de 26 personnes pour un budget de l\u2019ordre de 900 000\u00a0<span style=\"font-size: 14px; text-align: justify;\">euros. Ses activit\u00e9s portent sur l\u2019\u00e9tude, la compr\u00e9hension et l\u2019optimisation des op\u00e9rations d\u2019usinage de mani\u00e8re exp\u00e9rimentale et num\u00e9rique, principalement pour les m\u00e9taux. Le Prof. Pe<\/span>dro J. Arrazola est \u00ab\u00a0Fellow Member\u00a0\u00bb du prestigieux CIRP (Coll\u00e8ge International pour la Recherche en Productique). Il a \u00e9t\u00e9 secr\u00e9taire du Comit\u00e9 Scientifique Technique pour la coupe (STC-C) de 2018 \u00e0 2022; il en est actuellement vice-pr\u00e9sident. Il est \u00e9galement membre de la Commission de v\u00e9rification des pouvoirs (Credentials Committee) du CIRP depuis 2022.<\/p>\n<p>&nbsp;<\/p>\n<h5>Programme<\/h5>\n<p style=\"text-align: justify;\">Dans le cadre de sa Chaire Francqui, le Prof. Pedro J. Arrazola donnera un ensemble de 5 le\u00e7ons sur le th\u00e8me \u00ab\u00a0<em>Metal machining: how to improve quality and sustainability performance through the use of advanced experimental techniques and predictive modelling<\/em>\u00a0\u00bb (Facult\u00e9 Polytechnique, rue de Houdain 9 \u00e0 Mons):<\/p>\n<ul type=\"square\">\n<li style=\"text-align: justify;\" data-ogsc=\"rgb(31, 73, 125)\"><span lang=\"en-US\">Lundi 8 mai, 17 h 30-19 h (Auditoire 11), le\u00e7on inaugurale: <em>Future of Machining: trends, modelling and impact of near net shape processes such as Additive Manufacturing<\/em><\/span><\/li>\n<li style=\"text-align: justify;\" data-ogsc=\"rgb(31, 73, 125)\"><span lang=\"en-US\">Mardi 9 mai, 8 h-10 h (Auditoire 21): <em>Advanced techniques to study cutting processes: modelling and empirical studies<\/em><\/span><\/li>\n<li style=\"text-align: justify;\" data-ogsc=\"rgb(31, 73, 125)\"><span lang=\"en-US\">Mardi 9 mai, 10 h 30-12 h 30 (Auditoire 21): <em>Digital-Twin of machining processes<\/em><\/span><\/li>\n<li style=\"text-align: justify;\" data-ogsc=\"rgb(31, 73, 125)\"><span lang=\"en-US\">Mardi 9 mai, 13 h 30-15 h 30 (Auditoire 21): <em>Surface Integrity of machined surfaces<\/em><\/span><\/li>\n<li style=\"text-align: justify;\" data-ogsc=\"rgb(31, 73, 125)\"><span lang=\"en-US\">Mardi 9 mai, 16 h-18 h (Auditoire 21): <em>Environmental impact of machining<\/em><\/span><\/li>\n<\/ul>\n<p style=\"text-align: justify;\"><span data-ogsc=\"rgb(31, 73, 125)\">Le promoteur de la Chaire, le Prof. Fran\u00e7ois Ducobu (service de G\u00e9nie M\u00e9canique de la Facult\u00e9 Polytechnique) vous invite cordialement \u00e0 ce cycle de conf\u00e9rences.<\/span><\/p>\n<h5 style=\"text-align: justify;\"><span data-ogsc=\"rgb(31, 73, 125)\">Inscription<\/span><\/h5>\n<p style=\"text-align: justify;\"><span data-ogsc=\"rgb(31, 73, 125)\">L\u2019inscription (par le\u00e7on) est gratuite et souhait\u00e9e pour le 26 avril. Inscription via <a href=\"https:\/\/forms.office.com\/e\/bYnAYh4qdd\">ce lien<\/a>.<br \/>\nLe cycle de conf\u00e9rences peut \u00eatre valoris\u00e9 dans le cadre d&rsquo;une formation doctorale.<\/span><\/p>\n<p style=\"text-align: justify;\"><span data-ogsc=\"rgb(31, 73, 125)\">N\u2019h\u00e9sitez pas \u00e0 contacter le Prof. <a href=\"https:\/\/web.umons.ac.be\/gmec\/equipe\/\">Fran\u00e7ois Ducobu<\/a> si vous souhaitez davantage d\u2019informations.<\/span><\/p>\n","protected":false},"excerpt":{"rendered":"<p>&nbsp; La Fondation Francqui attribue chaque ann\u00e9e une Chaire \u00e0 une personnalit\u00e9 scientifique. Le laur\u00e9at de la Chaire Francqui 2022-2023 pour l&rsquo;Universit\u00e9 de Mons est le Prof. Pedro J. Arrazola (Mondragon Unibertsitatea, Espagne). Pedro-Jose Arrazola est Professeur \u00e0 l\u2019Universit\u00e9 de Mondragon (Espagne) depuis 1990. Il est le directeur du Groupe de Recherche en Usinage Haute [&hellip;]<\/p>\n","protected":false},"author":101,"featured_media":0,"parent":15,"menu_order":0,"comment_status":"closed","ping_status":"closed","template":"page-templates\/masters-bridges.php","meta":{"footnotes":""},"class_list":["post-272","page","type-page","status-publish","hentry"],"yoast_head":"<!-- This site is optimized with the Yoast SEO plugin v27.2 - https:\/\/yoast.com\/product\/yoast-seo-wordpress\/ -->\n<title>Chaire Francqui 2022-2023 - Service \/ FPMS - G\u00e9nie m\u00e9canique<\/title>\n<meta name=\"robots\" content=\"index, follow, max-snippet:-1, max-image-preview:large, max-video-preview:-1\" \/>\n<link rel=\"canonical\" href=\"https:\/\/web.umons.ac.be\/gmec\/activites-de-recherche\/chaire-francqui-2022-2023\/\" \/>\n<meta property=\"og:locale\" content=\"fr_FR\" \/>\n<meta property=\"og:type\" content=\"article\" \/>\n<meta property=\"og:title\" content=\"Chaire Francqui 2022-2023 - Service \/ FPMS - G\u00e9nie m\u00e9canique\" \/>\n<meta property=\"og:description\" content=\"&nbsp; La Fondation Francqui attribue chaque ann\u00e9e une Chaire \u00e0 une personnalit\u00e9 scientifique. Le laur\u00e9at de la Chaire Francqui 2022-2023 pour l&rsquo;Universit\u00e9 de Mons est le Prof. Pedro J. Arrazola (Mondragon Unibertsitatea, Espagne). Pedro-Jose Arrazola est Professeur \u00e0 l\u2019Universit\u00e9 de Mondragon (Espagne) depuis 1990. Il est le directeur du Groupe de Recherche en Usinage Haute [&hellip;]\" \/>\n<meta property=\"og:url\" content=\"https:\/\/web.umons.ac.be\/gmec\/activites-de-recherche\/chaire-francqui-2022-2023\/\" \/>\n<meta property=\"og:site_name\" content=\"Service \/ FPMS - G\u00e9nie m\u00e9canique\" \/>\n<meta property=\"article:modified_time\" content=\"2023-05-06T19:54:50+00:00\" \/>\n<meta property=\"og:image\" content=\"https:\/\/web.umons.ac.be\/app\/uploads\/sites\/60\/2023\/04\/LogoFondationFrancqui2-300x300.png\" \/>\n<meta name=\"twitter:card\" content=\"summary_large_image\" \/>\n<meta name=\"twitter:label1\" content=\"Dur\u00e9e de lecture estim\u00e9e\" \/>\n\t<meta name=\"twitter:data1\" content=\"3 minutes\" \/>\n<script type=\"application\/ld+json\" class=\"yoast-schema-graph\">{\"@context\":\"https:\/\/schema.org\",\"@graph\":[{\"@type\":\"WebPage\",\"@id\":\"https:\/\/web.umons.ac.be\/gmec\/activites-de-recherche\/chaire-francqui-2022-2023\/\",\"url\":\"https:\/\/web.umons.ac.be\/gmec\/activites-de-recherche\/chaire-francqui-2022-2023\/\",\"name\":\"Chaire Francqui 2022-2023 - Service \/ FPMS - G\u00e9nie m\u00e9canique\",\"isPartOf\":{\"@id\":\"https:\/\/web.umons.ac.be\/gmec\/#website\"},\"primaryImageOfPage\":{\"@id\":\"https:\/\/web.umons.ac.be\/gmec\/activites-de-recherche\/chaire-francqui-2022-2023\/#primaryimage\"},\"image\":{\"@id\":\"https:\/\/web.umons.ac.be\/gmec\/activites-de-recherche\/chaire-francqui-2022-2023\/#primaryimage\"},\"thumbnailUrl\":\"https:\/\/web.umons.ac.be\/app\/uploads\/sites\/60\/2023\/04\/LogoFondationFrancqui2-300x300.png\",\"datePublished\":\"2023-04-11T15:00:22+00:00\",\"dateModified\":\"2023-05-06T19:54:50+00:00\",\"breadcrumb\":{\"@id\":\"https:\/\/web.umons.ac.be\/gmec\/activites-de-recherche\/chaire-francqui-2022-2023\/#breadcrumb\"},\"inLanguage\":\"fr-FR\",\"potentialAction\":[{\"@type\":\"ReadAction\",\"target\":[\"https:\/\/web.umons.ac.be\/gmec\/activites-de-recherche\/chaire-francqui-2022-2023\/\"]}]},{\"@type\":\"ImageObject\",\"inLanguage\":\"fr-FR\",\"@id\":\"https:\/\/web.umons.ac.be\/gmec\/activites-de-recherche\/chaire-francqui-2022-2023\/#primaryimage\",\"url\":\"https:\/\/web.umons.ac.be\/app\/uploads\/sites\/60\/2023\/04\/LogoFondationFrancqui2-300x300.png\",\"contentUrl\":\"https:\/\/web.umons.ac.be\/app\/uploads\/sites\/60\/2023\/04\/LogoFondationFrancqui2-300x300.png\"},{\"@type\":\"BreadcrumbList\",\"@id\":\"https:\/\/web.umons.ac.be\/gmec\/activites-de-recherche\/chaire-francqui-2022-2023\/#breadcrumb\",\"itemListElement\":[{\"@type\":\"ListItem\",\"position\":1,\"name\":\"Home\",\"item\":\"https:\/\/web.umons.ac.be\/gmec\/\"},{\"@type\":\"ListItem\",\"position\":2,\"name\":\"Activit\u00e9s de recherche\",\"item\":\"https:\/\/web.umons.ac.be\/gmec\/activites-de-recherche\/\"},{\"@type\":\"ListItem\",\"position\":3,\"name\":\"Chaire Francqui 2022-2023\"}]},{\"@type\":\"WebSite\",\"@id\":\"https:\/\/web.umons.ac.be\/gmec\/#website\",\"url\":\"https:\/\/web.umons.ac.be\/gmec\/\",\"name\":\"Service \/ FPMS - G\u00e9nie m\u00e9canique\",\"description\":\"\",\"potentialAction\":[{\"@type\":\"SearchAction\",\"target\":{\"@type\":\"EntryPoint\",\"urlTemplate\":\"https:\/\/web.umons.ac.be\/gmec\/?s={search_term_string}\"},\"query-input\":{\"@type\":\"PropertyValueSpecification\",\"valueRequired\":true,\"valueName\":\"search_term_string\"}}],\"inLanguage\":\"fr-FR\"}]}<\/script>\n<!-- \/ Yoast SEO plugin. -->","yoast_head_json":{"title":"Chaire Francqui 2022-2023 - Service \/ FPMS - G\u00e9nie m\u00e9canique","robots":{"index":"index","follow":"follow","max-snippet":"max-snippet:-1","max-image-preview":"max-image-preview:large","max-video-preview":"max-video-preview:-1"},"canonical":"https:\/\/web.umons.ac.be\/gmec\/activites-de-recherche\/chaire-francqui-2022-2023\/","og_locale":"fr_FR","og_type":"article","og_title":"Chaire Francqui 2022-2023 - Service \/ FPMS - G\u00e9nie m\u00e9canique","og_description":"&nbsp; La Fondation Francqui attribue chaque ann\u00e9e une Chaire \u00e0 une personnalit\u00e9 scientifique. Le laur\u00e9at de la Chaire Francqui 2022-2023 pour l&rsquo;Universit\u00e9 de Mons est le Prof. Pedro J. Arrazola (Mondragon Unibertsitatea, Espagne). Pedro-Jose Arrazola est Professeur \u00e0 l\u2019Universit\u00e9 de Mondragon (Espagne) depuis 1990. Il est le directeur du Groupe de Recherche en Usinage Haute [&hellip;]","og_url":"https:\/\/web.umons.ac.be\/gmec\/activites-de-recherche\/chaire-francqui-2022-2023\/","og_site_name":"Service \/ FPMS - G\u00e9nie m\u00e9canique","article_modified_time":"2023-05-06T19:54:50+00:00","og_image":[{"url":"https:\/\/web.umons.ac.be\/app\/uploads\/sites\/60\/2023\/04\/LogoFondationFrancqui2-300x300.png","type":"","width":"","height":""}],"twitter_card":"summary_large_image","twitter_misc":{"Dur\u00e9e de lecture estim\u00e9e":"3 minutes"},"schema":{"@context":"https:\/\/schema.org","@graph":[{"@type":"WebPage","@id":"https:\/\/web.umons.ac.be\/gmec\/activites-de-recherche\/chaire-francqui-2022-2023\/","url":"https:\/\/web.umons.ac.be\/gmec\/activites-de-recherche\/chaire-francqui-2022-2023\/","name":"Chaire Francqui 2022-2023 - Service \/ FPMS - G\u00e9nie m\u00e9canique","isPartOf":{"@id":"https:\/\/web.umons.ac.be\/gmec\/#website"},"primaryImageOfPage":{"@id":"https:\/\/web.umons.ac.be\/gmec\/activites-de-recherche\/chaire-francqui-2022-2023\/#primaryimage"},"image":{"@id":"https:\/\/web.umons.ac.be\/gmec\/activites-de-recherche\/chaire-francqui-2022-2023\/#primaryimage"},"thumbnailUrl":"https:\/\/web.umons.ac.be\/app\/uploads\/sites\/60\/2023\/04\/LogoFondationFrancqui2-300x300.png","datePublished":"2023-04-11T15:00:22+00:00","dateModified":"2023-05-06T19:54:50+00:00","breadcrumb":{"@id":"https:\/\/web.umons.ac.be\/gmec\/activites-de-recherche\/chaire-francqui-2022-2023\/#breadcrumb"},"inLanguage":"fr-FR","potentialAction":[{"@type":"ReadAction","target":["https:\/\/web.umons.ac.be\/gmec\/activites-de-recherche\/chaire-francqui-2022-2023\/"]}]},{"@type":"ImageObject","inLanguage":"fr-FR","@id":"https:\/\/web.umons.ac.be\/gmec\/activites-de-recherche\/chaire-francqui-2022-2023\/#primaryimage","url":"https:\/\/web.umons.ac.be\/app\/uploads\/sites\/60\/2023\/04\/LogoFondationFrancqui2-300x300.png","contentUrl":"https:\/\/web.umons.ac.be\/app\/uploads\/sites\/60\/2023\/04\/LogoFondationFrancqui2-300x300.png"},{"@type":"BreadcrumbList","@id":"https:\/\/web.umons.ac.be\/gmec\/activites-de-recherche\/chaire-francqui-2022-2023\/#breadcrumb","itemListElement":[{"@type":"ListItem","position":1,"name":"Home","item":"https:\/\/web.umons.ac.be\/gmec\/"},{"@type":"ListItem","position":2,"name":"Activit\u00e9s de recherche","item":"https:\/\/web.umons.ac.be\/gmec\/activites-de-recherche\/"},{"@type":"ListItem","position":3,"name":"Chaire Francqui 2022-2023"}]},{"@type":"WebSite","@id":"https:\/\/web.umons.ac.be\/gmec\/#website","url":"https:\/\/web.umons.ac.be\/gmec\/","name":"Service \/ FPMS - G\u00e9nie m\u00e9canique","description":"","potentialAction":[{"@type":"SearchAction","target":{"@type":"EntryPoint","urlTemplate":"https:\/\/web.umons.ac.be\/gmec\/?s={search_term_string}"},"query-input":{"@type":"PropertyValueSpecification","valueRequired":true,"valueName":"search_term_string"}}],"inLanguage":"fr-FR"}]}},"lang":"fr","translations":{"fr":272,"en":289},"pll_sync_post":[],"_links":{"self":[{"href":"https:\/\/web.umons.ac.be\/gmec\/wp-json\/wp\/v2\/pages\/272","targetHints":{"allow":["GET"]}}],"collection":[{"href":"https:\/\/web.umons.ac.be\/gmec\/wp-json\/wp\/v2\/pages"}],"about":[{"href":"https:\/\/web.umons.ac.be\/gmec\/wp-json\/wp\/v2\/types\/page"}],"author":[{"embeddable":true,"href":"https:\/\/web.umons.ac.be\/gmec\/wp-json\/wp\/v2\/users\/101"}],"replies":[{"embeddable":true,"href":"https:\/\/web.umons.ac.be\/gmec\/wp-json\/wp\/v2\/comments?post=272"}],"version-history":[{"count":3,"href":"https:\/\/web.umons.ac.be\/gmec\/wp-json\/wp\/v2\/pages\/272\/revisions"}],"predecessor-version":[{"id":329,"href":"https:\/\/web.umons.ac.be\/gmec\/wp-json\/wp\/v2\/pages\/272\/revisions\/329"}],"up":[{"embeddable":true,"href":"https:\/\/web.umons.ac.be\/gmec\/wp-json\/wp\/v2\/pages\/15"}],"wp:attachment":[{"href":"https:\/\/web.umons.ac.be\/gmec\/wp-json\/wp\/v2\/media?parent=272"}],"curies":[{"name":"wp","href":"https:\/\/api.w.org\/{rel}","templated":true}]}}