{"id":56,"date":"2021-10-29T08:13:00","date_gmt":"2021-10-29T06:13:00","guid":{"rendered":"https:\/\/web.umons.ac.be\/gmec\/?page_id=56"},"modified":"2021-10-29T11:05:55","modified_gmt":"2021-10-29T09:05:55","slug":"entreprises","status":"publish","type":"page","link":"https:\/\/web.umons.ac.be\/gmec\/entreprises\/","title":{"rendered":"Entreprises"},"content":{"rendered":"<p>Ce sont les pr\u00e9occupations industrielles qui inspirent et nourrissent nos activit\u00e9s d\u2019enseignement et de recherche, de la d\u00e9finition g\u00e9om\u00e9trique des produits \u00e0 l\u2019organisation de leur ligne de production.<\/p>\n<p>Vous pouvez contribuer au succ\u00e8s de la formation de nos ing\u00e9nieurs civils en proposant sujets de projets, de stages, de travaux de fin d\u2019\u00e9tudes ou de recherche.<\/p>\n<p>Les documents ci-dessous pr\u00e9cisent:<\/p>\n<ul>\n<li>\n<div class=\"file-attachment\"><a href=\"https:\/\/web.umons.ac.be\/app\/uploads\/sites\/60\/2021\/10\/FicheTravauxPersonnelsGM.pdf\">l\u2019offre g\u00e9n\u00e9rale des travaux personnels encadr\u00e9s par les membres du service;<\/a><\/div>\n<\/li>\n<li>\n<div class=\"file-attachment\"><a href=\"https:\/\/web.umons.ac.be\/app\/uploads\/sites\/60\/2021\/10\/FicheProjetCDM.pdf\">les modalit\u00e9s plus pr\u00e9cises d\u2019organsiation des projets de construction des machines.<\/a><\/div>\n<\/li>\n<\/ul>\n","protected":false},"excerpt":{"rendered":"<p>Ce sont les pr\u00e9occupations industrielles qui inspirent et nourrissent nos activit\u00e9s d\u2019enseignement et de recherche, de la d\u00e9finition g\u00e9om\u00e9trique des produits \u00e0 l\u2019organisation de leur ligne de production. Vous pouvez contribuer au succ\u00e8s de la formation de nos ing\u00e9nieurs civils en proposant sujets de projets, de stages, de travaux de fin d\u2019\u00e9tudes ou de recherche. [&hellip;]<\/p>\n","protected":false},"author":2,"featured_media":0,"parent":0,"menu_order":0,"comment_status":"closed","ping_status":"closed","template":"","meta":{"footnotes":""},"class_list":["post-56","page","type-page","status-publish","hentry"],"yoast_head":"<!-- This site is optimized with the Yoast SEO plugin v27.2 - https:\/\/yoast.com\/product\/yoast-seo-wordpress\/ -->\n<title>Entreprises - Service \/ FPMS - G\u00e9nie m\u00e9canique<\/title>\n<meta name=\"robots\" content=\"index, follow, max-snippet:-1, max-image-preview:large, max-video-preview:-1\" \/>\n<link rel=\"canonical\" href=\"https:\/\/web.umons.ac.be\/gmec\/entreprises\/\" \/>\n<meta property=\"og:locale\" content=\"fr_FR\" \/>\n<meta property=\"og:type\" content=\"article\" \/>\n<meta property=\"og:title\" content=\"Entreprises - Service \/ FPMS - G\u00e9nie m\u00e9canique\" \/>\n<meta property=\"og:description\" content=\"Ce sont les pr\u00e9occupations industrielles qui inspirent et nourrissent nos activit\u00e9s d\u2019enseignement et de recherche, de la d\u00e9finition g\u00e9om\u00e9trique des produits \u00e0 l\u2019organisation de leur ligne de production. Vous pouvez contribuer au succ\u00e8s de la formation de nos ing\u00e9nieurs civils en proposant sujets de projets, de stages, de travaux de fin d\u2019\u00e9tudes ou de recherche. [&hellip;]\" \/>\n<meta property=\"og:url\" content=\"https:\/\/web.umons.ac.be\/gmec\/entreprises\/\" \/>\n<meta property=\"og:site_name\" content=\"Service \/ FPMS - G\u00e9nie m\u00e9canique\" \/>\n<meta property=\"article:modified_time\" content=\"2021-10-29T09:05:55+00:00\" \/>\n<meta name=\"twitter:card\" content=\"summary_large_image\" \/>\n<meta name=\"twitter:label1\" content=\"Dur\u00e9e de lecture estim\u00e9e\" \/>\n\t<meta name=\"twitter:data1\" content=\"1 minute\" \/>\n<script type=\"application\/ld+json\" class=\"yoast-schema-graph\">{\"@context\":\"https:\/\/schema.org\",\"@graph\":[{\"@type\":\"WebPage\",\"@id\":\"https:\/\/web.umons.ac.be\/gmec\/entreprises\/\",\"url\":\"https:\/\/web.umons.ac.be\/gmec\/entreprises\/\",\"name\":\"Entreprises - Service \/ FPMS - G\u00e9nie m\u00e9canique\",\"isPartOf\":{\"@id\":\"https:\/\/web.umons.ac.be\/gmec\/#website\"},\"datePublished\":\"2021-10-29T06:13:00+00:00\",\"dateModified\":\"2021-10-29T09:05:55+00:00\",\"breadcrumb\":{\"@id\":\"https:\/\/web.umons.ac.be\/gmec\/entreprises\/#breadcrumb\"},\"inLanguage\":\"fr-FR\",\"potentialAction\":[{\"@type\":\"ReadAction\",\"target\":[\"https:\/\/web.umons.ac.be\/gmec\/entreprises\/\"]}]},{\"@type\":\"BreadcrumbList\",\"@id\":\"https:\/\/web.umons.ac.be\/gmec\/entreprises\/#breadcrumb\",\"itemListElement\":[{\"@type\":\"ListItem\",\"position\":1,\"name\":\"Home\",\"item\":\"https:\/\/web.umons.ac.be\/gmec\/\"},{\"@type\":\"ListItem\",\"position\":2,\"name\":\"Entreprises\"}]},{\"@type\":\"WebSite\",\"@id\":\"https:\/\/web.umons.ac.be\/gmec\/#website\",\"url\":\"https:\/\/web.umons.ac.be\/gmec\/\",\"name\":\"Service \/ FPMS - G\u00e9nie m\u00e9canique\",\"description\":\"\",\"potentialAction\":[{\"@type\":\"SearchAction\",\"target\":{\"@type\":\"EntryPoint\",\"urlTemplate\":\"https:\/\/web.umons.ac.be\/gmec\/?s={search_term_string}\"},\"query-input\":{\"@type\":\"PropertyValueSpecification\",\"valueRequired\":true,\"valueName\":\"search_term_string\"}}],\"inLanguage\":\"fr-FR\"}]}<\/script>\n<!-- \/ Yoast SEO plugin. -->","yoast_head_json":{"title":"Entreprises - Service \/ FPMS - G\u00e9nie m\u00e9canique","robots":{"index":"index","follow":"follow","max-snippet":"max-snippet:-1","max-image-preview":"max-image-preview:large","max-video-preview":"max-video-preview:-1"},"canonical":"https:\/\/web.umons.ac.be\/gmec\/entreprises\/","og_locale":"fr_FR","og_type":"article","og_title":"Entreprises - Service \/ FPMS - G\u00e9nie m\u00e9canique","og_description":"Ce sont les pr\u00e9occupations industrielles qui inspirent et nourrissent nos activit\u00e9s d\u2019enseignement et de recherche, de la d\u00e9finition g\u00e9om\u00e9trique des produits \u00e0 l\u2019organisation de leur ligne de production. Vous pouvez contribuer au succ\u00e8s de la formation de nos ing\u00e9nieurs civils en proposant sujets de projets, de stages, de travaux de fin d\u2019\u00e9tudes ou de recherche. [&hellip;]","og_url":"https:\/\/web.umons.ac.be\/gmec\/entreprises\/","og_site_name":"Service \/ FPMS - G\u00e9nie m\u00e9canique","article_modified_time":"2021-10-29T09:05:55+00:00","twitter_card":"summary_large_image","twitter_misc":{"Dur\u00e9e de lecture estim\u00e9e":"1 minute"},"schema":{"@context":"https:\/\/schema.org","@graph":[{"@type":"WebPage","@id":"https:\/\/web.umons.ac.be\/gmec\/entreprises\/","url":"https:\/\/web.umons.ac.be\/gmec\/entreprises\/","name":"Entreprises - Service \/ FPMS - G\u00e9nie m\u00e9canique","isPartOf":{"@id":"https:\/\/web.umons.ac.be\/gmec\/#website"},"datePublished":"2021-10-29T06:13:00+00:00","dateModified":"2021-10-29T09:05:55+00:00","breadcrumb":{"@id":"https:\/\/web.umons.ac.be\/gmec\/entreprises\/#breadcrumb"},"inLanguage":"fr-FR","potentialAction":[{"@type":"ReadAction","target":["https:\/\/web.umons.ac.be\/gmec\/entreprises\/"]}]},{"@type":"BreadcrumbList","@id":"https:\/\/web.umons.ac.be\/gmec\/entreprises\/#breadcrumb","itemListElement":[{"@type":"ListItem","position":1,"name":"Home","item":"https:\/\/web.umons.ac.be\/gmec\/"},{"@type":"ListItem","position":2,"name":"Entreprises"}]},{"@type":"WebSite","@id":"https:\/\/web.umons.ac.be\/gmec\/#website","url":"https:\/\/web.umons.ac.be\/gmec\/","name":"Service \/ FPMS - G\u00e9nie m\u00e9canique","description":"","potentialAction":[{"@type":"SearchAction","target":{"@type":"EntryPoint","urlTemplate":"https:\/\/web.umons.ac.be\/gmec\/?s={search_term_string}"},"query-input":{"@type":"PropertyValueSpecification","valueRequired":true,"valueName":"search_term_string"}}],"inLanguage":"fr-FR"}]}},"lang":"fr","translations":{"fr":56,"en":61},"pll_sync_post":[],"_links":{"self":[{"href":"https:\/\/web.umons.ac.be\/gmec\/wp-json\/wp\/v2\/pages\/56","targetHints":{"allow":["GET"]}}],"collection":[{"href":"https:\/\/web.umons.ac.be\/gmec\/wp-json\/wp\/v2\/pages"}],"about":[{"href":"https:\/\/web.umons.ac.be\/gmec\/wp-json\/wp\/v2\/types\/page"}],"author":[{"embeddable":true,"href":"https:\/\/web.umons.ac.be\/gmec\/wp-json\/wp\/v2\/users\/2"}],"replies":[{"embeddable":true,"href":"https:\/\/web.umons.ac.be\/gmec\/wp-json\/wp\/v2\/comments?post=56"}],"version-history":[{"count":4,"href":"https:\/\/web.umons.ac.be\/gmec\/wp-json\/wp\/v2\/pages\/56\/revisions"}],"predecessor-version":[{"id":117,"href":"https:\/\/web.umons.ac.be\/gmec\/wp-json\/wp\/v2\/pages\/56\/revisions\/117"}],"wp:attachment":[{"href":"https:\/\/web.umons.ac.be\/gmec\/wp-json\/wp\/v2\/media?parent=56"}],"curies":[{"name":"wp","href":"https:\/\/api.w.org\/{rel}","templated":true}]}}