{"id":82,"date":"2021-10-29T09:10:40","date_gmt":"2021-10-29T07:10:40","guid":{"rendered":"https:\/\/web.umons.ac.be\/gmec\/?page_id=82"},"modified":"2023-11-28T17:53:56","modified_gmt":"2023-11-28T16:53:56","slug":"decoupevinyle1","status":"publish","type":"page","link":"https:\/\/web.umons.ac.be\/gmec\/gmake\/decoupevinyle1\/","title":{"rendered":"GMAKE &#8211; D\u00e9coupeVinyle1"},"content":{"rendered":"<h2>GMAKE &#8211; D\u00e9coupVinyle1<\/h2>\n<h2>D\u00e9coupeuse Vinyle Roland GX-300<\/h2>\n<h3>Disponibilit\u00e9s<\/h3>\n<start-cask-shortcode-wrapper><iframe ><\/iframe><end-cask-shortcode-wrapper>\n<start-cask-shortcode-wrapper>    <div class=\"aggregation-blocks content-block scheme-fpms\">\n        <ul class=\"blocks-list\">\n                        <li>\n                <article class=\"aggregation-block\">\n                    \n                    <h2 class=\"block-title\">\n                                                <a href=\"https:\/\/web.umons.ac.be\/gmec\/gmake\/gmake-reservation-machine\/\" class=\"title-link scheme-color-hover\" title=\"En savoir plus sur : \">\n                                                                                                    <\/a>\n                                            <\/h2>\n\n                    <div class=\"block-content\">\n                                                                            <p>\n                                <a href=\"https:\/\/web.umons.ac.be\/gmec\/gmake\/gmake-reservation-machine\/\" class=\"button button-primary-alt\">\n                                    Je r\u00e9serve !                                    <span class=\"icon umons-icon-chevron-right\" aria-hidden=\"true\"><\/span>\n                                <\/a>\n                            <\/p>\n                                            <\/div>\n                <\/article>\n            <\/li>\n                <\/ul>\n    <\/div>\n<end-cask-shortcode-wrapper>\n<h3><strong>Caract\u00e9ristiques<\/strong><\/h3>\n<figure class=\"wp-block-table\">\n<table>\n<tbody>\n<tr>\n<td>Largeur de travail<\/td>\n<td>de 50 \u00e0 737 mm<\/td>\n<\/tr>\n<tr>\n<td>Vitesse de d\u00e9coupe<\/td>\n<td>10 mm\/s \u00e0 850 mm\/s<\/td>\n<\/tr>\n<tr>\n<td>Effort de d\u00e9coupe<\/td>\n<td>0,2 \u00e0 3,5 N<\/td>\n<\/tr>\n<tr>\n<td>R\u00e9solution<\/td>\n<td>0,0125 mm par pas<\/td>\n<\/tr>\n<tr>\n<td>Erreur de positionnement<\/td>\n<td>+\/- 0,2 %<\/td>\n<\/tr>\n<tr>\n<td>R\u00e9p\u00e9tabilit\u00e9<\/td>\n<td>0,1 mm<\/td>\n<\/tr>\n<\/tbody>\n<\/table>\n<p><a href=\"https:\/\/web.umons.ac.be\/app\/uploads\/sites\/60\/2021\/10\/GMAKE_Roland.jpg\"><img loading=\"lazy\" decoding=\"async\" class=\"aligncenter wp-image-83 size-full\" src=\"https:\/\/web.umons.ac.be\/app\/uploads\/sites\/60\/2021\/10\/GMAKE_Roland.jpg\" alt=\"\" width=\"605\" height=\"604\" srcset=\"https:\/\/web.umons.ac.be\/app\/uploads\/sites\/60\/2021\/10\/GMAKE_Roland.jpg 605w, https:\/\/web.umons.ac.be\/app\/uploads\/sites\/60\/2021\/10\/GMAKE_Roland-300x300.jpg 300w, https:\/\/web.umons.ac.be\/app\/uploads\/sites\/60\/2021\/10\/GMAKE_Roland-150x150.jpg 150w, https:\/\/web.umons.ac.be\/app\/uploads\/sites\/60\/2021\/10\/GMAKE_Roland-30x30.jpg 30w, https:\/\/web.umons.ac.be\/app\/uploads\/sites\/60\/2021\/10\/GMAKE_Roland-80x80.jpg 80w, https:\/\/web.umons.ac.be\/app\/uploads\/sites\/60\/2021\/10\/GMAKE_Roland-60x60.jpg 60w, https:\/\/web.umons.ac.be\/app\/uploads\/sites\/60\/2021\/10\/GMAKE_Roland-360x359.jpg 360w, https:\/\/web.umons.ac.be\/app\/uploads\/sites\/60\/2021\/10\/GMAKE_Roland-400x400.jpg 400w, https:\/\/web.umons.ac.be\/app\/uploads\/sites\/60\/2021\/10\/GMAKE_Roland-200x200.jpg 200w\" sizes=\"auto, (max-width: 605px) 100vw, 605px\" \/><\/a><\/figure>\n","protected":false},"excerpt":{"rendered":"<p>GMAKE &#8211; D\u00e9coupVinyle1 D\u00e9coupeuse Vinyle Roland GX-300 Disponibilit\u00e9s Caract\u00e9ristiques Largeur de travail de 50 \u00e0 737 mm Vitesse de d\u00e9coupe 10 mm\/s \u00e0 850 mm\/s Effort de d\u00e9coupe 0,2 \u00e0 3,5 N R\u00e9solution 0,0125 mm par pas Erreur de positionnement +\/- 0,2 % R\u00e9p\u00e9tabilit\u00e9 0,1 mm<\/p>\n","protected":false},"author":2,"featured_media":0,"parent":69,"menu_order":0,"comment_status":"closed","ping_status":"closed","template":"","meta":{"footnotes":""},"class_list":["post-82","page","type-page","status-publish","hentry"],"yoast_head":"<!-- This site is optimized with the Yoast SEO plugin v27.2 - https:\/\/yoast.com\/product\/yoast-seo-wordpress\/ -->\n<title>GMAKE - D\u00e9coupeVinyle1 - Service \/ FPMS - G\u00e9nie m\u00e9canique<\/title>\n<meta name=\"robots\" content=\"index, follow, max-snippet:-1, max-image-preview:large, max-video-preview:-1\" \/>\n<link rel=\"canonical\" href=\"https:\/\/web.umons.ac.be\/gmec\/gmake\/decoupevinyle1\/\" \/>\n<meta property=\"og:locale\" content=\"fr_FR\" \/>\n<meta property=\"og:type\" content=\"article\" \/>\n<meta property=\"og:title\" content=\"GMAKE - D\u00e9coupeVinyle1 - Service \/ FPMS - G\u00e9nie m\u00e9canique\" \/>\n<meta property=\"og:description\" content=\"GMAKE &#8211; D\u00e9coupVinyle1 D\u00e9coupeuse Vinyle Roland GX-300 Disponibilit\u00e9s Caract\u00e9ristiques Largeur de travail de 50 \u00e0 737 mm Vitesse de d\u00e9coupe 10 mm\/s \u00e0 850 mm\/s Effort de d\u00e9coupe 0,2 \u00e0 3,5 N R\u00e9solution 0,0125 mm par pas Erreur de positionnement +\/- 0,2 % R\u00e9p\u00e9tabilit\u00e9 0,1 mm\" \/>\n<meta property=\"og:url\" content=\"https:\/\/web.umons.ac.be\/gmec\/gmake\/decoupevinyle1\/\" \/>\n<meta property=\"og:site_name\" content=\"Service \/ FPMS - G\u00e9nie m\u00e9canique\" \/>\n<meta property=\"article:modified_time\" content=\"2023-11-28T16:53:56+00:00\" \/>\n<meta property=\"og:image\" content=\"https:\/\/web.umons.ac.be\/app\/uploads\/sites\/60\/2021\/10\/GMAKE_Roland.jpg\" \/>\n<meta name=\"twitter:card\" content=\"summary_large_image\" \/>\n<meta name=\"twitter:label1\" content=\"Dur\u00e9e de lecture estim\u00e9e\" \/>\n\t<meta name=\"twitter:data1\" content=\"1 minute\" \/>\n<script type=\"application\/ld+json\" class=\"yoast-schema-graph\">{\"@context\":\"https:\/\/schema.org\",\"@graph\":[{\"@type\":\"WebPage\",\"@id\":\"https:\/\/web.umons.ac.be\/gmec\/gmake\/decoupevinyle1\/\",\"url\":\"https:\/\/web.umons.ac.be\/gmec\/gmake\/decoupevinyle1\/\",\"name\":\"GMAKE - D\u00e9coupeVinyle1 - Service \/ FPMS - G\u00e9nie m\u00e9canique\",\"isPartOf\":{\"@id\":\"https:\/\/web.umons.ac.be\/gmec\/#website\"},\"primaryImageOfPage\":{\"@id\":\"https:\/\/web.umons.ac.be\/gmec\/gmake\/decoupevinyle1\/#primaryimage\"},\"image\":{\"@id\":\"https:\/\/web.umons.ac.be\/gmec\/gmake\/decoupevinyle1\/#primaryimage\"},\"thumbnailUrl\":\"https:\/\/web.umons.ac.be\/app\/uploads\/sites\/60\/2021\/10\/GMAKE_Roland.jpg\",\"datePublished\":\"2021-10-29T07:10:40+00:00\",\"dateModified\":\"2023-11-28T16:53:56+00:00\",\"breadcrumb\":{\"@id\":\"https:\/\/web.umons.ac.be\/gmec\/gmake\/decoupevinyle1\/#breadcrumb\"},\"inLanguage\":\"fr-FR\",\"potentialAction\":[{\"@type\":\"ReadAction\",\"target\":[\"https:\/\/web.umons.ac.be\/gmec\/gmake\/decoupevinyle1\/\"]}]},{\"@type\":\"ImageObject\",\"inLanguage\":\"fr-FR\",\"@id\":\"https:\/\/web.umons.ac.be\/gmec\/gmake\/decoupevinyle1\/#primaryimage\",\"url\":\"https:\/\/web.umons.ac.be\/app\/uploads\/sites\/60\/2021\/10\/GMAKE_Roland.jpg\",\"contentUrl\":\"https:\/\/web.umons.ac.be\/app\/uploads\/sites\/60\/2021\/10\/GMAKE_Roland.jpg\"},{\"@type\":\"BreadcrumbList\",\"@id\":\"https:\/\/web.umons.ac.be\/gmec\/gmake\/decoupevinyle1\/#breadcrumb\",\"itemListElement\":[{\"@type\":\"ListItem\",\"position\":1,\"name\":\"Home\",\"item\":\"https:\/\/web.umons.ac.be\/gmec\/\"},{\"@type\":\"ListItem\",\"position\":2,\"name\":\"GMAKE\",\"item\":\"https:\/\/web.umons.ac.be\/gmec\/gmake\/\"},{\"@type\":\"ListItem\",\"position\":3,\"name\":\"GMAKE &#8211; D\u00e9coupeVinyle1\"}]},{\"@type\":\"WebSite\",\"@id\":\"https:\/\/web.umons.ac.be\/gmec\/#website\",\"url\":\"https:\/\/web.umons.ac.be\/gmec\/\",\"name\":\"Service \/ FPMS - G\u00e9nie m\u00e9canique\",\"description\":\"\",\"potentialAction\":[{\"@type\":\"SearchAction\",\"target\":{\"@type\":\"EntryPoint\",\"urlTemplate\":\"https:\/\/web.umons.ac.be\/gmec\/?s={search_term_string}\"},\"query-input\":{\"@type\":\"PropertyValueSpecification\",\"valueRequired\":true,\"valueName\":\"search_term_string\"}}],\"inLanguage\":\"fr-FR\"}]}<\/script>\n<!-- \/ Yoast SEO plugin. -->","yoast_head_json":{"title":"GMAKE - D\u00e9coupeVinyle1 - Service \/ FPMS - G\u00e9nie m\u00e9canique","robots":{"index":"index","follow":"follow","max-snippet":"max-snippet:-1","max-image-preview":"max-image-preview:large","max-video-preview":"max-video-preview:-1"},"canonical":"https:\/\/web.umons.ac.be\/gmec\/gmake\/decoupevinyle1\/","og_locale":"fr_FR","og_type":"article","og_title":"GMAKE - D\u00e9coupeVinyle1 - Service \/ FPMS - G\u00e9nie m\u00e9canique","og_description":"GMAKE &#8211; D\u00e9coupVinyle1 D\u00e9coupeuse Vinyle Roland GX-300 Disponibilit\u00e9s Caract\u00e9ristiques Largeur de travail de 50 \u00e0 737 mm Vitesse de d\u00e9coupe 10 mm\/s \u00e0 850 mm\/s Effort de d\u00e9coupe 0,2 \u00e0 3,5 N R\u00e9solution 0,0125 mm par pas Erreur de positionnement +\/- 0,2 % R\u00e9p\u00e9tabilit\u00e9 0,1 mm","og_url":"https:\/\/web.umons.ac.be\/gmec\/gmake\/decoupevinyle1\/","og_site_name":"Service \/ FPMS - G\u00e9nie m\u00e9canique","article_modified_time":"2023-11-28T16:53:56+00:00","og_image":[{"url":"https:\/\/web.umons.ac.be\/app\/uploads\/sites\/60\/2021\/10\/GMAKE_Roland.jpg","type":"","width":"","height":""}],"twitter_card":"summary_large_image","twitter_misc":{"Dur\u00e9e de lecture estim\u00e9e":"1 minute"},"schema":{"@context":"https:\/\/schema.org","@graph":[{"@type":"WebPage","@id":"https:\/\/web.umons.ac.be\/gmec\/gmake\/decoupevinyle1\/","url":"https:\/\/web.umons.ac.be\/gmec\/gmake\/decoupevinyle1\/","name":"GMAKE - D\u00e9coupeVinyle1 - Service \/ FPMS - G\u00e9nie m\u00e9canique","isPartOf":{"@id":"https:\/\/web.umons.ac.be\/gmec\/#website"},"primaryImageOfPage":{"@id":"https:\/\/web.umons.ac.be\/gmec\/gmake\/decoupevinyle1\/#primaryimage"},"image":{"@id":"https:\/\/web.umons.ac.be\/gmec\/gmake\/decoupevinyle1\/#primaryimage"},"thumbnailUrl":"https:\/\/web.umons.ac.be\/app\/uploads\/sites\/60\/2021\/10\/GMAKE_Roland.jpg","datePublished":"2021-10-29T07:10:40+00:00","dateModified":"2023-11-28T16:53:56+00:00","breadcrumb":{"@id":"https:\/\/web.umons.ac.be\/gmec\/gmake\/decoupevinyle1\/#breadcrumb"},"inLanguage":"fr-FR","potentialAction":[{"@type":"ReadAction","target":["https:\/\/web.umons.ac.be\/gmec\/gmake\/decoupevinyle1\/"]}]},{"@type":"ImageObject","inLanguage":"fr-FR","@id":"https:\/\/web.umons.ac.be\/gmec\/gmake\/decoupevinyle1\/#primaryimage","url":"https:\/\/web.umons.ac.be\/app\/uploads\/sites\/60\/2021\/10\/GMAKE_Roland.jpg","contentUrl":"https:\/\/web.umons.ac.be\/app\/uploads\/sites\/60\/2021\/10\/GMAKE_Roland.jpg"},{"@type":"BreadcrumbList","@id":"https:\/\/web.umons.ac.be\/gmec\/gmake\/decoupevinyle1\/#breadcrumb","itemListElement":[{"@type":"ListItem","position":1,"name":"Home","item":"https:\/\/web.umons.ac.be\/gmec\/"},{"@type":"ListItem","position":2,"name":"GMAKE","item":"https:\/\/web.umons.ac.be\/gmec\/gmake\/"},{"@type":"ListItem","position":3,"name":"GMAKE &#8211; D\u00e9coupeVinyle1"}]},{"@type":"WebSite","@id":"https:\/\/web.umons.ac.be\/gmec\/#website","url":"https:\/\/web.umons.ac.be\/gmec\/","name":"Service \/ FPMS - G\u00e9nie m\u00e9canique","description":"","potentialAction":[{"@type":"SearchAction","target":{"@type":"EntryPoint","urlTemplate":"https:\/\/web.umons.ac.be\/gmec\/?s={search_term_string}"},"query-input":{"@type":"PropertyValueSpecification","valueRequired":true,"valueName":"search_term_string"}}],"inLanguage":"fr-FR"}]}},"lang":"fr","translations":{"fr":82},"pll_sync_post":[],"_links":{"self":[{"href":"https:\/\/web.umons.ac.be\/gmec\/wp-json\/wp\/v2\/pages\/82","targetHints":{"allow":["GET"]}}],"collection":[{"href":"https:\/\/web.umons.ac.be\/gmec\/wp-json\/wp\/v2\/pages"}],"about":[{"href":"https:\/\/web.umons.ac.be\/gmec\/wp-json\/wp\/v2\/types\/page"}],"author":[{"embeddable":true,"href":"https:\/\/web.umons.ac.be\/gmec\/wp-json\/wp\/v2\/users\/2"}],"replies":[{"embeddable":true,"href":"https:\/\/web.umons.ac.be\/gmec\/wp-json\/wp\/v2\/comments?post=82"}],"version-history":[{"count":2,"href":"https:\/\/web.umons.ac.be\/gmec\/wp-json\/wp\/v2\/pages\/82\/revisions"}],"predecessor-version":[{"id":368,"href":"https:\/\/web.umons.ac.be\/gmec\/wp-json\/wp\/v2\/pages\/82\/revisions\/368"}],"up":[{"embeddable":true,"href":"https:\/\/web.umons.ac.be\/gmec\/wp-json\/wp\/v2\/pages\/69"}],"wp:attachment":[{"href":"https:\/\/web.umons.ac.be\/gmec\/wp-json\/wp\/v2\/media?parent=82"}],"curies":[{"name":"wp","href":"https:\/\/api.w.org\/{rel}","templated":true}]}}