{"id":15,"date":"2021-11-05T14:24:44","date_gmt":"2021-11-05T13:24:44","guid":{"rendered":"https:\/\/web.umons.ac.be\/ilia\/activites-de-recherche\/"},"modified":"2021-11-05T14:44:38","modified_gmt":"2021-11-05T13:44:38","slug":"activites-de-recherche","status":"publish","type":"page","link":"https:\/\/web.umons.ac.be\/ilia\/activites-de-recherche\/","title":{"rendered":"Activit\u00e9s de recherche"},"content":{"rendered":"<p>Le service ILIA poss\u00e8de une expertise dans diff\u00e9rents domaines li\u00e9es \u00e0 la collecte, l\u2019analyse et le traitement des donn\u00e9es multim\u00e9dia. Les activit\u00e9s de recherche du service couvrent notamment les probl\u00e9matiques du traitement parall\u00e8le et distribu\u00e9, et celles du d\u00e9veloppement et de l\u2019optimisation des mod\u00e8les d\u2019apprentissage machine (Machine &amp; Deep Learning) pour r\u00e9soudre diff\u00e9rents probl\u00e8mes de vision par ordinateur, analyse d\u2019images et notamment dans le domaine m\u00e9dical ainsi que la d\u00e9tection et pr\u00e9diction de pannes m\u00e9caniques, de d\u00e9fauts, etc dans le domaine d\u2019industrie 4.0.\u00a0 Le service ILIA travaille \u00e9galement sur le d\u00e9ploiement de mod\u00e8les d\u2019intelligence artificielle sur ressources cloud ou embarqu\u00e9es \u00ab Edge \u00bb. D\u2019un autre c\u00f4t\u00e9 le service ILIA participe \u00e0 diff\u00e9rents projets :<\/p>\n<ul>\n<li>Projet RW \u00ab Comp4++ \u00bb : Pole Skywin (2021-2025) : IA explicable pour le diagnostic de production en industrie 4.0<\/li>\n<li>Projet Logistics in Walonia \u00ab e-Origin \u00bb (2021-2023), financ\u00e9 par la RW pour la d\u00e9tection et la pr\u00e9diction de d\u00e9clarations douani\u00e8res frauduleuses. Projet en collaboration avec l\u2019a\u00e9roport de Li\u00e8ge.<\/li>\n<li>Projet de prestation de service pour la firme Infrabel \u201cProject Field Worker Protection with AI\u201d (2020-2022)<\/li>\n<li>Projet WalleSmart : financ\u00e9 par la RW (2018-2021), Plateforme Cloud d\u2019agr\u00e9gation de donn\u00e9es et d\u2019applications pour le domaine de l\u2019\u00e9levage laitier.<\/li>\n<li>Projet Road-Step : financ\u00e9 par la RW (2018-2021) Monitoring temps r\u00e9el du bien-\u00eatre animal (Edge\/IA, IoT).<\/li>\n<li>Projet FEDER-IDEES \u00ab Fondation Technologiques \u00bb (2014-2021) : PROGRAMME OPERATIONNEL FEDER WALLONIE-2020.EU<\/li>\n<\/ul>\n<hr \/>\n<p>Notre service est, par ailleurs rattach\u00e9 \u00e0 un institut de recherche de l\u2019UMONS :<\/p>\n<start-cask-shortcode-wrapper>\t\t<div class=\"associated-institutes content-block scheme-fpms\">\n\t\t\t<ul class=\"institutes-list\">\n\t\t\t\t\t\t\t\t\t\t<li>\n\t\t\t\t\t\t\t<a href=\"https:\/\/web.umons.ac.be\/infortech\" title=\"Acc\u00e9der au site web de : Institut \/ Infortech\" class=\"associated-institute\">\n\t\t\t\t\t\t\t\t<img loading=\"lazy\" decoding=\"async\" width=\"1\" height=\"1\" src=\"https:\/\/web.umons.ac.be\/app\/uploads\/sites\/34\/2017\/12\/infortech_logo_fr.svg\" class=\"attachment-thumbnail size-thumbnail\" alt=\"\" \/>\t\t\t\t\t\t\t<\/a>\t\t\t\n\t\t\t\t\t\t<\/li>\n\t\t\t\t\t\t\t\t\t\t<li>\n\t\t\t\t\t\t\t<a href=\"https:\/\/web.umons.ac.be\/numediart\" title=\"Acc\u00e9der au site web de : Institut \/ Num\u00e9diart\" class=\"associated-institute\">\n\t\t\t\t\t\t\t\t<img loading=\"lazy\" decoding=\"async\" width=\"1\" height=\"1\" src=\"https:\/\/web.umons.ac.be\/app\/uploads\/sites\/37\/2017\/12\/numediart_logo_fr.svg\" class=\"attachment-thumbnail size-thumbnail\" alt=\"\" \/>\t\t\t\t\t\t\t<\/a>\t\t\t\n\t\t\t\t\t\t<\/li>\n\t\t\t\t\t\t\t<\/ul>\n\t\t<\/div>\n <end-cask-shortcode-wrapper>\n","protected":false},"excerpt":{"rendered":"<p>Le service ILIA poss\u00e8de une expertise dans diff\u00e9rents domaines li\u00e9es \u00e0 la collecte, l\u2019analyse et le traitement des donn\u00e9es multim\u00e9dia. Les activit\u00e9s de recherche du service couvrent notamment les probl\u00e9matiques du traitement parall\u00e8le et distribu\u00e9, et celles du d\u00e9veloppement et de l\u2019optimisation des mod\u00e8les d\u2019apprentissage machine (Machine &amp; Deep Learning) pour r\u00e9soudre diff\u00e9rents probl\u00e8mes de [&hellip;]<\/p>\n","protected":false},"author":4,"featured_media":0,"parent":0,"menu_order":0,"comment_status":"closed","ping_status":"closed","template":"","meta":{"footnotes":""},"class_list":["post-15","page","type-page","status-publish","hentry"],"yoast_head":"<!-- This site is optimized with the Yoast SEO plugin v27.2 - https:\/\/yoast.com\/product\/yoast-seo-wordpress\/ -->\n<title>Activit\u00e9s de recherche - Service \/ FPMS - Informatique, Logiciel et Intelligence artificielle<\/title>\n<meta name=\"robots\" content=\"index, follow, max-snippet:-1, max-image-preview:large, max-video-preview:-1\" \/>\n<link rel=\"canonical\" href=\"https:\/\/web.umons.ac.be\/ilia\/activites-de-recherche\/\" \/>\n<meta property=\"og:locale\" content=\"fr_FR\" \/>\n<meta property=\"og:type\" content=\"article\" \/>\n<meta property=\"og:title\" content=\"Activit\u00e9s de recherche - Service \/ FPMS - Informatique, Logiciel et Intelligence artificielle\" \/>\n<meta property=\"og:description\" content=\"Le service ILIA poss\u00e8de une expertise dans diff\u00e9rents domaines li\u00e9es \u00e0 la collecte, l\u2019analyse et le traitement des donn\u00e9es multim\u00e9dia. Les activit\u00e9s de recherche du service couvrent notamment les probl\u00e9matiques du traitement parall\u00e8le et distribu\u00e9, et celles du d\u00e9veloppement et de l\u2019optimisation des mod\u00e8les d\u2019apprentissage machine (Machine &amp; Deep Learning) pour r\u00e9soudre diff\u00e9rents probl\u00e8mes de [&hellip;]\" \/>\n<meta property=\"og:url\" content=\"https:\/\/web.umons.ac.be\/ilia\/activites-de-recherche\/\" \/>\n<meta property=\"og:site_name\" content=\"Service \/ FPMS - Informatique, Logiciel et Intelligence artificielle\" \/>\n<meta property=\"article:modified_time\" content=\"2021-11-05T13:44:38+00:00\" \/>\n<meta name=\"twitter:card\" content=\"summary_large_image\" \/>\n<meta name=\"twitter:label1\" content=\"Dur\u00e9e de lecture estim\u00e9e\" \/>\n\t<meta name=\"twitter:data1\" content=\"2 minutes\" \/>\n<script type=\"application\/ld+json\" class=\"yoast-schema-graph\">{\"@context\":\"https:\/\/schema.org\",\"@graph\":[{\"@type\":\"WebPage\",\"@id\":\"https:\/\/web.umons.ac.be\/ilia\/activites-de-recherche\/\",\"url\":\"https:\/\/web.umons.ac.be\/ilia\/activites-de-recherche\/\",\"name\":\"Activit\u00e9s de recherche - Service \/ FPMS - Informatique, Logiciel et Intelligence artificielle\",\"isPartOf\":{\"@id\":\"https:\/\/web.umons.ac.be\/ilia\/#website\"},\"datePublished\":\"2021-11-05T13:24:44+00:00\",\"dateModified\":\"2021-11-05T13:44:38+00:00\",\"breadcrumb\":{\"@id\":\"https:\/\/web.umons.ac.be\/ilia\/activites-de-recherche\/#breadcrumb\"},\"inLanguage\":\"fr-FR\",\"potentialAction\":[{\"@type\":\"ReadAction\",\"target\":[\"https:\/\/web.umons.ac.be\/ilia\/activites-de-recherche\/\"]}]},{\"@type\":\"BreadcrumbList\",\"@id\":\"https:\/\/web.umons.ac.be\/ilia\/activites-de-recherche\/#breadcrumb\",\"itemListElement\":[{\"@type\":\"ListItem\",\"position\":1,\"name\":\"Home\",\"item\":\"https:\/\/web.umons.ac.be\/ilia\/\"},{\"@type\":\"ListItem\",\"position\":2,\"name\":\"Activit\u00e9s de recherche\"}]},{\"@type\":\"WebSite\",\"@id\":\"https:\/\/web.umons.ac.be\/ilia\/#website\",\"url\":\"https:\/\/web.umons.ac.be\/ilia\/\",\"name\":\"Service \/ FPMS - Informatique, Logiciel et Intelligence artificielle\",\"description\":\"\",\"potentialAction\":[{\"@type\":\"SearchAction\",\"target\":{\"@type\":\"EntryPoint\",\"urlTemplate\":\"https:\/\/web.umons.ac.be\/ilia\/?s={search_term_string}\"},\"query-input\":{\"@type\":\"PropertyValueSpecification\",\"valueRequired\":true,\"valueName\":\"search_term_string\"}}],\"inLanguage\":\"fr-FR\"}]}<\/script>\n<!-- \/ Yoast SEO plugin. -->","yoast_head_json":{"title":"Activit\u00e9s de recherche - Service \/ FPMS - Informatique, Logiciel et Intelligence artificielle","robots":{"index":"index","follow":"follow","max-snippet":"max-snippet:-1","max-image-preview":"max-image-preview:large","max-video-preview":"max-video-preview:-1"},"canonical":"https:\/\/web.umons.ac.be\/ilia\/activites-de-recherche\/","og_locale":"fr_FR","og_type":"article","og_title":"Activit\u00e9s de recherche - Service \/ FPMS - Informatique, Logiciel et Intelligence artificielle","og_description":"Le service ILIA poss\u00e8de une expertise dans diff\u00e9rents domaines li\u00e9es \u00e0 la collecte, l\u2019analyse et le traitement des donn\u00e9es multim\u00e9dia. Les activit\u00e9s de recherche du service couvrent notamment les probl\u00e9matiques du traitement parall\u00e8le et distribu\u00e9, et celles du d\u00e9veloppement et de l\u2019optimisation des mod\u00e8les d\u2019apprentissage machine (Machine &amp; Deep Learning) pour r\u00e9soudre diff\u00e9rents probl\u00e8mes de [&hellip;]","og_url":"https:\/\/web.umons.ac.be\/ilia\/activites-de-recherche\/","og_site_name":"Service \/ FPMS - Informatique, Logiciel et Intelligence artificielle","article_modified_time":"2021-11-05T13:44:38+00:00","twitter_card":"summary_large_image","twitter_misc":{"Dur\u00e9e de lecture estim\u00e9e":"2 minutes"},"schema":{"@context":"https:\/\/schema.org","@graph":[{"@type":"WebPage","@id":"https:\/\/web.umons.ac.be\/ilia\/activites-de-recherche\/","url":"https:\/\/web.umons.ac.be\/ilia\/activites-de-recherche\/","name":"Activit\u00e9s de recherche - Service \/ FPMS - Informatique, Logiciel et Intelligence artificielle","isPartOf":{"@id":"https:\/\/web.umons.ac.be\/ilia\/#website"},"datePublished":"2021-11-05T13:24:44+00:00","dateModified":"2021-11-05T13:44:38+00:00","breadcrumb":{"@id":"https:\/\/web.umons.ac.be\/ilia\/activites-de-recherche\/#breadcrumb"},"inLanguage":"fr-FR","potentialAction":[{"@type":"ReadAction","target":["https:\/\/web.umons.ac.be\/ilia\/activites-de-recherche\/"]}]},{"@type":"BreadcrumbList","@id":"https:\/\/web.umons.ac.be\/ilia\/activites-de-recherche\/#breadcrumb","itemListElement":[{"@type":"ListItem","position":1,"name":"Home","item":"https:\/\/web.umons.ac.be\/ilia\/"},{"@type":"ListItem","position":2,"name":"Activit\u00e9s de recherche"}]},{"@type":"WebSite","@id":"https:\/\/web.umons.ac.be\/ilia\/#website","url":"https:\/\/web.umons.ac.be\/ilia\/","name":"Service \/ FPMS - Informatique, Logiciel et Intelligence artificielle","description":"","potentialAction":[{"@type":"SearchAction","target":{"@type":"EntryPoint","urlTemplate":"https:\/\/web.umons.ac.be\/ilia\/?s={search_term_string}"},"query-input":{"@type":"PropertyValueSpecification","valueRequired":true,"valueName":"search_term_string"}}],"inLanguage":"fr-FR"}]}},"lang":"fr","translations":{"fr":15,"en":17},"pll_sync_post":[],"_links":{"self":[{"href":"https:\/\/web.umons.ac.be\/ilia\/wp-json\/wp\/v2\/pages\/15","targetHints":{"allow":["GET"]}}],"collection":[{"href":"https:\/\/web.umons.ac.be\/ilia\/wp-json\/wp\/v2\/pages"}],"about":[{"href":"https:\/\/web.umons.ac.be\/ilia\/wp-json\/wp\/v2\/types\/page"}],"author":[{"embeddable":true,"href":"https:\/\/web.umons.ac.be\/ilia\/wp-json\/wp\/v2\/users\/4"}],"replies":[{"embeddable":true,"href":"https:\/\/web.umons.ac.be\/ilia\/wp-json\/wp\/v2\/comments?post=15"}],"version-history":[{"count":1,"href":"https:\/\/web.umons.ac.be\/ilia\/wp-json\/wp\/v2\/pages\/15\/revisions"}],"predecessor-version":[{"id":48,"href":"https:\/\/web.umons.ac.be\/ilia\/wp-json\/wp\/v2\/pages\/15\/revisions\/48"}],"wp:attachment":[{"href":"https:\/\/web.umons.ac.be\/ilia\/wp-json\/wp\/v2\/media?parent=15"}],"curies":[{"name":"wp","href":"https:\/\/api.w.org\/{rel}","templated":true}]}}