{"id":165,"date":"2017-11-07T15:29:02","date_gmt":"2017-11-07T14:29:02","guid":{"rendered":"https:\/\/web.umons.ac.be\/infortech\/?page_id=165"},"modified":"2017-11-07T15:29:03","modified_gmt":"2017-11-07T14:29:03","slug":"nos-spin-offs-en-creation","status":"publish","type":"page","link":"https:\/\/web.umons.ac.be\/infortech\/fr\/nos-spin-offs-en-creation\/","title":{"rendered":"Nos SPIN-OFFS en cr\u00e9ation"},"content":{"rendered":"<h2>Cleo (RW \/ First Spin-Off)<\/h2>\n<p>Le projet vise la mise au point d\u2019une m\u00e9thode permettant de\u00a0reconstruire en trois dimensions la structure interne d\u2019un os\u00a0\u00e0 partir de simples radiographies. Un logiciel est en cours de\u00a0d\u00e9veloppement et permettra au m\u00e9decin de mesurer facilement,\u00a0sans recourir au scanner (Ct-Scan), des indices cliniques (tels que\u00a0la densit\u00e9 et la microarchitecture de l\u2019os) importants dans le\u00a0diagnostic, le suivi et le traitement de nombreuses pathologies\u00a0osseuses (ost\u00e9oporose, etc.).<\/p>\n<h2>\nRGPU (RW \/ First Spin-Off)<\/h2>\n<p>Les processeurs GPU (Graphics Processing Unit) sont de plus\u00a0en plus utilis\u00e9s pour acc\u00e9l\u00e9rer les programmes n\u00e9cessitant une\u00a0puissance de calcul consid\u00e9rable. Ces GPUs sont install\u00e9s soit sur\u00a0une station de travail, soit sur un serveur informatique, soit sur\u00a0un cloud. Chacune de ces trois solutions a des avantages et des\u00a0inconv\u00e9nients. L\u2019objectif de ce projet est donc de d\u00e9velopper un\u00a0logiciel, appel\u00e9 rGPU (Remote GPU), permettant \u00e0 une entreprise\u00a0ou un cloud de rendre le partage d\u2019un GPU aussi pratique qu\u2019un\u00a0GPU d\u2019une station de travail, tout en r\u00e9duisant son co\u00fbt d\u2019utilisation.<\/p>\n","protected":false},"excerpt":{"rendered":"<p>Cleo (RW \/ First Spin-Off) Le projet vise la mise au point d\u2019une m\u00e9thode permettant de\u00a0reconstruire en trois dimensions la structure interne d\u2019un os\u00a0\u00e0 partir de simples radiographies. Un logiciel est en cours de\u00a0d\u00e9veloppement et permettra au m\u00e9decin de mesurer facilement,\u00a0sans recourir au scanner (Ct-Scan), des indices cliniques (tels que\u00a0la densit\u00e9 et la microarchitecture de [&hellip;]<\/p>\n","protected":false},"author":2,"featured_media":0,"parent":0,"menu_order":0,"comment_status":"closed","ping_status":"closed","template":"","meta":{"footnotes":""},"class_list":["post-165","page","type-page","status-publish","hentry"],"yoast_head":"<!-- This site is optimized with the Yoast SEO plugin v27.2 - https:\/\/yoast.com\/product\/yoast-seo-wordpress\/ -->\n<title>Nos SPIN-OFFS en cr\u00e9ation - Institut \/ Infortech<\/title>\n<meta name=\"robots\" content=\"index, follow, max-snippet:-1, max-image-preview:large, max-video-preview:-1\" \/>\n<link rel=\"canonical\" href=\"https:\/\/web.umons.ac.be\/infortech\/fr\/nos-spin-offs-en-creation\/\" \/>\n<meta property=\"og:locale\" content=\"fr_FR\" \/>\n<meta property=\"og:type\" content=\"article\" \/>\n<meta property=\"og:title\" content=\"Nos SPIN-OFFS en cr\u00e9ation - Institut \/ Infortech\" \/>\n<meta property=\"og:description\" content=\"Cleo (RW \/ First Spin-Off) Le projet vise la mise au point d\u2019une m\u00e9thode permettant de\u00a0reconstruire en trois dimensions la structure interne d\u2019un os\u00a0\u00e0 partir de simples radiographies. Un logiciel est en cours de\u00a0d\u00e9veloppement et permettra au m\u00e9decin de mesurer facilement,\u00a0sans recourir au scanner (Ct-Scan), des indices cliniques (tels que\u00a0la densit\u00e9 et la microarchitecture de [&hellip;]\" \/>\n<meta property=\"og:url\" content=\"https:\/\/web.umons.ac.be\/infortech\/fr\/nos-spin-offs-en-creation\/\" \/>\n<meta property=\"og:site_name\" content=\"Institut \/ Infortech\" \/>\n<meta property=\"article:modified_time\" content=\"2017-11-07T14:29:03+00:00\" \/>\n<meta name=\"twitter:card\" content=\"summary_large_image\" \/>\n<meta name=\"twitter:label1\" content=\"Dur\u00e9e de lecture estim\u00e9e\" \/>\n\t<meta name=\"twitter:data1\" content=\"1 minute\" \/>\n<script type=\"application\/ld+json\" class=\"yoast-schema-graph\">{\"@context\":\"https:\/\/schema.org\",\"@graph\":[{\"@type\":\"WebPage\",\"@id\":\"https:\/\/web.umons.ac.be\/infortech\/fr\/nos-spin-offs-en-creation\/\",\"url\":\"https:\/\/web.umons.ac.be\/infortech\/fr\/nos-spin-offs-en-creation\/\",\"name\":\"Nos SPIN-OFFS en cr\u00e9ation - Institut \/ Infortech\",\"isPartOf\":{\"@id\":\"https:\/\/web.umons.ac.be\/infortech\/#website\"},\"datePublished\":\"2017-11-07T14:29:02+00:00\",\"dateModified\":\"2017-11-07T14:29:03+00:00\",\"breadcrumb\":{\"@id\":\"https:\/\/web.umons.ac.be\/infortech\/fr\/nos-spin-offs-en-creation\/#breadcrumb\"},\"inLanguage\":\"fr-FR\",\"potentialAction\":[{\"@type\":\"ReadAction\",\"target\":[\"https:\/\/web.umons.ac.be\/infortech\/fr\/nos-spin-offs-en-creation\/\"]}]},{\"@type\":\"BreadcrumbList\",\"@id\":\"https:\/\/web.umons.ac.be\/infortech\/fr\/nos-spin-offs-en-creation\/#breadcrumb\",\"itemListElement\":[{\"@type\":\"ListItem\",\"position\":1,\"name\":\"Accueil\",\"item\":\"https:\/\/web.umons.ac.be\/infortech\/fr\/\"},{\"@type\":\"ListItem\",\"position\":2,\"name\":\"Nos SPIN-OFFS en cr\u00e9ation\"}]},{\"@type\":\"WebSite\",\"@id\":\"https:\/\/web.umons.ac.be\/infortech\/#website\",\"url\":\"https:\/\/web.umons.ac.be\/infortech\/\",\"name\":\"Institut \/ Infortech\",\"description\":\"Un site utilisant Universit\u00e9 de Mons \u2013 UMONS\",\"potentialAction\":[{\"@type\":\"SearchAction\",\"target\":{\"@type\":\"EntryPoint\",\"urlTemplate\":\"https:\/\/web.umons.ac.be\/infortech\/?s={search_term_string}\"},\"query-input\":{\"@type\":\"PropertyValueSpecification\",\"valueRequired\":true,\"valueName\":\"search_term_string\"}}],\"inLanguage\":\"fr-FR\"}]}<\/script>\n<!-- \/ Yoast SEO plugin. -->","yoast_head_json":{"title":"Nos SPIN-OFFS en cr\u00e9ation - Institut \/ Infortech","robots":{"index":"index","follow":"follow","max-snippet":"max-snippet:-1","max-image-preview":"max-image-preview:large","max-video-preview":"max-video-preview:-1"},"canonical":"https:\/\/web.umons.ac.be\/infortech\/fr\/nos-spin-offs-en-creation\/","og_locale":"fr_FR","og_type":"article","og_title":"Nos SPIN-OFFS en cr\u00e9ation - Institut \/ Infortech","og_description":"Cleo (RW \/ First Spin-Off) Le projet vise la mise au point d\u2019une m\u00e9thode permettant de\u00a0reconstruire en trois dimensions la structure interne d\u2019un os\u00a0\u00e0 partir de simples radiographies. Un logiciel est en cours de\u00a0d\u00e9veloppement et permettra au m\u00e9decin de mesurer facilement,\u00a0sans recourir au scanner (Ct-Scan), des indices cliniques (tels que\u00a0la densit\u00e9 et la microarchitecture de [&hellip;]","og_url":"https:\/\/web.umons.ac.be\/infortech\/fr\/nos-spin-offs-en-creation\/","og_site_name":"Institut \/ Infortech","article_modified_time":"2017-11-07T14:29:03+00:00","twitter_card":"summary_large_image","twitter_misc":{"Dur\u00e9e de lecture estim\u00e9e":"1 minute"},"schema":{"@context":"https:\/\/schema.org","@graph":[{"@type":"WebPage","@id":"https:\/\/web.umons.ac.be\/infortech\/fr\/nos-spin-offs-en-creation\/","url":"https:\/\/web.umons.ac.be\/infortech\/fr\/nos-spin-offs-en-creation\/","name":"Nos SPIN-OFFS en cr\u00e9ation - Institut \/ Infortech","isPartOf":{"@id":"https:\/\/web.umons.ac.be\/infortech\/#website"},"datePublished":"2017-11-07T14:29:02+00:00","dateModified":"2017-11-07T14:29:03+00:00","breadcrumb":{"@id":"https:\/\/web.umons.ac.be\/infortech\/fr\/nos-spin-offs-en-creation\/#breadcrumb"},"inLanguage":"fr-FR","potentialAction":[{"@type":"ReadAction","target":["https:\/\/web.umons.ac.be\/infortech\/fr\/nos-spin-offs-en-creation\/"]}]},{"@type":"BreadcrumbList","@id":"https:\/\/web.umons.ac.be\/infortech\/fr\/nos-spin-offs-en-creation\/#breadcrumb","itemListElement":[{"@type":"ListItem","position":1,"name":"Accueil","item":"https:\/\/web.umons.ac.be\/infortech\/fr\/"},{"@type":"ListItem","position":2,"name":"Nos SPIN-OFFS en cr\u00e9ation"}]},{"@type":"WebSite","@id":"https:\/\/web.umons.ac.be\/infortech\/#website","url":"https:\/\/web.umons.ac.be\/infortech\/","name":"Institut \/ Infortech","description":"Un site utilisant Universit\u00e9 de Mons \u2013 UMONS","potentialAction":[{"@type":"SearchAction","target":{"@type":"EntryPoint","urlTemplate":"https:\/\/web.umons.ac.be\/infortech\/?s={search_term_string}"},"query-input":{"@type":"PropertyValueSpecification","valueRequired":true,"valueName":"search_term_string"}}],"inLanguage":"fr-FR"}]}},"lang":"fr","translations":{"fr":165,"en":209},"pll_sync_post":[],"_links":{"self":[{"href":"https:\/\/web.umons.ac.be\/infortech\/wp-json\/wp\/v2\/pages\/165","targetHints":{"allow":["GET"]}}],"collection":[{"href":"https:\/\/web.umons.ac.be\/infortech\/wp-json\/wp\/v2\/pages"}],"about":[{"href":"https:\/\/web.umons.ac.be\/infortech\/wp-json\/wp\/v2\/types\/page"}],"author":[{"embeddable":true,"href":"https:\/\/web.umons.ac.be\/infortech\/wp-json\/wp\/v2\/users\/2"}],"replies":[{"embeddable":true,"href":"https:\/\/web.umons.ac.be\/infortech\/wp-json\/wp\/v2\/comments?post=165"}],"version-history":[{"count":2,"href":"https:\/\/web.umons.ac.be\/infortech\/wp-json\/wp\/v2\/pages\/165\/revisions"}],"predecessor-version":[{"id":167,"href":"https:\/\/web.umons.ac.be\/infortech\/wp-json\/wp\/v2\/pages\/165\/revisions\/167"}],"wp:attachment":[{"href":"https:\/\/web.umons.ac.be\/infortech\/wp-json\/wp\/v2\/media?parent=165"}],"curies":[{"name":"wp","href":"https:\/\/api.w.org\/{rel}","templated":true}]}}