{"id":170,"date":"2017-11-07T15:35:33","date_gmt":"2017-11-07T14:35:33","guid":{"rendered":"https:\/\/web.umons.ac.be\/infortech\/?page_id=170"},"modified":"2017-11-07T15:38:46","modified_gmt":"2017-11-07T14:38:46","slug":"un-fablab-iot-internet-des-objets-a-mons","status":"publish","type":"page","link":"https:\/\/web.umons.ac.be\/infortech\/fr\/un-fablab-iot-internet-des-objets-a-mons\/","title":{"rendered":"Un FABLAB IOT (Internet des objets) \u00e0 Mons"},"content":{"rendered":"<p>Dans le cadre du portefeuille FEDER DigiSTORM, l\u2019UMONS a\u00a0obtenu un financement visant <strong>inclure un axe IoT au Falab de\u00a0Mons.<\/strong><\/p>\n<p>Trois objectifs seront ainsi poursuivis :<\/p>\n<ul>\n<li>rayonnement sur l\u2019ensemble du Coeur du Hainaut,<\/li>\n<li>augmentation des comp\u00e9tences en IoT-Lab et ElectronicLab,<\/li>\n<li>d\u00e9veloppement de la strat\u00e9gie vers les entreprises et futurs\u00a0entrepreneurs.<\/li>\n<\/ul>\n<p>Plus sp\u00e9cifiquement l\u2019<strong>axe IoT du Fablab permettra de f\u00e9d\u00e9rer\u00a0les acteurs industriels et de la recherche dans le domaine de\u00a0l\u2019internet des objets. L\u2019IoT s\u2019est r\u00e9cemment impos\u00e9 comme\u00a0l\u2019une des perspectives digitales les plus prometteuses, et\u00a0les objets connect\u00e9s<\/strong> (bracelets, \u00e9lectrom\u00e9nager, compteurs\u00a0\u00e9lectriques, etc.) ont pris une part grandissante de march\u00e9.<\/p>\n<p>Notre objectif est donc de <strong>rendre cette nouvelle technologie\u00a0accessible au plus grand nombre afin de permettre un\u00a0prototypage rapide.<\/strong><\/p>\n<p><img loading=\"lazy\" decoding=\"async\" class=\"alignright size-thumbnail wp-image-175\" src=\"https:\/\/web.umons.ac.be\/app\/uploads\/sites\/34\/2017\/11\/Brochure_IR_FR_web.pdf-Adobe-Acrobat-Pro-DC-150x150.jpg\" alt=\"\" width=\"150\" height=\"150\" srcset=\"https:\/\/web.umons.ac.be\/app\/uploads\/sites\/34\/2017\/11\/Brochure_IR_FR_web.pdf-Adobe-Acrobat-Pro-DC-150x150.jpg 150w, https:\/\/web.umons.ac.be\/app\/uploads\/sites\/34\/2017\/11\/Brochure_IR_FR_web.pdf-Adobe-Acrobat-Pro-DC-80x80.jpg 80w\" sizes=\"auto, (max-width: 150px) 100vw, 150px\" \/>Ceci passera par l\u2019<strong>\u00e9quipement du\u00a0Fablab en mat\u00e9riel de t\u00e9l\u00e9communications\u00a0et d\u2019\u00e9lectronique<\/strong>\u00a0(plateformes IoT, actionneurs, capteurs\u00a0vari\u00e9s, etc.).<\/p>\n<p>Ce d\u00e9veloppement vient \u00e0 point\u00a0nomm\u00e9 vu le <strong>r\u00e9cent d\u00e9ploiement\u00a0des r\u00e9seaux bas d\u00e9bit en Wallonie<\/strong> qui permettent de connecter\u00a0les objets sur une longue port\u00e9e avec une faible consommation.<\/p>\n<p>Le Fablab veillera donc \u00e0 acqu\u00e9rir du mat\u00e9riel compatible\u00a0avec ces r\u00e9seaux, et \u00e0 <strong>faciliter son utilisation<\/strong>, notamment\u00a0<strong>gr\u00e2ce \u00e0 des fiches explicatives et \u00e0 l\u2019accompagnement des\u00a0utilisateurs par le Fablab manager.<\/strong><\/p>\n<p><strong>Le Fab-IoT-Lab profitera directement des d\u00e9veloppements\u00a0de pointe r\u00e9alis\u00e9s \u00e0 l\u2019universit\u00e9 dans ce domaine, notamment\u00a0au niveau du dimensionnement des r\u00e9seaux, de la mise en\u00a0place de plateforme cloud, du d\u00e9veloppement de minicapteurs,\u00a0etc.<\/strong><\/p>\n","protected":false},"excerpt":{"rendered":"<p>Dans le cadre du portefeuille FEDER DigiSTORM, l\u2019UMONS a\u00a0obtenu un financement visant inclure un axe IoT au Falab de\u00a0Mons. Trois objectifs seront ainsi poursuivis : rayonnement sur l\u2019ensemble du Coeur du Hainaut, augmentation des comp\u00e9tences en IoT-Lab et ElectronicLab, d\u00e9veloppement de la strat\u00e9gie vers les entreprises et futurs\u00a0entrepreneurs. Plus sp\u00e9cifiquement l\u2019axe IoT du Fablab permettra [&hellip;]<\/p>\n","protected":false},"author":2,"featured_media":0,"parent":0,"menu_order":0,"comment_status":"closed","ping_status":"closed","template":"","meta":{"footnotes":""},"class_list":["post-170","page","type-page","status-publish","hentry"],"yoast_head":"<!-- This site is optimized with the Yoast SEO plugin v27.2 - https:\/\/yoast.com\/product\/yoast-seo-wordpress\/ -->\n<title>Un FABLAB IOT (Internet des objets) \u00e0 Mons - Institut \/ Infortech<\/title>\n<meta name=\"robots\" content=\"index, follow, max-snippet:-1, max-image-preview:large, max-video-preview:-1\" \/>\n<link rel=\"canonical\" href=\"https:\/\/web.umons.ac.be\/infortech\/fr\/un-fablab-iot-internet-des-objets-a-mons\/\" \/>\n<meta property=\"og:locale\" content=\"fr_FR\" \/>\n<meta property=\"og:type\" content=\"article\" \/>\n<meta property=\"og:title\" content=\"Un FABLAB IOT (Internet des objets) \u00e0 Mons - Institut \/ Infortech\" \/>\n<meta property=\"og:description\" content=\"Dans le cadre du portefeuille FEDER DigiSTORM, l\u2019UMONS a\u00a0obtenu un financement visant inclure un axe IoT au Falab de\u00a0Mons. Trois objectifs seront ainsi poursuivis : rayonnement sur l\u2019ensemble du Coeur du Hainaut, augmentation des comp\u00e9tences en IoT-Lab et ElectronicLab, d\u00e9veloppement de la strat\u00e9gie vers les entreprises et futurs\u00a0entrepreneurs. Plus sp\u00e9cifiquement l\u2019axe IoT du Fablab permettra [&hellip;]\" \/>\n<meta property=\"og:url\" content=\"https:\/\/web.umons.ac.be\/infortech\/fr\/un-fablab-iot-internet-des-objets-a-mons\/\" \/>\n<meta property=\"og:site_name\" content=\"Institut \/ Infortech\" \/>\n<meta property=\"article:modified_time\" content=\"2017-11-07T14:38:46+00:00\" \/>\n<meta property=\"og:image\" content=\"https:\/\/web.umons.ac.be\/app\/uploads\/sites\/34\/2017\/11\/Brochure_IR_FR_web.pdf-Adobe-Acrobat-Pro-DC-150x150.jpg\" \/>\n<meta name=\"twitter:card\" content=\"summary_large_image\" \/>\n<meta name=\"twitter:label1\" content=\"Dur\u00e9e de lecture estim\u00e9e\" \/>\n\t<meta name=\"twitter:data1\" content=\"1 minute\" \/>\n<script type=\"application\/ld+json\" class=\"yoast-schema-graph\">{\"@context\":\"https:\/\/schema.org\",\"@graph\":[{\"@type\":\"WebPage\",\"@id\":\"https:\/\/web.umons.ac.be\/infortech\/fr\/un-fablab-iot-internet-des-objets-a-mons\/\",\"url\":\"https:\/\/web.umons.ac.be\/infortech\/fr\/un-fablab-iot-internet-des-objets-a-mons\/\",\"name\":\"Un FABLAB IOT (Internet des objets) \u00e0 Mons - Institut \/ Infortech\",\"isPartOf\":{\"@id\":\"https:\/\/web.umons.ac.be\/infortech\/#website\"},\"primaryImageOfPage\":{\"@id\":\"https:\/\/web.umons.ac.be\/infortech\/fr\/un-fablab-iot-internet-des-objets-a-mons\/#primaryimage\"},\"image\":{\"@id\":\"https:\/\/web.umons.ac.be\/infortech\/fr\/un-fablab-iot-internet-des-objets-a-mons\/#primaryimage\"},\"thumbnailUrl\":\"https:\/\/web.umons.ac.be\/app\/uploads\/sites\/34\/2017\/11\/Brochure_IR_FR_web.pdf-Adobe-Acrobat-Pro-DC-150x150.jpg\",\"datePublished\":\"2017-11-07T14:35:33+00:00\",\"dateModified\":\"2017-11-07T14:38:46+00:00\",\"breadcrumb\":{\"@id\":\"https:\/\/web.umons.ac.be\/infortech\/fr\/un-fablab-iot-internet-des-objets-a-mons\/#breadcrumb\"},\"inLanguage\":\"fr-FR\",\"potentialAction\":[{\"@type\":\"ReadAction\",\"target\":[\"https:\/\/web.umons.ac.be\/infortech\/fr\/un-fablab-iot-internet-des-objets-a-mons\/\"]}]},{\"@type\":\"ImageObject\",\"inLanguage\":\"fr-FR\",\"@id\":\"https:\/\/web.umons.ac.be\/infortech\/fr\/un-fablab-iot-internet-des-objets-a-mons\/#primaryimage\",\"url\":\"https:\/\/web.umons.ac.be\/app\/uploads\/sites\/34\/2017\/11\/Brochure_IR_FR_web.pdf-Adobe-Acrobat-Pro-DC-150x150.jpg\",\"contentUrl\":\"https:\/\/web.umons.ac.be\/app\/uploads\/sites\/34\/2017\/11\/Brochure_IR_FR_web.pdf-Adobe-Acrobat-Pro-DC-150x150.jpg\"},{\"@type\":\"BreadcrumbList\",\"@id\":\"https:\/\/web.umons.ac.be\/infortech\/fr\/un-fablab-iot-internet-des-objets-a-mons\/#breadcrumb\",\"itemListElement\":[{\"@type\":\"ListItem\",\"position\":1,\"name\":\"Accueil\",\"item\":\"https:\/\/web.umons.ac.be\/infortech\/fr\/\"},{\"@type\":\"ListItem\",\"position\":2,\"name\":\"Un FABLAB IOT (Internet des objets) \u00e0 Mons\"}]},{\"@type\":\"WebSite\",\"@id\":\"https:\/\/web.umons.ac.be\/infortech\/#website\",\"url\":\"https:\/\/web.umons.ac.be\/infortech\/\",\"name\":\"Institut \/ Infortech\",\"description\":\"Un site utilisant Universit\u00e9 de Mons \u2013 UMONS\",\"potentialAction\":[{\"@type\":\"SearchAction\",\"target\":{\"@type\":\"EntryPoint\",\"urlTemplate\":\"https:\/\/web.umons.ac.be\/infortech\/?s={search_term_string}\"},\"query-input\":{\"@type\":\"PropertyValueSpecification\",\"valueRequired\":true,\"valueName\":\"search_term_string\"}}],\"inLanguage\":\"fr-FR\"}]}<\/script>\n<!-- \/ Yoast SEO plugin. -->","yoast_head_json":{"title":"Un FABLAB IOT (Internet des objets) \u00e0 Mons - Institut \/ Infortech","robots":{"index":"index","follow":"follow","max-snippet":"max-snippet:-1","max-image-preview":"max-image-preview:large","max-video-preview":"max-video-preview:-1"},"canonical":"https:\/\/web.umons.ac.be\/infortech\/fr\/un-fablab-iot-internet-des-objets-a-mons\/","og_locale":"fr_FR","og_type":"article","og_title":"Un FABLAB IOT (Internet des objets) \u00e0 Mons - Institut \/ Infortech","og_description":"Dans le cadre du portefeuille FEDER DigiSTORM, l\u2019UMONS a\u00a0obtenu un financement visant inclure un axe IoT au Falab de\u00a0Mons. Trois objectifs seront ainsi poursuivis : rayonnement sur l\u2019ensemble du Coeur du Hainaut, augmentation des comp\u00e9tences en IoT-Lab et ElectronicLab, d\u00e9veloppement de la strat\u00e9gie vers les entreprises et futurs\u00a0entrepreneurs. Plus sp\u00e9cifiquement l\u2019axe IoT du Fablab permettra [&hellip;]","og_url":"https:\/\/web.umons.ac.be\/infortech\/fr\/un-fablab-iot-internet-des-objets-a-mons\/","og_site_name":"Institut \/ Infortech","article_modified_time":"2017-11-07T14:38:46+00:00","og_image":[{"url":"https:\/\/web.umons.ac.be\/app\/uploads\/sites\/34\/2017\/11\/Brochure_IR_FR_web.pdf-Adobe-Acrobat-Pro-DC-150x150.jpg","type":"","width":"","height":""}],"twitter_card":"summary_large_image","twitter_misc":{"Dur\u00e9e de lecture estim\u00e9e":"1 minute"},"schema":{"@context":"https:\/\/schema.org","@graph":[{"@type":"WebPage","@id":"https:\/\/web.umons.ac.be\/infortech\/fr\/un-fablab-iot-internet-des-objets-a-mons\/","url":"https:\/\/web.umons.ac.be\/infortech\/fr\/un-fablab-iot-internet-des-objets-a-mons\/","name":"Un FABLAB IOT (Internet des objets) \u00e0 Mons - Institut \/ Infortech","isPartOf":{"@id":"https:\/\/web.umons.ac.be\/infortech\/#website"},"primaryImageOfPage":{"@id":"https:\/\/web.umons.ac.be\/infortech\/fr\/un-fablab-iot-internet-des-objets-a-mons\/#primaryimage"},"image":{"@id":"https:\/\/web.umons.ac.be\/infortech\/fr\/un-fablab-iot-internet-des-objets-a-mons\/#primaryimage"},"thumbnailUrl":"https:\/\/web.umons.ac.be\/app\/uploads\/sites\/34\/2017\/11\/Brochure_IR_FR_web.pdf-Adobe-Acrobat-Pro-DC-150x150.jpg","datePublished":"2017-11-07T14:35:33+00:00","dateModified":"2017-11-07T14:38:46+00:00","breadcrumb":{"@id":"https:\/\/web.umons.ac.be\/infortech\/fr\/un-fablab-iot-internet-des-objets-a-mons\/#breadcrumb"},"inLanguage":"fr-FR","potentialAction":[{"@type":"ReadAction","target":["https:\/\/web.umons.ac.be\/infortech\/fr\/un-fablab-iot-internet-des-objets-a-mons\/"]}]},{"@type":"ImageObject","inLanguage":"fr-FR","@id":"https:\/\/web.umons.ac.be\/infortech\/fr\/un-fablab-iot-internet-des-objets-a-mons\/#primaryimage","url":"https:\/\/web.umons.ac.be\/app\/uploads\/sites\/34\/2017\/11\/Brochure_IR_FR_web.pdf-Adobe-Acrobat-Pro-DC-150x150.jpg","contentUrl":"https:\/\/web.umons.ac.be\/app\/uploads\/sites\/34\/2017\/11\/Brochure_IR_FR_web.pdf-Adobe-Acrobat-Pro-DC-150x150.jpg"},{"@type":"BreadcrumbList","@id":"https:\/\/web.umons.ac.be\/infortech\/fr\/un-fablab-iot-internet-des-objets-a-mons\/#breadcrumb","itemListElement":[{"@type":"ListItem","position":1,"name":"Accueil","item":"https:\/\/web.umons.ac.be\/infortech\/fr\/"},{"@type":"ListItem","position":2,"name":"Un FABLAB IOT (Internet des objets) \u00e0 Mons"}]},{"@type":"WebSite","@id":"https:\/\/web.umons.ac.be\/infortech\/#website","url":"https:\/\/web.umons.ac.be\/infortech\/","name":"Institut \/ Infortech","description":"Un site utilisant Universit\u00e9 de Mons \u2013 UMONS","potentialAction":[{"@type":"SearchAction","target":{"@type":"EntryPoint","urlTemplate":"https:\/\/web.umons.ac.be\/infortech\/?s={search_term_string}"},"query-input":{"@type":"PropertyValueSpecification","valueRequired":true,"valueName":"search_term_string"}}],"inLanguage":"fr-FR"}]}},"lang":"fr","translations":{"fr":170,"en":212},"pll_sync_post":[],"_links":{"self":[{"href":"https:\/\/web.umons.ac.be\/infortech\/wp-json\/wp\/v2\/pages\/170","targetHints":{"allow":["GET"]}}],"collection":[{"href":"https:\/\/web.umons.ac.be\/infortech\/wp-json\/wp\/v2\/pages"}],"about":[{"href":"https:\/\/web.umons.ac.be\/infortech\/wp-json\/wp\/v2\/types\/page"}],"author":[{"embeddable":true,"href":"https:\/\/web.umons.ac.be\/infortech\/wp-json\/wp\/v2\/users\/2"}],"replies":[{"embeddable":true,"href":"https:\/\/web.umons.ac.be\/infortech\/wp-json\/wp\/v2\/comments?post=170"}],"version-history":[{"count":4,"href":"https:\/\/web.umons.ac.be\/infortech\/wp-json\/wp\/v2\/pages\/170\/revisions"}],"predecessor-version":[{"id":176,"href":"https:\/\/web.umons.ac.be\/infortech\/wp-json\/wp\/v2\/pages\/170\/revisions\/176"}],"wp:attachment":[{"href":"https:\/\/web.umons.ac.be\/infortech\/wp-json\/wp\/v2\/media?parent=170"}],"curies":[{"name":"wp","href":"https:\/\/api.w.org\/{rel}","templated":true}]}}