{"id":244,"date":"2017-11-09T14:29:00","date_gmt":"2017-11-09T13:29:00","guid":{"rendered":"https:\/\/web.umons.ac.be\/infortech\/?page_id=244"},"modified":"2024-03-14T14:35:03","modified_gmt":"2024-03-14T13:35:03","slug":"expertises-et-thematiques","status":"publish","type":"page","link":"https:\/\/web.umons.ac.be\/infortech\/fr\/expertises-et-thematiques\/","title":{"rendered":"Expertises et th\u00e9matiques"},"content":{"rendered":"<ul>\n<li>\n<h5>Internet of Things (IoT)<\/h5>\n<\/li>\n<\/ul>\n<p>Un axe phare de l\u2019institut est l\u2019internet des objets (IoT), ou monde des objets intelligents et connect\u00e9s qui permet une interaction riche entre les diff\u00e9rentes th\u00e9matiques pr\u00e9cit\u00e9es.<\/p>\n<ul>\n<li>\n<h5>Data analytics et cloud computing<\/h5>\n<\/li>\n<\/ul>\n<p>Le stockage d\u2019une masse\u00a0d\u2019information de niveau de qualit\u00e9 vari\u00e9 et le recours \u00e0 des\u00a0traitements n\u00e9cessitant de tr\u00e8s hautes performances est\u00a0une probl\u00e9matique centrale de l\u2019institut. A ce titre, il dispose\u00a0notamment d\u2019une activit\u00e9 de recherche pointue dans le\u00a0domaine de l\u2019informatique parall\u00e8le et distribu\u00e9e ainsi que\u00a0dans la structuration de bases de donn\u00e9es volumineuses et\/ou\u00a0distribu\u00e9es et le traitement de donn\u00e9es bruit\u00e9es.<\/p>\n<ul>\n<li>\n<h5><strong>Intelligence artificielle (IA), machine learning et deep learning<\/strong><\/h5>\n<\/li>\n<\/ul>\n<p>Traitement et analyse de grandes quantit\u00e9s\u00a0de donn\u00e9es reposant principalement sur le d\u00e9veloppement\u00a0d\u2019algorithmes d\u2019optimisation, de classification, de pr\u00e9diction, de\u00a0recommandation collaborative et d\u2019aide \u00e0 la d\u00e9cision multicrit\u00e8re\u00a0(notamment dans le domaine de la logistique).<\/p>\n<ul>\n<li>\n<h5>G\u00e9nie logiciel et algorithmique<\/h5>\n<\/li>\n<\/ul>\n<p>D\u00e9veloppement de techniques permettant la v\u00e9rification et l\u2019analyse de la qualit\u00e9 logicielle, des \u00e9cosyst\u00e8mes open source, de la mod\u00e9lisation de syst\u00e8mes logiciels ainsi que l\u2019impl\u00e9mentation d\u2019algorithmes complexes, notamment en th\u00e9orie des graphes.<\/p>\n<ul>\n<li>\n<h5>Collecte, transmission et traitement des donn\u00e9es et signaux<\/h5>\n<\/li>\n<\/ul>\n<p>Tout le parcours de la donn\u00e9e, du d\u00e9veloppement de capteurs \u00e9lectroniques et de syst\u00e8mes de communication micro-puissance \u00e0 la transmission physique des signaux r\u00e9sultants en passant par l\u2019analyse, le design et la mod\u00e9lisation des architectures et services de routage internet. Traitement et analyse de n&rsquo;importe quel type de donn\u00e9es, incluant les signaux sonores, visuels ou multim\u00e9dia, dans de nombreux domaines d\u2019applications tels que les technologies cr\u00e9atives, la logistique ou l\u2019imagerie m\u00e9dicale.<\/p>\n<ul>\n<li>\n<h5>Technologies de l\u2019\u00e9ducation<\/h5>\n<\/li>\n<\/ul>\n<p>Int\u00e9gration des TIC dans l\u2019\u00e9ducation et analyse de leur impact (d\u00e9veloppement de dispositifs \u00e9ducatifs par et pour les technologies, conception de syst\u00e8mes et plans de formation, analyse des politiques \u00e9ducatives, \u00e9valuation des apprentissages et des syst\u00e8mes, etc).<\/p>\n","protected":false},"excerpt":{"rendered":"<p>Internet of Things (IoT) Un axe phare de l\u2019institut est l\u2019internet des objets (IoT), ou monde des objets intelligents et connect\u00e9s qui permet une interaction riche entre les diff\u00e9rentes th\u00e9matiques pr\u00e9cit\u00e9es. Data analytics et cloud computing Le stockage d\u2019une masse\u00a0d\u2019information de niveau de qualit\u00e9 vari\u00e9 et le recours \u00e0 des\u00a0traitements n\u00e9cessitant de tr\u00e8s hautes performances [&hellip;]<\/p>\n","protected":false},"author":2,"featured_media":0,"parent":0,"menu_order":2,"comment_status":"closed","ping_status":"closed","template":"","meta":{"footnotes":""},"class_list":["post-244","page","type-page","status-publish","hentry"],"yoast_head":"<!-- This site is optimized with the Yoast SEO plugin v27.2 - https:\/\/yoast.com\/product\/yoast-seo-wordpress\/ -->\n<title>Expertises et th\u00e9matiques - Institut \/ Infortech<\/title>\n<meta name=\"robots\" content=\"index, follow, max-snippet:-1, max-image-preview:large, max-video-preview:-1\" \/>\n<link rel=\"canonical\" href=\"https:\/\/web.umons.ac.be\/infortech\/fr\/expertises-et-thematiques\/\" \/>\n<meta property=\"og:locale\" content=\"fr_FR\" \/>\n<meta property=\"og:type\" content=\"article\" \/>\n<meta property=\"og:title\" content=\"Expertises et th\u00e9matiques - Institut \/ Infortech\" \/>\n<meta property=\"og:description\" content=\"Internet of Things (IoT) Un axe phare de l\u2019institut est l\u2019internet des objets (IoT), ou monde des objets intelligents et connect\u00e9s qui permet une interaction riche entre les diff\u00e9rentes th\u00e9matiques pr\u00e9cit\u00e9es. Data analytics et cloud computing Le stockage d\u2019une masse\u00a0d\u2019information de niveau de qualit\u00e9 vari\u00e9 et le recours \u00e0 des\u00a0traitements n\u00e9cessitant de tr\u00e8s hautes performances [&hellip;]\" \/>\n<meta property=\"og:url\" content=\"https:\/\/web.umons.ac.be\/infortech\/fr\/expertises-et-thematiques\/\" \/>\n<meta property=\"og:site_name\" content=\"Institut \/ Infortech\" \/>\n<meta property=\"article:modified_time\" content=\"2024-03-14T13:35:03+00:00\" \/>\n<meta name=\"twitter:card\" content=\"summary_large_image\" \/>\n<meta name=\"twitter:label1\" content=\"Dur\u00e9e de lecture estim\u00e9e\" \/>\n\t<meta name=\"twitter:data1\" content=\"2 minutes\" \/>\n<script type=\"application\/ld+json\" class=\"yoast-schema-graph\">{\"@context\":\"https:\/\/schema.org\",\"@graph\":[{\"@type\":\"WebPage\",\"@id\":\"https:\/\/web.umons.ac.be\/infortech\/fr\/expertises-et-thematiques\/\",\"url\":\"https:\/\/web.umons.ac.be\/infortech\/fr\/expertises-et-thematiques\/\",\"name\":\"Expertises et th\u00e9matiques - Institut \/ Infortech\",\"isPartOf\":{\"@id\":\"https:\/\/web.umons.ac.be\/infortech\/#website\"},\"datePublished\":\"2017-11-09T13:29:00+00:00\",\"dateModified\":\"2024-03-14T13:35:03+00:00\",\"breadcrumb\":{\"@id\":\"https:\/\/web.umons.ac.be\/infortech\/fr\/expertises-et-thematiques\/#breadcrumb\"},\"inLanguage\":\"fr-FR\",\"potentialAction\":[{\"@type\":\"ReadAction\",\"target\":[\"https:\/\/web.umons.ac.be\/infortech\/fr\/expertises-et-thematiques\/\"]}]},{\"@type\":\"BreadcrumbList\",\"@id\":\"https:\/\/web.umons.ac.be\/infortech\/fr\/expertises-et-thematiques\/#breadcrumb\",\"itemListElement\":[{\"@type\":\"ListItem\",\"position\":1,\"name\":\"Accueil\",\"item\":\"https:\/\/web.umons.ac.be\/infortech\/fr\/\"},{\"@type\":\"ListItem\",\"position\":2,\"name\":\"Expertises et th\u00e9matiques\"}]},{\"@type\":\"WebSite\",\"@id\":\"https:\/\/web.umons.ac.be\/infortech\/#website\",\"url\":\"https:\/\/web.umons.ac.be\/infortech\/\",\"name\":\"Institut \/ Infortech\",\"description\":\"Un site utilisant Universit\u00e9 de Mons \u2013 UMONS\",\"potentialAction\":[{\"@type\":\"SearchAction\",\"target\":{\"@type\":\"EntryPoint\",\"urlTemplate\":\"https:\/\/web.umons.ac.be\/infortech\/?s={search_term_string}\"},\"query-input\":{\"@type\":\"PropertyValueSpecification\",\"valueRequired\":true,\"valueName\":\"search_term_string\"}}],\"inLanguage\":\"fr-FR\"}]}<\/script>\n<!-- \/ Yoast SEO plugin. -->","yoast_head_json":{"title":"Expertises et th\u00e9matiques - Institut \/ Infortech","robots":{"index":"index","follow":"follow","max-snippet":"max-snippet:-1","max-image-preview":"max-image-preview:large","max-video-preview":"max-video-preview:-1"},"canonical":"https:\/\/web.umons.ac.be\/infortech\/fr\/expertises-et-thematiques\/","og_locale":"fr_FR","og_type":"article","og_title":"Expertises et th\u00e9matiques - Institut \/ Infortech","og_description":"Internet of Things (IoT) Un axe phare de l\u2019institut est l\u2019internet des objets (IoT), ou monde des objets intelligents et connect\u00e9s qui permet une interaction riche entre les diff\u00e9rentes th\u00e9matiques pr\u00e9cit\u00e9es. Data analytics et cloud computing Le stockage d\u2019une masse\u00a0d\u2019information de niveau de qualit\u00e9 vari\u00e9 et le recours \u00e0 des\u00a0traitements n\u00e9cessitant de tr\u00e8s hautes performances [&hellip;]","og_url":"https:\/\/web.umons.ac.be\/infortech\/fr\/expertises-et-thematiques\/","og_site_name":"Institut \/ Infortech","article_modified_time":"2024-03-14T13:35:03+00:00","twitter_card":"summary_large_image","twitter_misc":{"Dur\u00e9e de lecture estim\u00e9e":"2 minutes"},"schema":{"@context":"https:\/\/schema.org","@graph":[{"@type":"WebPage","@id":"https:\/\/web.umons.ac.be\/infortech\/fr\/expertises-et-thematiques\/","url":"https:\/\/web.umons.ac.be\/infortech\/fr\/expertises-et-thematiques\/","name":"Expertises et th\u00e9matiques - Institut \/ Infortech","isPartOf":{"@id":"https:\/\/web.umons.ac.be\/infortech\/#website"},"datePublished":"2017-11-09T13:29:00+00:00","dateModified":"2024-03-14T13:35:03+00:00","breadcrumb":{"@id":"https:\/\/web.umons.ac.be\/infortech\/fr\/expertises-et-thematiques\/#breadcrumb"},"inLanguage":"fr-FR","potentialAction":[{"@type":"ReadAction","target":["https:\/\/web.umons.ac.be\/infortech\/fr\/expertises-et-thematiques\/"]}]},{"@type":"BreadcrumbList","@id":"https:\/\/web.umons.ac.be\/infortech\/fr\/expertises-et-thematiques\/#breadcrumb","itemListElement":[{"@type":"ListItem","position":1,"name":"Accueil","item":"https:\/\/web.umons.ac.be\/infortech\/fr\/"},{"@type":"ListItem","position":2,"name":"Expertises et th\u00e9matiques"}]},{"@type":"WebSite","@id":"https:\/\/web.umons.ac.be\/infortech\/#website","url":"https:\/\/web.umons.ac.be\/infortech\/","name":"Institut \/ Infortech","description":"Un site utilisant Universit\u00e9 de Mons \u2013 UMONS","potentialAction":[{"@type":"SearchAction","target":{"@type":"EntryPoint","urlTemplate":"https:\/\/web.umons.ac.be\/infortech\/?s={search_term_string}"},"query-input":{"@type":"PropertyValueSpecification","valueRequired":true,"valueName":"search_term_string"}}],"inLanguage":"fr-FR"}]}},"lang":"fr","translations":{"fr":244,"en":247},"pll_sync_post":[],"_links":{"self":[{"href":"https:\/\/web.umons.ac.be\/infortech\/wp-json\/wp\/v2\/pages\/244","targetHints":{"allow":["GET"]}}],"collection":[{"href":"https:\/\/web.umons.ac.be\/infortech\/wp-json\/wp\/v2\/pages"}],"about":[{"href":"https:\/\/web.umons.ac.be\/infortech\/wp-json\/wp\/v2\/types\/page"}],"author":[{"embeddable":true,"href":"https:\/\/web.umons.ac.be\/infortech\/wp-json\/wp\/v2\/users\/2"}],"replies":[{"embeddable":true,"href":"https:\/\/web.umons.ac.be\/infortech\/wp-json\/wp\/v2\/comments?post=244"}],"version-history":[{"count":3,"href":"https:\/\/web.umons.ac.be\/infortech\/wp-json\/wp\/v2\/pages\/244\/revisions"}],"predecessor-version":[{"id":445,"href":"https:\/\/web.umons.ac.be\/infortech\/wp-json\/wp\/v2\/pages\/244\/revisions\/445"}],"wp:attachment":[{"href":"https:\/\/web.umons.ac.be\/infortech\/wp-json\/wp\/v2\/media?parent=244"}],"curies":[{"name":"wp","href":"https:\/\/api.w.org\/{rel}","templated":true}]}}