{"id":284,"date":"2019-04-29T15:40:13","date_gmt":"2019-04-29T13:40:13","guid":{"rendered":"https:\/\/web.umons.ac.be\/infortech\/?page_id=284"},"modified":"2024-03-14T14:38:19","modified_gmt":"2024-03-14T13:38:19","slug":"services-aux-collectivites","status":"publish","type":"page","link":"https:\/\/web.umons.ac.be\/infortech\/fr\/services-aux-collectivites\/","title":{"rendered":"Services aux collectivit\u00e9s"},"content":{"rendered":"<p><strong>Services aux entreprises<\/strong><\/p>\n<p>Certains services membres d&rsquo;Infortech accompagnent des entreprises dans leur d\u00e9ploiement en Internet des Objets, Cloud, Intelligence Artificielle et l\u2019Optimisation de Processus. Nous avons des contacts soutenus avec notamment Accenture, Alstom, Sonaca, AW Europe et Technord. Ces contacts vont de la prestation pour tiers \u00e0 des partenariats dans des projets de recherche, notamment au niveau des P\u00f4les de comp\u00e9titivit\u00e9 ou de programmes de recherche de la Wallonie. Des partenariats souples peuvent se faire \u00e9galement \u00e0 travers des stages d\u2019\u00e9tudiants.<\/p>\n<p><strong>Services aux collectivit\u00e9s<\/strong><\/p>\n<p>Les chercheurs d\u2019Infortech d\u00e9veloppent des outils logiciels sp\u00e9cialis\u00e9s dans le cadre de leurs travaux de recherche, pour \u00e9tendre l\u2019\u00e9tat de l\u2019art dans leur domaines de recherche, ou pour r\u00e9pondre aux besoins sp\u00e9cifiques d\u2019industriels ou d\u2019autres organismes demandeurs de solutions logicielles adapt\u00e9es.<\/p>\n","protected":false},"excerpt":{"rendered":"<p>Services aux entreprises Certains services membres d&rsquo;Infortech accompagnent des entreprises dans leur d\u00e9ploiement en Internet des Objets, Cloud, Intelligence Artificielle et l\u2019Optimisation de Processus. Nous avons des contacts soutenus avec notamment Accenture, Alstom, Sonaca, AW Europe et Technord. Ces contacts vont de la prestation pour tiers \u00e0 des partenariats dans des projets de recherche, notamment [&hellip;]<\/p>\n","protected":false},"author":2,"featured_media":0,"parent":0,"menu_order":0,"comment_status":"closed","ping_status":"closed","template":"","meta":{"footnotes":""},"class_list":["post-284","page","type-page","status-publish","hentry"],"yoast_head":"<!-- This site is optimized with the Yoast SEO plugin v27.2 - https:\/\/yoast.com\/product\/yoast-seo-wordpress\/ -->\n<title>Services aux collectivit\u00e9s - Institut \/ Infortech<\/title>\n<meta name=\"robots\" content=\"index, follow, max-snippet:-1, max-image-preview:large, max-video-preview:-1\" \/>\n<link rel=\"canonical\" href=\"https:\/\/web.umons.ac.be\/infortech\/fr\/services-aux-collectivites\/\" \/>\n<meta property=\"og:locale\" content=\"fr_FR\" \/>\n<meta property=\"og:type\" content=\"article\" \/>\n<meta property=\"og:title\" content=\"Services aux collectivit\u00e9s - Institut \/ Infortech\" \/>\n<meta property=\"og:description\" content=\"Services aux entreprises Certains services membres d&rsquo;Infortech accompagnent des entreprises dans leur d\u00e9ploiement en Internet des Objets, Cloud, Intelligence Artificielle et l\u2019Optimisation de Processus. Nous avons des contacts soutenus avec notamment Accenture, Alstom, Sonaca, AW Europe et Technord. Ces contacts vont de la prestation pour tiers \u00e0 des partenariats dans des projets de recherche, notamment [&hellip;]\" \/>\n<meta property=\"og:url\" content=\"https:\/\/web.umons.ac.be\/infortech\/fr\/services-aux-collectivites\/\" \/>\n<meta property=\"og:site_name\" content=\"Institut \/ Infortech\" \/>\n<meta property=\"article:modified_time\" content=\"2024-03-14T13:38:19+00:00\" \/>\n<meta name=\"twitter:card\" content=\"summary_large_image\" \/>\n<meta name=\"twitter:label1\" content=\"Dur\u00e9e de lecture estim\u00e9e\" \/>\n\t<meta name=\"twitter:data1\" content=\"1 minute\" \/>\n<script type=\"application\/ld+json\" class=\"yoast-schema-graph\">{\"@context\":\"https:\/\/schema.org\",\"@graph\":[{\"@type\":\"WebPage\",\"@id\":\"https:\/\/web.umons.ac.be\/infortech\/fr\/services-aux-collectivites\/\",\"url\":\"https:\/\/web.umons.ac.be\/infortech\/fr\/services-aux-collectivites\/\",\"name\":\"Services aux collectivit\u00e9s - Institut \/ Infortech\",\"isPartOf\":{\"@id\":\"https:\/\/web.umons.ac.be\/infortech\/#website\"},\"datePublished\":\"2019-04-29T13:40:13+00:00\",\"dateModified\":\"2024-03-14T13:38:19+00:00\",\"breadcrumb\":{\"@id\":\"https:\/\/web.umons.ac.be\/infortech\/fr\/services-aux-collectivites\/#breadcrumb\"},\"inLanguage\":\"fr-FR\",\"potentialAction\":[{\"@type\":\"ReadAction\",\"target\":[\"https:\/\/web.umons.ac.be\/infortech\/fr\/services-aux-collectivites\/\"]}]},{\"@type\":\"BreadcrumbList\",\"@id\":\"https:\/\/web.umons.ac.be\/infortech\/fr\/services-aux-collectivites\/#breadcrumb\",\"itemListElement\":[{\"@type\":\"ListItem\",\"position\":1,\"name\":\"Accueil\",\"item\":\"https:\/\/web.umons.ac.be\/infortech\/fr\/\"},{\"@type\":\"ListItem\",\"position\":2,\"name\":\"Services aux collectivit\u00e9s\"}]},{\"@type\":\"WebSite\",\"@id\":\"https:\/\/web.umons.ac.be\/infortech\/#website\",\"url\":\"https:\/\/web.umons.ac.be\/infortech\/\",\"name\":\"Institut \/ Infortech\",\"description\":\"Un site utilisant Universit\u00e9 de Mons \u2013 UMONS\",\"potentialAction\":[{\"@type\":\"SearchAction\",\"target\":{\"@type\":\"EntryPoint\",\"urlTemplate\":\"https:\/\/web.umons.ac.be\/infortech\/?s={search_term_string}\"},\"query-input\":{\"@type\":\"PropertyValueSpecification\",\"valueRequired\":true,\"valueName\":\"search_term_string\"}}],\"inLanguage\":\"fr-FR\"}]}<\/script>\n<!-- \/ Yoast SEO plugin. -->","yoast_head_json":{"title":"Services aux collectivit\u00e9s - Institut \/ Infortech","robots":{"index":"index","follow":"follow","max-snippet":"max-snippet:-1","max-image-preview":"max-image-preview:large","max-video-preview":"max-video-preview:-1"},"canonical":"https:\/\/web.umons.ac.be\/infortech\/fr\/services-aux-collectivites\/","og_locale":"fr_FR","og_type":"article","og_title":"Services aux collectivit\u00e9s - Institut \/ Infortech","og_description":"Services aux entreprises Certains services membres d&rsquo;Infortech accompagnent des entreprises dans leur d\u00e9ploiement en Internet des Objets, Cloud, Intelligence Artificielle et l\u2019Optimisation de Processus. Nous avons des contacts soutenus avec notamment Accenture, Alstom, Sonaca, AW Europe et Technord. Ces contacts vont de la prestation pour tiers \u00e0 des partenariats dans des projets de recherche, notamment [&hellip;]","og_url":"https:\/\/web.umons.ac.be\/infortech\/fr\/services-aux-collectivites\/","og_site_name":"Institut \/ Infortech","article_modified_time":"2024-03-14T13:38:19+00:00","twitter_card":"summary_large_image","twitter_misc":{"Dur\u00e9e de lecture estim\u00e9e":"1 minute"},"schema":{"@context":"https:\/\/schema.org","@graph":[{"@type":"WebPage","@id":"https:\/\/web.umons.ac.be\/infortech\/fr\/services-aux-collectivites\/","url":"https:\/\/web.umons.ac.be\/infortech\/fr\/services-aux-collectivites\/","name":"Services aux collectivit\u00e9s - Institut \/ Infortech","isPartOf":{"@id":"https:\/\/web.umons.ac.be\/infortech\/#website"},"datePublished":"2019-04-29T13:40:13+00:00","dateModified":"2024-03-14T13:38:19+00:00","breadcrumb":{"@id":"https:\/\/web.umons.ac.be\/infortech\/fr\/services-aux-collectivites\/#breadcrumb"},"inLanguage":"fr-FR","potentialAction":[{"@type":"ReadAction","target":["https:\/\/web.umons.ac.be\/infortech\/fr\/services-aux-collectivites\/"]}]},{"@type":"BreadcrumbList","@id":"https:\/\/web.umons.ac.be\/infortech\/fr\/services-aux-collectivites\/#breadcrumb","itemListElement":[{"@type":"ListItem","position":1,"name":"Accueil","item":"https:\/\/web.umons.ac.be\/infortech\/fr\/"},{"@type":"ListItem","position":2,"name":"Services aux collectivit\u00e9s"}]},{"@type":"WebSite","@id":"https:\/\/web.umons.ac.be\/infortech\/#website","url":"https:\/\/web.umons.ac.be\/infortech\/","name":"Institut \/ Infortech","description":"Un site utilisant Universit\u00e9 de Mons \u2013 UMONS","potentialAction":[{"@type":"SearchAction","target":{"@type":"EntryPoint","urlTemplate":"https:\/\/web.umons.ac.be\/infortech\/?s={search_term_string}"},"query-input":{"@type":"PropertyValueSpecification","valueRequired":true,"valueName":"search_term_string"}}],"inLanguage":"fr-FR"}]}},"lang":"fr","translations":{"fr":284},"pll_sync_post":[],"_links":{"self":[{"href":"https:\/\/web.umons.ac.be\/infortech\/wp-json\/wp\/v2\/pages\/284","targetHints":{"allow":["GET"]}}],"collection":[{"href":"https:\/\/web.umons.ac.be\/infortech\/wp-json\/wp\/v2\/pages"}],"about":[{"href":"https:\/\/web.umons.ac.be\/infortech\/wp-json\/wp\/v2\/types\/page"}],"author":[{"embeddable":true,"href":"https:\/\/web.umons.ac.be\/infortech\/wp-json\/wp\/v2\/users\/2"}],"replies":[{"embeddable":true,"href":"https:\/\/web.umons.ac.be\/infortech\/wp-json\/wp\/v2\/comments?post=284"}],"version-history":[{"count":3,"href":"https:\/\/web.umons.ac.be\/infortech\/wp-json\/wp\/v2\/pages\/284\/revisions"}],"predecessor-version":[{"id":447,"href":"https:\/\/web.umons.ac.be\/infortech\/wp-json\/wp\/v2\/pages\/284\/revisions\/447"}],"wp:attachment":[{"href":"https:\/\/web.umons.ac.be\/infortech\/wp-json\/wp\/v2\/media?parent=284"}],"curies":[{"name":"wp","href":"https:\/\/api.w.org\/{rel}","templated":true}]}}