{"id":353,"date":"2020-11-25T14:32:11","date_gmt":"2020-11-25T13:32:11","guid":{"rendered":"https:\/\/web.umons.ac.be\/langage\/?page_id=353"},"modified":"2020-11-26T10:41:49","modified_gmt":"2020-11-26T09:41:49","slug":"centre-de-recherche-ciephumons","status":"publish","type":"page","link":"https:\/\/web.umons.ac.be\/langage\/fr\/centre-de-recherche-ciephumons\/","title":{"rendered":"Centre de recherche &#8211; Ci\u00e9phumons"},"content":{"rendered":"<h1>Centre de recherche &#8211; Ci\u00e9phumons<\/h1>\n<p>Le\u00a0<strong>CI\u00c9PHUM<\/strong>,\u00a0fond\u00e9 en <strong>1971<\/strong> sous la forme d\u2019une association sans but lucratif (a.s.b.l.), avait pour objet de promouvoir au sein de l&rsquo;Universit\u00e9 de Mons la recherche interdisciplinaire sous toutes ses formes. Il \u00e9tait actif dans les domaines de la philosophie, des sciences et de la litt\u00e9rature.<\/p>\n<ul>\n<li>Il organisait des s\u00e9minaires d&rsquo;information et de recherches ou des colloques<\/li>\n<li>Il entretenait avec les centres similaires belges et \u00e9trangers des relations effectives<\/li>\n<li>Il publiait surtout une revue, les <strong><em>Cahiers internationaux de symbolisme<\/em><\/strong>, revue fond\u00e9e en <strong>1962<\/strong> par le docteur Mo\u00efse Engelson et Claire Lejeune. La liste de ses membres fondateurs est impressionnante, puisqu\u2019on y trouve, entre autres, Gaston Bachelard, Gilbert Durand, Mircea Eliade, Ferdinand Gonseth, Eug\u00e8ne Minkovsky, Paul Ricoeur, etc.<\/li>\n<\/ul>\n<p>La revue\u00a0est interdisciplinaire, c\u2019est sa raison d\u2019\u00eatre\u00a0: de l\u2019origine \u00e0 nos jours, elle s\u2019est fix\u00e9 comme objectif d\u2019\u00e9tudier le symbole et d\u2019\u00e9lucider la nature de ses multiples relations avec les sciences exactes, les sciences humaines, la tradition, l\u2019art, les religions.<\/p>\n<p>Annuelle, la revue centre aujourd\u2019hui chacune de ses livraisons sur deux th\u00e8mes, l\u2019un li\u00e9 aux \u00e9tudes de genre et \u00e0 la Journ\u00e9e d\u2019\u00e9tudes annuelle organis\u00e9e \u00e0 l\u2019UMONS (novembre)\u00a0: <strong>Genre et litt\u00e9ratures<\/strong> (2020), Genre et arts (2019), genre et guerre (2018), etc.\u00a0; et l\u2019autre, susceptible de trouver un \u00e9cho aupr\u00e8s de chercheurs d\u2019ob\u00e9diences diverses\u00a0: le Non-Dit (2013), Monstres (2014), Patrimoines (2015), Genre (2016), Sciences et litt\u00e9rature (2017), Guerre (2018), Fiction (2019), <strong>Limites de la Vie<\/strong> (2020).<\/p>\n<p>Le volume triple paru fin 2019 (n\u00b0152 &#8211; n\u00b0153 &#8211; n\u00b0154) avait pour th\u00e8mes Fiction \/ Genre et arts.<\/p>\n<p>En juillet 2020, l\u2019a.s.b.l. a \u00e9t\u00e9 dissoute, et le CI\u00c9PHUM est devenu le <strong>Ci\u00e9phumons<\/strong>, Centre de recherche de l\u2019Institut Langage (Institut de Recherche en Sciences et Technologies du Langage, IRSTL). Le nouveau centre a \u00e9t\u00e9 fond\u00e9 pour poursuivre tr\u00e8s pr\u00e9cis\u00e9ment les missions de l\u2019a.s.b.l. : promouvoir la recherche interdisciplinaire et la r\u00e9flexion sur <strong>l\u2019interdisciplinarit\u00e9<\/strong>, organiser des s\u00e9minaires, des journ\u00e9es d\u2019\u00e9tudes ou des colloques, publier la revue annuelle les\u00a0<strong><em>Cahiers internationaux de symbolisme<\/em><\/strong>.<\/p>\n<hr \/>\n<p>Les 9 et 10 d\u00e9cembre 2021, le Ci\u00e9phumons organisera un colloque international et interdisciplinaire sur le th\u00e8me \u00ab R\u00e9sistance\/Langage \u00bb. Les propositions de communication peuvent \u00eatre envoy\u00e9es \u00e0 <a href=\"mailto:catherine.gravet@umons.ac.be\">catherine.gravet@umons.ac.be<\/a> et <a href=\"mailto:lobke.ghesquiere@umons.ac.be\">lobke.ghesquiere@umons.ac.be<\/a>.<\/p>\n<p>Voir l\u2019appel sur <a href=\"https:\/\/www.fabula.org\/actualites\/resistance-et-langage-colloque-de-l-institut-de-recherche-en-science-et-technologies-du-langage_95618.php\">fabula.org<\/a><\/p>\n<hr \/>\n<p>Pr\u00e9sidence\u00a0: Bernard Harmegnies et Catherine Gravet. Vice-pr\u00e9sidence\u00a0: Pierre Gillis. Secr\u00e9tariat\u00a0: Thea Rimini.<\/p>\n<p>Retrouvez la liste des publications (couvertures et sommaires) ainsi qu&rsquo;une s\u00e9lection d&rsquo;articles ci-dessous.<\/p>\n<p>Pour tout contact, <a href=\"mailto:catherine.gravet@umons.ac.be\">catherine.gravet@umons.ac.be<\/a>, <a href=\"mailto:pierre.gillis@umons.ac.be\">pierre.gillis@umons.ac.be<\/a><\/p>\n<start-cask-shortcode-wrapper><end-cask-shortcode-wrapper>\n","protected":false},"excerpt":{"rendered":"<p>Centre de recherche &#8211; Ci\u00e9phumons Le\u00a0CI\u00c9PHUM,\u00a0fond\u00e9 en 1971 sous la forme d\u2019une association sans but lucratif (a.s.b.l.), avait pour objet de promouvoir au sein de l&rsquo;Universit\u00e9 de Mons la recherche interdisciplinaire sous toutes ses formes. Il \u00e9tait actif dans les domaines de la philosophie, des sciences et de la litt\u00e9rature. Il organisait des s\u00e9minaires d&rsquo;information [&hellip;]<\/p>\n","protected":false},"author":4,"featured_media":0,"parent":0,"menu_order":0,"comment_status":"closed","ping_status":"closed","template":"","meta":{"footnotes":""},"class_list":["post-353","page","type-page","status-publish","hentry"],"yoast_head":"<!-- This site is optimized with the Yoast SEO plugin v27.2 - https:\/\/yoast.com\/product\/yoast-seo-wordpress\/ -->\n<title>Centre de recherche - Ci\u00e9phumons - Institut \/ Langage<\/title>\n<meta name=\"robots\" content=\"index, follow, max-snippet:-1, max-image-preview:large, max-video-preview:-1\" \/>\n<link rel=\"canonical\" href=\"https:\/\/web.umons.ac.be\/langage\/fr\/centre-de-recherche-ciephumons\/\" \/>\n<meta property=\"og:locale\" content=\"fr_FR\" \/>\n<meta property=\"og:type\" content=\"article\" \/>\n<meta property=\"og:title\" content=\"Centre de recherche - Ci\u00e9phumons - Institut \/ Langage\" \/>\n<meta property=\"og:description\" content=\"Centre de recherche &#8211; Ci\u00e9phumons Le\u00a0CI\u00c9PHUM,\u00a0fond\u00e9 en 1971 sous la forme d\u2019une association sans but lucratif (a.s.b.l.), avait pour objet de promouvoir au sein de l&rsquo;Universit\u00e9 de Mons la recherche interdisciplinaire sous toutes ses formes. Il \u00e9tait actif dans les domaines de la philosophie, des sciences et de la litt\u00e9rature. Il organisait des s\u00e9minaires d&rsquo;information [&hellip;]\" \/>\n<meta property=\"og:url\" content=\"https:\/\/web.umons.ac.be\/langage\/fr\/centre-de-recherche-ciephumons\/\" \/>\n<meta property=\"og:site_name\" content=\"Institut \/ Langage\" \/>\n<meta property=\"article:modified_time\" content=\"2020-11-26T09:41:49+00:00\" \/>\n<meta name=\"twitter:card\" content=\"summary_large_image\" \/>\n<meta name=\"twitter:label1\" content=\"Dur\u00e9e de lecture estim\u00e9e\" \/>\n\t<meta name=\"twitter:data1\" content=\"2 minutes\" \/>\n<script type=\"application\/ld+json\" class=\"yoast-schema-graph\">{\"@context\":\"https:\/\/schema.org\",\"@graph\":[{\"@type\":\"WebPage\",\"@id\":\"https:\/\/web.umons.ac.be\/langage\/fr\/centre-de-recherche-ciephumons\/\",\"url\":\"https:\/\/web.umons.ac.be\/langage\/fr\/centre-de-recherche-ciephumons\/\",\"name\":\"Centre de recherche - Ci\u00e9phumons - Institut \/ Langage\",\"isPartOf\":{\"@id\":\"https:\/\/web.umons.ac.be\/langage\/#website\"},\"datePublished\":\"2020-11-25T13:32:11+00:00\",\"dateModified\":\"2020-11-26T09:41:49+00:00\",\"breadcrumb\":{\"@id\":\"https:\/\/web.umons.ac.be\/langage\/fr\/centre-de-recherche-ciephumons\/#breadcrumb\"},\"inLanguage\":\"fr-FR\",\"potentialAction\":[{\"@type\":\"ReadAction\",\"target\":[\"https:\/\/web.umons.ac.be\/langage\/fr\/centre-de-recherche-ciephumons\/\"]}]},{\"@type\":\"BreadcrumbList\",\"@id\":\"https:\/\/web.umons.ac.be\/langage\/fr\/centre-de-recherche-ciephumons\/#breadcrumb\",\"itemListElement\":[{\"@type\":\"ListItem\",\"position\":1,\"name\":\"Accueil\",\"item\":\"https:\/\/web.umons.ac.be\/langage\/fr\/\"},{\"@type\":\"ListItem\",\"position\":2,\"name\":\"Centre de recherche &#8211; Ci\u00e9phumons\"}]},{\"@type\":\"WebSite\",\"@id\":\"https:\/\/web.umons.ac.be\/langage\/#website\",\"url\":\"https:\/\/web.umons.ac.be\/langage\/\",\"name\":\"Institut \/ Langage\",\"description\":\"Un site utilisant Universit\u00e9 de Mons \u2013 UMONS\",\"potentialAction\":[{\"@type\":\"SearchAction\",\"target\":{\"@type\":\"EntryPoint\",\"urlTemplate\":\"https:\/\/web.umons.ac.be\/langage\/?s={search_term_string}\"},\"query-input\":{\"@type\":\"PropertyValueSpecification\",\"valueRequired\":true,\"valueName\":\"search_term_string\"}}],\"inLanguage\":\"fr-FR\"}]}<\/script>\n<!-- \/ Yoast SEO plugin. -->","yoast_head_json":{"title":"Centre de recherche - Ci\u00e9phumons - Institut \/ Langage","robots":{"index":"index","follow":"follow","max-snippet":"max-snippet:-1","max-image-preview":"max-image-preview:large","max-video-preview":"max-video-preview:-1"},"canonical":"https:\/\/web.umons.ac.be\/langage\/fr\/centre-de-recherche-ciephumons\/","og_locale":"fr_FR","og_type":"article","og_title":"Centre de recherche - Ci\u00e9phumons - Institut \/ Langage","og_description":"Centre de recherche &#8211; Ci\u00e9phumons Le\u00a0CI\u00c9PHUM,\u00a0fond\u00e9 en 1971 sous la forme d\u2019une association sans but lucratif (a.s.b.l.), avait pour objet de promouvoir au sein de l&rsquo;Universit\u00e9 de Mons la recherche interdisciplinaire sous toutes ses formes. Il \u00e9tait actif dans les domaines de la philosophie, des sciences et de la litt\u00e9rature. Il organisait des s\u00e9minaires d&rsquo;information [&hellip;]","og_url":"https:\/\/web.umons.ac.be\/langage\/fr\/centre-de-recherche-ciephumons\/","og_site_name":"Institut \/ Langage","article_modified_time":"2020-11-26T09:41:49+00:00","twitter_card":"summary_large_image","twitter_misc":{"Dur\u00e9e de lecture estim\u00e9e":"2 minutes"},"schema":{"@context":"https:\/\/schema.org","@graph":[{"@type":"WebPage","@id":"https:\/\/web.umons.ac.be\/langage\/fr\/centre-de-recherche-ciephumons\/","url":"https:\/\/web.umons.ac.be\/langage\/fr\/centre-de-recherche-ciephumons\/","name":"Centre de recherche - Ci\u00e9phumons - Institut \/ Langage","isPartOf":{"@id":"https:\/\/web.umons.ac.be\/langage\/#website"},"datePublished":"2020-11-25T13:32:11+00:00","dateModified":"2020-11-26T09:41:49+00:00","breadcrumb":{"@id":"https:\/\/web.umons.ac.be\/langage\/fr\/centre-de-recherche-ciephumons\/#breadcrumb"},"inLanguage":"fr-FR","potentialAction":[{"@type":"ReadAction","target":["https:\/\/web.umons.ac.be\/langage\/fr\/centre-de-recherche-ciephumons\/"]}]},{"@type":"BreadcrumbList","@id":"https:\/\/web.umons.ac.be\/langage\/fr\/centre-de-recherche-ciephumons\/#breadcrumb","itemListElement":[{"@type":"ListItem","position":1,"name":"Accueil","item":"https:\/\/web.umons.ac.be\/langage\/fr\/"},{"@type":"ListItem","position":2,"name":"Centre de recherche &#8211; Ci\u00e9phumons"}]},{"@type":"WebSite","@id":"https:\/\/web.umons.ac.be\/langage\/#website","url":"https:\/\/web.umons.ac.be\/langage\/","name":"Institut \/ Langage","description":"Un site utilisant Universit\u00e9 de Mons \u2013 UMONS","potentialAction":[{"@type":"SearchAction","target":{"@type":"EntryPoint","urlTemplate":"https:\/\/web.umons.ac.be\/langage\/?s={search_term_string}"},"query-input":{"@type":"PropertyValueSpecification","valueRequired":true,"valueName":"search_term_string"}}],"inLanguage":"fr-FR"}]}},"lang":"fr","translations":{"fr":353},"pll_sync_post":[],"_links":{"self":[{"href":"https:\/\/web.umons.ac.be\/langage\/wp-json\/wp\/v2\/pages\/353","targetHints":{"allow":["GET"]}}],"collection":[{"href":"https:\/\/web.umons.ac.be\/langage\/wp-json\/wp\/v2\/pages"}],"about":[{"href":"https:\/\/web.umons.ac.be\/langage\/wp-json\/wp\/v2\/types\/page"}],"author":[{"embeddable":true,"href":"https:\/\/web.umons.ac.be\/langage\/wp-json\/wp\/v2\/users\/4"}],"replies":[{"embeddable":true,"href":"https:\/\/web.umons.ac.be\/langage\/wp-json\/wp\/v2\/comments?post=353"}],"version-history":[{"count":11,"href":"https:\/\/web.umons.ac.be\/langage\/wp-json\/wp\/v2\/pages\/353\/revisions"}],"predecessor-version":[{"id":426,"href":"https:\/\/web.umons.ac.be\/langage\/wp-json\/wp\/v2\/pages\/353\/revisions\/426"}],"wp:attachment":[{"href":"https:\/\/web.umons.ac.be\/langage\/wp-json\/wp\/v2\/media?parent=353"}],"curies":[{"name":"wp","href":"https:\/\/api.w.org\/{rel}","templated":true}]}}

Centre de recherche &#8211; Ciéphumons

<h1>Centre de recherche &#8211; Ciéphumons</h1>
<p>Le <strong>CIÉPHUM</strong>, fondé en <strong>1971</strong> sous la forme d’une association sans but lucratif (a.s.b.l.), avait pour objet de promouvoir au sein de l&rsquo;Université de Mons la recherche interdisciplinaire sous toutes ses formes. Il était actif dans les domaines de la philosophie, des sciences et de la littérature.</p>
<ul>
<li>Il organisait des séminaires d&rsquo;information et de recherches ou des colloques</li>
<li>Il entretenait avec les centres similaires belges et étrangers des relations effectives</li>
<li>Il publiait surtout une revue, les <strong><em>Cahiers internationaux de symbolisme</em></strong>, revue fondée en <strong>1962</strong> par le docteur Moïse Engelson et Claire Lejeune. La liste de ses membres fondateurs est impressionnante, puisqu’on y trouve, entre autres, Gaston Bachelard, Gilbert Durand, Mircea Eliade, Ferdinand Gonseth, Eugène Minkovsky, Paul Ricoeur, etc.</li>
</ul>
<p>La revue est interdisciplinaire, c’est sa raison d’être : de l’origine à nos jours, elle s’est fixé comme objectif d’étudier le symbole et d’élucider la nature de ses multiples relations avec les sciences exactes, les sciences humaines, la tradition, l’art, les religions.</p>
<p>Annuelle, la revue centre aujourd’hui chacune de ses livraisons sur deux thèmes, l’un lié aux études de genre et à la Journée d’études annuelle organisée à l’UMONS (novembre) : <strong>Genre et littératures</strong> (2020), Genre et arts (2019), genre et guerre (2018), etc. ; et l’autre, susceptible de trouver un écho auprès de chercheurs d’obédiences diverses : le Non-Dit (2013), Monstres (2014), Patrimoines (2015), Genre (2016), Sciences et littérature (2017), Guerre (2018), Fiction (2019), <strong>Limites de la Vie</strong> (2020).</p>
<p>Le volume triple paru fin 2019 (n°152 &#8211; n°153 &#8211; n°154) avait pour thèmes Fiction / Genre et arts.</p>
<p>En juillet 2020, l’a.s.b.l. a été dissoute, et le CIÉPHUM est devenu le <strong>Ciéphumons</strong>, Centre de recherche de l’Institut Langage (Institut de Recherche en Sciences et Technologies du Langage, IRSTL). Le nouveau centre a été fondé pour poursuivre très précisément les missions de l’a.s.b.l. : promouvoir la recherche interdisciplinaire et la réflexion sur <strong>l’interdisciplinarité</strong>, organiser des séminaires, des journées d’études ou des colloques, publier la revue annuelle les <strong><em>Cahiers internationaux de symbolisme</em></strong>.</p>
<hr />
<p>Les 9 et 10 décembre 2021, le Ciéphumons organisera un colloque international et interdisciplinaire sur le thème « Résistance/Langage ». Les propositions de communication peuvent être envoyées à <a href="mailto:catherine.gravet@umons.ac.be">catherine.gravet@umons.ac.be</a> et <a href="mailto:lobke.ghesquiere@umons.ac.be">lobke.ghesquiere@umons.ac.be</a>.</p>
<p>Voir l’appel sur <a href="https://www.fabula.org/actualites/resistance-et-langage-colloque-de-l-institut-de-recherche-en-science-et-technologies-du-langage_95618.php">fabula.org</a></p>
<hr />
<p>Présidence : Bernard Harmegnies et Catherine Gravet. Vice-présidence : Pierre Gillis. Secrétariat : Thea Rimini.</p>
<p>Retrouvez la liste des publications (couvertures et sommaires) ainsi qu&rsquo;une sélection d&rsquo;articles ci-dessous.</p>
<p>Pour tout contact, <a href="mailto:catherine.gravet@umons.ac.be">catherine.gravet@umons.ac.be</a>, <a href="mailto:pierre.gillis@umons.ac.be">pierre.gillis@umons.ac.be</a></p>
<start-cask-shortcode-wrapper><end-cask-shortcode-wrapper>

<p>Centre de recherche &#8211; Ciéphumons Le CIÉPHUM, fondé en 1971 sous la forme d’une association sans but lucratif (a.s.b.l.), avait pour objet de promouvoir au sein de l&rsquo;Université de Mons la recherche interdisciplinaire sous toutes ses formes. Il était actif dans les domaines de la philosophie, des sciences et de la littérature. Il organisait des séminaires d&rsquo;information [&hellip;]</p>

<!-- This site is optimized with the Yoast SEO plugin v27.2 - https://yoast.com/product/yoast-seo-wordpress/ -->
<title>Centre de recherche - Ciéphumons - Institut / Langage</title>
<meta name="robots" content="index, follow, max-snippet:-1, max-image-preview:large, max-video-preview:-1" />
<link rel="canonical" href="https://web.umons.ac.be/langage/fr/centre-de-recherche-ciephumons/" />
<meta property="og:locale" content="fr_FR" />
<meta property="og:type" content="article" />
<meta property="og:title" content="Centre de recherche - Ciéphumons - Institut / Langage" />
<meta property="og:description" content="Centre de recherche &#8211; Ciéphumons Le CIÉPHUM, fondé en 1971 sous la forme d’une association sans but lucratif (a.s.b.l.), avait pour objet de promouvoir au sein de l&rsquo;Université de Mons la recherche interdisciplinaire sous toutes ses formes. Il était actif dans les domaines de la philosophie, des sciences et de la littérature. Il organisait des séminaires d&rsquo;information [&hellip;]" />
<meta property="og:url" content="https://web.umons.ac.be/langage/fr/centre-de-recherche-ciephumons/" />
<meta property="og:site_name" content="Institut / Langage" />
<meta property="article:modified_time" content="2020-11-26T09:41:49+00:00" />
<meta name="twitter:card" content="summary_large_image" />
<meta name="twitter:label1" content="Durée de lecture estimée" />
	<meta name="twitter:data1" content="2 minutes" />
<script type="application/ld+json" class="yoast-schema-graph">{"@context":"https://schema.org","@graph":[{"@type":"WebPage","@id":"https://web.umons.ac.be/langage/fr/centre-de-recherche-ciephumons/","url":"https://web.umons.ac.be/langage/fr/centre-de-recherche-ciephumons/","name":"Centre de recherche - Ciéphumons - Institut / Langage","isPartOf":{"@id":"https://web.umons.ac.be/langage/#website"},"datePublished":"2020-11-25T13:32:11+00:00","dateModified":"2020-11-26T09:41:49+00:00","breadcrumb":{"@id":"https://web.umons.ac.be/langage/fr/centre-de-recherche-ciephumons/#breadcrumb"},"inLanguage":"fr-FR","potentialAction":[{"@type":"ReadAction","target":["https://web.umons.ac.be/langage/fr/centre-de-recherche-ciephumons/"]}]},{"@type":"BreadcrumbList","@id":"https://web.umons.ac.be/langage/fr/centre-de-recherche-ciephumons/#breadcrumb","itemListElement":[{"@type":"ListItem","position":1,"name":"Accueil","item":"https://web.umons.ac.be/langage/fr/"},{"@type":"ListItem","position":2,"name":"Centre de recherche &#8211; Ciéphumons"}]},{"@type":"WebSite","@id":"https://web.umons.ac.be/langage/#website","url":"https://web.umons.ac.be/langage/","name":"Institut / Langage","description":"Un site utilisant Université de Mons – UMONS","potentialAction":[{"@type":"SearchAction","target":{"@type":"EntryPoint","urlTemplate":"https://web.umons.ac.be/langage/?s={search_term_string}"},"query-input":{"@type":"PropertyValueSpecification","valueRequired":true,"valueName":"search_term_string"}}],"inLanguage":"fr-FR"}]}</script>
<!-- / Yoast SEO plugin. -->

Centre de recherche - Ciéphumons - Institut / Langage

Centre de recherche &#8211; Ciéphumons Le CIÉPHUM, fondé en 1971 sous la forme d’une association sans but lucratif (a.s.b.l.), avait pour objet de promouvoir au sein de l&rsquo;Université de Mons la recherche interdisciplinaire sous toutes ses formes. Il était actif dans les domaines de la philosophie, des sciences et de la littérature. Il organisait des séminaires d&rsquo;information [&hellip;]

Un site utilisant Université de Mons – UMONS
