{"id":69,"date":"2017-09-08T17:37:33","date_gmt":"2017-09-08T15:37:33","guid":{"rendered":"https:\/\/web.umons.ac.be\/langage\/?page_id=69"},"modified":"2024-12-14T15:40:48","modified_gmt":"2024-12-14T14:40:48","slug":"membres","status":"publish","type":"page","link":"https:\/\/web.umons.ac.be\/langage\/fr\/membres\/","title":{"rendered":"Membres"},"content":{"rendered":"<h6 style=\"font-weight: 400;\"><span style=\"color: #00abcc;\"><strong>Pr\u00e9sidente de l\u2019Institut \u2013 Anne Staquet<\/strong><\/span><\/h6>\n<h1 style=\"font-weight: 400;\"><strong>Services membres effectifs de l&rsquo;Institut de Recherche :<\/strong><\/h1>\n<table style=\"font-weight: 400; width: 90.7621%; height: 6604px;\" width=\"708\">\n<tbody>\n<tr style=\"height: 277px;\">\n<td style=\"width: 770px; height: 277px;\" width=\"466\"><strong>Anatomie humaine et Oncologie exp\u00e9rimentale<\/strong><\/p>\n<ul>\n<li>DAPRI Giovanni<\/li>\n<li>DESCAMPS G\u00e9raldine<\/li>\n<li>LEROY Delphine<\/li>\n<li>MHAIDLY Nour<\/li>\n<li>PICRON Patrick<\/li>\n<li>SAUSSEZ Sven<\/li>\n<li>TRELCAT Anne<\/li>\n<\/ul>\n<\/td>\n<td style=\"width: 187px; height: 277px;\" width=\"113\">FMP<\/td>\n<\/tr>\n<tr style=\"height: 853px;\">\n<td style=\"width: 770px; height: 853px;\"><strong>M\u00e9trologie et Sciences du langage<\/strong><\/p>\n<ul>\n<li>ATTOUT Lucie<\/li>\n<li>BASAGLIA-PAPPAS Sandrine<\/li>\n<li>BOUMAZGUIDA Karim<\/li>\n<li>BRAUN Alain<\/li>\n<li>DAMAR Marie-Eve<\/li>\n<li>DEGHORAIN Pauline<\/li>\n<li>DELVAUX V\u00e9ronique<\/li>\n<li>DEMANET Laurence<\/li>\n<li>FAGNIART Sophie<\/li>\n<li>FINCK Camille<\/li>\n<li>GOESEELS Eva<\/li>\n<li>HUET Kathy<\/li>\n<li>LECHIEN Alain<\/li>\n<li>LECHIEN J\u00e9rome<\/li>\n<li>LOPEZ GARCIA Patricia<\/li>\n<li>MANTO Mario<\/li>\n<li>MATHEY Estelle<\/li>\n<li>MICELLI Aur\u00e9lie<\/li>\n<li>MIRI Meryem<\/li>\n<li>NOPERE Martin<\/li>\n<li>PICCALUGA Myriam<\/li>\n<li>PIERART Bernadette<\/li>\n<li>RODBERG Aubin<\/li>\n<li>ROLAND Virginie<\/li>\n<li>TERNY Lola<\/li>\n<li>THOMAS Nathalie<\/li>\n<\/ul>\n<\/td>\n<td style=\"width: 187px; height: 853px;\">FPSE<\/td>\n<\/tr>\n<tr id=\"MainContent_ASPxCallbackPanel1_ASPxGVInstituts_dxdt4_ASPxGVServicesInstitut_4_DXDataRow2\" class=\"dxgvDataRow\" style=\"height: 478px;\">\n<td class=\"dxgv\" style=\"width: 770px; height: 478px;\"><strong>Service de Philosophie et Histoire des Sciences<\/strong><\/p>\n<ul>\n<li>ATTARD J\u00e9r\u00e9my<\/li>\n<li>BRANDELET Antoine<\/li>\n<li>CALLAERTS Nephtali<\/li>\n<li>DATH Annick<\/li>\n<li>DEMAZEUX Steeves<\/li>\n<li>DESSEILLES Martin<\/li>\n<li>ENGLEBERT J\u00e9rome<\/li>\n<li>GODFROID Ivan<\/li>\n<li>KORNREICH Charles<\/li>\n<li>LEISTEDT SAMUEL<\/li>\n<li>ROSSIGNOL Mandy<\/li>\n<li>STAQUET Anne<\/li>\n<li>TOURBEZ Clara<\/li>\n<li>VU DUC Doan<\/li>\n<\/ul>\n<\/td>\n<td style=\"width: 187px; height: 478px;\">FS<\/td>\n<\/tr>\n<tr id=\"MainContent_ASPxCallbackPanel1_ASPxGVInstituts_dxdt4_ASPxGVServicesInstitut_4_dxdt2_4_ASPxGVPersonnelService_2_DXDataRow1\" class=\"dxgvDataRow\" style=\"height: 248px;\">\n<td class=\"dxgv\" style=\"width: 770px; height: 248px;\"><strong>Service de Traduction, Langues et Cultures chinoises et est-asiatiques<\/strong><\/p>\n<ul>\n<li>ALOISIO Lo\u00efc<\/li>\n<li>HAYETTE Manon<\/li>\n<li>HENRY Kevin<\/li>\n<li>JIANG Ning<\/li>\n<li>SCHOONBROODT Soizic<\/li>\n<li>WILKIN Sorenza<\/li>\n<\/ul>\n<\/td>\n<td style=\"width: 187px; height: 248px;\">FTI-EII<\/td>\n<\/tr>\n<tr id=\"MainContent_ASPxCallbackPanel1_ASPxGVInstituts_dxdt4_ASPxGVServicesInstitut_4_DXDataRow4\" class=\"dxgvDataRow\" style=\"height: 421px;\">\n<td class=\"dxgv\" style=\"width: 770px; height: 421px;\"><strong>Service de Traductologie, Langue et Culture n\u00e9erlandaises<\/strong><\/p>\n<ul>\n<li>BAYENET Fabienne<\/li>\n<li>CALLEBAUT Inge<\/li>\n<li>CARDOEN Hanne<\/li>\n<li>DENEUFBOURG Guillaume<\/li>\n<li>KYGNEE Paulien<\/li>\n<li>MILORADOVIC Thomas<\/li>\n<li>MOLNAR C\u00e9line<\/li>\n<li>NICAISE Laurent<\/li>\n<li>PRIEELS Lynn<\/li>\n<li>SPORCQ Aur\u00e9lie<\/li>\n<li>STILMANT Nathana\u00ebl<\/li>\n<li>VANDERBAUWHEDE Gudrun<\/li>\n<\/ul>\n<\/td>\n<td style=\"width: 187px; height: 421px;\">FTI-EII<\/td>\n<\/tr>\n<tr id=\"MainContent_ASPxCallbackPanel1_ASPxGVInstituts_dxdt4_ASPxGVServicesInstitut_4_dxdt2_4_ASPxGVPersonnelService_2_DXDataRow3\" class=\"dxgvDataRow\" style=\"height: 52px;\">\n<td class=\"dxgv\" style=\"width: 770px; height: 52px;\"><strong>Service d&rsquo;Electrophysiologie<\/strong><\/td>\n<td style=\"width: 187px; height: 52px;\">FPSE<\/td>\n<\/tr>\n<tr id=\"MainContent_ASPxCallbackPanel1_ASPxGVInstituts_dxdt4_ASPxGVServicesInstitut_4_dxdt2_4_ASPxGVPersonnelService_2_DXDataRow4\" class=\"dxgvDataRow\" style=\"height: 306px;\">\n<td class=\"dxgv\" style=\"width: 770px; height: 306px;\"><strong>Service des Arts et Techniques de Repr\u00e9sentation<\/strong><\/p>\n<ul>\n<li>BOLLEN Lydia<\/li>\n<li>DANHAIVE Louise<\/li>\n<li>DARCIS Damien<\/li>\n<li>HENIN Henri<\/li>\n<li>LIENAERT J\u00e9r\u00e9my<\/li>\n<li>RANIERI Marjorie<\/li>\n<li>SUINEN Cathy<\/li>\n<li>VERSPEELT Franck<\/li>\n<\/ul>\n<\/td>\n<td style=\"width: 187px; height: 306px;\">FA+U<\/td>\n<\/tr>\n<tr id=\"MainContent_ASPxCallbackPanel1_ASPxGVInstituts_dxdt4_ASPxGVServicesInstitut_4_dxdt2_4_ASPxGVPersonnelService_2_DXDataRow5\" class=\"dxgvDataRow\" style=\"height: 306px;\">\n<td class=\"dxgv\" style=\"width: 770px; height: 306px;\"><strong>Service des Etudes nordiques<\/strong><\/p>\n<ul>\n<li>BROUILLARD Elisabet<\/li>\n<li>DALODIERE Romuald<\/li>\n<li>DEGUELDRE Julien<\/li>\n<li>DELNESTE St\u00e9phanie<\/li>\n<li>ERIKSEN Margrethe<\/li>\n<li>VAN CEULEBROECK Peggy<\/li>\n<li>VAN GYSEL B\u00e9n\u00e9dicte<\/li>\n<li>VANDERSMISSEN Sabine<\/li>\n<\/ul>\n<\/td>\n<td style=\"width: 187px; height: 306px;\">FTI-EII<\/td>\n<\/tr>\n<tr id=\"MainContent_ASPxCallbackPanel1_ASPxGVInstituts_dxdt4_ASPxGVServicesInstitut_4_dxdt2_4_ASPxGVPersonnelService_2_DXDataRow6\" class=\"dxgvDataRow\" style=\"height: 795px;\">\n<td class=\"dxgv\" style=\"width: 770px; height: 795px;\"><strong>Service d&rsquo;Etudes anglaises : Litt\u00e9rature, langue, interpr\u00e9tation et traduction<\/strong><\/p>\n<ul>\n<li>CUVELIER Odile<\/li>\n<li>DAMMAN Annick<\/li>\n<li>DE FARIA PIRES Lo\u00efc<\/li>\n<li>DESMET Manon<\/li>\n<li>DESMONS Axelle<\/li>\n<li>GEORGES Juliette<\/li>\n<li>GHESQUIERE Lobke<\/li>\n<li>GIANCOLA Kiara<\/li>\n<li>GOLDENBERG Thomas<\/li>\n<li>GUILLAUME Sylvie<\/li>\n<li>HODJIKJ Ena<\/li>\n<li>LEBURTON Corinne<\/li>\n<li>LOUCKX Audrey<\/li>\n<li>MARION Jesse<\/li>\n<li>MEULENYZER Pierre<\/li>\n<li>MEYERS Charl\u00e8ne<\/li>\n<li>MOREAU Eponine<\/li>\n<li>OGBOURNE Kay<\/li>\n<li>ROBERTSON Jean<\/li>\n<li>SCOURNEAU Valentin<\/li>\n<li>TROUGHTON Faye<\/li>\n<li>VALVERDE Marine<\/li>\n<li>VATTHANATHAM Gabrielle<\/li>\n<li>VEYS Mathieu<\/li>\n<li>VINCENT Val\u00e9rie<\/li>\n<\/ul>\n<\/td>\n<td style=\"width: 187px; height: 795px;\">FTI-EII<\/td>\n<\/tr>\n<tr id=\"MainContent_ASPxCallbackPanel1_ASPxGVInstituts_dxdt4_ASPxGVServicesInstitut_4_DXDataRow9\" class=\"dxgvDataRow\" style=\"height: 392px;\">\n<td class=\"dxgv\" style=\"width: 770px; height: 392px;\"><strong>Service d&rsquo;Etudes et de Recherches sur l&rsquo;Espace Germanophone<\/strong><\/p>\n<ul>\n<li>BODY Natacha<\/li>\n<li>BOURGUET Virginie<\/li>\n<li>COSTA B\u00e9atrice<\/li>\n<li>HEUPGEN Traudl<\/li>\n<li>HOLTSCHI Vera<\/li>\n<li>KAZMIERCZAK Laure<\/li>\n<li>KINATEDER Elke<\/li>\n<li>LAMBILLOTTE Camille<\/li>\n<li>NOEL Indra<\/li>\n<li>PFLEGER Ralf<\/li>\n<li>VERPRAET R\u00e9gis<\/li>\n<\/ul>\n<\/td>\n<td style=\"width: 187px; height: 392px;\">FTI-EII<\/td>\n<\/tr>\n<tr id=\"MainContent_ASPxCallbackPanel1_ASPxGVInstituts_dxdt4_ASPxGVServicesInstitut_4_DXDataRow10\" class=\"dxgvDataRow\" style=\"height: 738px;\">\n<td class=\"dxgv\" style=\"width: 770px; height: 738px;\"><strong>Service d&rsquo;\u00e9tudes fran\u00e7aises et francophones<\/strong><\/p>\n<ul>\n<li>BERRE Michel<\/li>\n<li>CALLET St\u00e9phanie<\/li>\n<li>CASTADOT Elisabeth<\/li>\n<li>CIACCIA Fabrice<\/li>\n<li>DAKHOUCHE Farida<\/li>\n<li>DELSAUT Maxence<\/li>\n<li>FAUVAUX Thierry<\/li>\n<li>FILLEUL Fran\u00e7ois<\/li>\n<li>GIOIELLA Marina<\/li>\n<li>GRAVET Catherine<\/li>\n<li>GUILLERMO Juan Miguel<\/li>\n<li>JANDRAIN Tiffany<\/li>\n<li>MOSKOVCHENKO Daniil<\/li>\n<li>ODAERT Olivier<\/li>\n<li>PETTY William<\/li>\n<li>PIETTE Isabelle<\/li>\n<li>POLYCHRONIS Pierre<\/li>\n<li>RADOMME Barbara<\/li>\n<li>RONDOU Katherine<\/li>\n<li>SARTENAR Aude<\/li>\n<li>SAUVAGE Olivier<\/li>\n<li>SLUNECKO Mich\u00e8le<\/li>\n<li>VEYS Nathalie<\/li>\n<\/ul>\n<\/td>\n<td style=\"width: 187px; height: 738px;\">FTI-EII<\/td>\n<\/tr>\n<tr id=\"MainContent_ASPxCallbackPanel1_ASPxGVInstituts_dxdt4_ASPxGVServicesInstitut_4_DXDataRow11\" class=\"dxgvDataRow\" style=\"height: 392px;\">\n<td class=\"dxgv\" style=\"width: 770px; height: 392px;\"><strong>Service d&rsquo;\u00e9tudes ib\u00e9riques et ib\u00e9ro-am\u00e9ricaines<\/strong><\/p>\n<ul>\n<li>BONET BOFILL Marta<\/li>\n<li>DA SILVA CARVALHO Angelica<\/li>\n<li>DOZIER Sarah<\/li>\n<li>FRANCISCO SANCHEZ Gonzalo<\/li>\n<li>GARCIA CALERO Jos\u00e9 Miguel<\/li>\n<li>GILLET Manon<\/li>\n<li>HUERDO MORENO Cristal<\/li>\n<li>JIMENEZ-SALCEDO Juan<\/li>\n<li>LABIE Martin<\/li>\n<li>REMUE Anne-Christelle<\/li>\n<li>VERMEERSCH Fran\u00e7ois<\/li>\n<\/ul>\n<\/td>\n<td style=\"width: 187px; height: 392px;\">FTI-EII<\/td>\n<\/tr>\n<tr id=\"MainContent_ASPxCallbackPanel1_ASPxGVInstituts_dxdt4_ASPxGVServicesInstitut_4_DXDataRow12\" class=\"dxgvDataRow\" style=\"height: 280px;\">\n<td class=\"dxgv\" style=\"width: 770px; height: 280px;\"><strong>Service d&rsquo;Etudes italiennes<\/strong><\/p>\n<ul>\n<li>CARFAGNINI Astrid<\/li>\n<li>COCCIUTI Astrid<\/li>\n<li>DE CRISTOFARO Marco<\/li>\n<li>IMOLA Letizia<\/li>\n<li>MARINUCCI Giulia<\/li>\n<li>PICCINELLI Mylena<\/li>\n<li>PIEROPAN Laurence<\/li>\n<li>RIMINI Thea<\/li>\n<li>ZUCCHERO Roxane<\/li>\n<\/ul>\n<\/td>\n<td style=\"width: 187px; height: 280px;\">FTI-EII<\/td>\n<\/tr>\n<tr id=\"MainContent_ASPxCallbackPanel1_ASPxGVInstituts_dxdt4_ASPxGVServicesInstitut_4_DXDataRow13\" class=\"dxgvDataRow\" style=\"height: 899px;\">\n<td class=\"dxgv\" style=\"width: 770px; height: 899px;\"><strong>Service Langues et Internationalisation\u00a0<\/strong><\/p>\n<ul>\n<li>ADAM V\u00e9ronique<\/li>\n<li>BARBIEUX Cindy<\/li>\n<li>BOUCHET B\u00e9n\u00e9dicte<\/li>\n<li>BOUSSAUW Maarten<\/li>\n<li>BRUYNS C\u00e9dric<\/li>\n<li>CHAINAYE Laurence<\/li>\n<li>CLOSSET Nathalie<\/li>\n<li>DASTY Florence<\/li>\n<li>DE MONTIS Wendy<\/li>\n<li>DE RO Sarah<\/li>\n<li>DELMOTTE Sophie<\/li>\n<li>DEMARET Lisa<\/li>\n<li>DESMET Manon<\/li>\n<li>DEVILEZ Nicolas<\/li>\n<li>DICKSON Natalie<\/li>\n<li>DRUART Camille<\/li>\n<li>FONTANA Ana\u00efs<\/li>\n<li>GOLDENBERG Thomas<\/li>\n<li>GORTON Amy<\/li>\n<li>GRISEZ Viviane<\/li>\n<li>HANUS Anne<\/li>\n<li>LAURENT C\u00e9line<\/li>\n<li>MACALUSO Fr\u00e9d\u00e9ric<\/li>\n<li>MICHAUX Christine<\/li>\n<li>NAVEAU Manon<\/li>\n<li>OMER Ciler<\/li>\n<li>PUZZO Lisa<\/li>\n<li>RECKMANS Sandy<\/li>\n<li>REKARIS Alexandre<\/li>\n<li>SCHUTZ Pierrette<\/li>\n<li>STEVENS Leen<\/li>\n<li>VAN LANCKER Ingrid<\/li>\n<li>VEYS Nathalie<\/li>\n<li>WAIMBERG D\u00e9borah<\/li>\n<li>WALASZCZYK Julie<\/li>\n<\/ul>\n<\/td>\n<td style=\"width: 187px; height: 899px;\">FTI-EII<\/td>\n<\/tr>\n<\/tbody>\n<\/table>\n<h4 style=\"font-weight: 400;\"><span style=\"color: #c40242;\"><strong>Membres adh\u00e9rents \u00e0 titre personnel :<\/strong><\/span><\/h4>\n<ul style=\"font-weight: 400;\">\n<li>BAYLE David<\/li>\n<li>CARFAGNINI Astrid<\/li>\n<li>COSTA B\u00e9atrice<\/li>\n<li>DAKHOUCHE Farida<\/li>\n<li>DARCIS Damien<\/li>\n<li>DUTOIT Thierry<\/li>\n<li>GIANCOLA Kiara<\/li>\n<li>GIOIELLA Marina<\/li>\n<li>GRISEZ Viviane<\/li>\n<li>HARMEGNIES Bernard<\/li>\n<li>IMOLA Letizia<\/li>\n<li>JANDRAIN Tiffany<\/li>\n<li>JIMENEZ-SALCEDO Juan<\/li>\n<li>KAZMIERCZAK Laure<\/li>\n<li>MEYERS Charl\u00e8ne<\/li>\n<li>MOSKOVCHENKO Daniil<\/li>\n<li>ODAERT Olivier<\/li>\n<li>PIEROPAN Laurence<\/li>\n<li>SAFAR Hayssam<\/li>\n<li>STAQUET Anne<\/li>\n<li>STILMANT Nathana\u00ebl<\/li>\n<li>VAN MALDEREN Sophie<\/li>\n<li>VANDERBAUWHEDE Gudrun<\/li>\n<li>VEYS Mathieu (533548)<\/li>\n<\/ul>\n","protected":false},"excerpt":{"rendered":"<p>Pr\u00e9sidente de l\u2019Institut \u2013 Anne Staquet Services membres effectifs de l&rsquo;Institut de Recherche : Anatomie humaine et Oncologie exp\u00e9rimentale DAPRI Giovanni DESCAMPS G\u00e9raldine LEROY Delphine MHAIDLY Nour PICRON Patrick SAUSSEZ Sven TRELCAT Anne FMP M\u00e9trologie et Sciences du langage ATTOUT Lucie BASAGLIA-PAPPAS Sandrine BOUMAZGUIDA Karim BRAUN Alain DAMAR Marie-Eve DEGHORAIN Pauline DELVAUX V\u00e9ronique DEMANET Laurence [&hellip;]<\/p>\n","protected":false},"author":2,"featured_media":0,"parent":0,"menu_order":0,"comment_status":"closed","ping_status":"closed","template":"","meta":{"footnotes":""},"class_list":["post-69","page","type-page","status-publish","hentry"],"yoast_head":"<!-- This site is optimized with the Yoast SEO plugin v27.2 - https:\/\/yoast.com\/product\/yoast-seo-wordpress\/ -->\n<title>Membres - Institut \/ Langage<\/title>\n<meta name=\"robots\" content=\"index, follow, max-snippet:-1, max-image-preview:large, max-video-preview:-1\" \/>\n<link rel=\"canonical\" href=\"https:\/\/web.umons.ac.be\/langage\/fr\/membres\/\" \/>\n<meta property=\"og:locale\" content=\"fr_FR\" \/>\n<meta property=\"og:type\" content=\"article\" \/>\n<meta property=\"og:title\" content=\"Membres - Institut \/ Langage\" \/>\n<meta property=\"og:description\" content=\"Pr\u00e9sidente de l\u2019Institut \u2013 Anne Staquet Services membres effectifs de l&rsquo;Institut de Recherche : Anatomie humaine et Oncologie exp\u00e9rimentale DAPRI Giovanni DESCAMPS G\u00e9raldine LEROY Delphine MHAIDLY Nour PICRON Patrick SAUSSEZ Sven TRELCAT Anne FMP M\u00e9trologie et Sciences du langage ATTOUT Lucie BASAGLIA-PAPPAS Sandrine BOUMAZGUIDA Karim BRAUN Alain DAMAR Marie-Eve DEGHORAIN Pauline DELVAUX V\u00e9ronique DEMANET Laurence [&hellip;]\" \/>\n<meta property=\"og:url\" content=\"https:\/\/web.umons.ac.be\/langage\/fr\/membres\/\" \/>\n<meta property=\"og:site_name\" content=\"Institut \/ Langage\" \/>\n<meta property=\"article:modified_time\" content=\"2024-12-14T14:40:48+00:00\" \/>\n<meta name=\"twitter:card\" content=\"summary_large_image\" \/>\n<meta name=\"twitter:label1\" content=\"Dur\u00e9e de lecture estim\u00e9e\" \/>\n\t<meta name=\"twitter:data1\" content=\"3 minutes\" \/>\n<script type=\"application\/ld+json\" class=\"yoast-schema-graph\">{\"@context\":\"https:\/\/schema.org\",\"@graph\":[{\"@type\":\"WebPage\",\"@id\":\"https:\/\/web.umons.ac.be\/langage\/fr\/membres\/\",\"url\":\"https:\/\/web.umons.ac.be\/langage\/fr\/membres\/\",\"name\":\"Membres - Institut \/ Langage\",\"isPartOf\":{\"@id\":\"https:\/\/web.umons.ac.be\/langage\/#website\"},\"datePublished\":\"2017-09-08T15:37:33+00:00\",\"dateModified\":\"2024-12-14T14:40:48+00:00\",\"breadcrumb\":{\"@id\":\"https:\/\/web.umons.ac.be\/langage\/fr\/membres\/#breadcrumb\"},\"inLanguage\":\"fr-FR\",\"potentialAction\":[{\"@type\":\"ReadAction\",\"target\":[\"https:\/\/web.umons.ac.be\/langage\/fr\/membres\/\"]}]},{\"@type\":\"BreadcrumbList\",\"@id\":\"https:\/\/web.umons.ac.be\/langage\/fr\/membres\/#breadcrumb\",\"itemListElement\":[{\"@type\":\"ListItem\",\"position\":1,\"name\":\"Accueil\",\"item\":\"https:\/\/web.umons.ac.be\/langage\/fr\/\"},{\"@type\":\"ListItem\",\"position\":2,\"name\":\"Membres\"}]},{\"@type\":\"WebSite\",\"@id\":\"https:\/\/web.umons.ac.be\/langage\/#website\",\"url\":\"https:\/\/web.umons.ac.be\/langage\/\",\"name\":\"Institut \/ Langage\",\"description\":\"Un site utilisant Universit\u00e9 de Mons \u2013 UMONS\",\"potentialAction\":[{\"@type\":\"SearchAction\",\"target\":{\"@type\":\"EntryPoint\",\"urlTemplate\":\"https:\/\/web.umons.ac.be\/langage\/?s={search_term_string}\"},\"query-input\":{\"@type\":\"PropertyValueSpecification\",\"valueRequired\":true,\"valueName\":\"search_term_string\"}}],\"inLanguage\":\"fr-FR\"}]}<\/script>\n<!-- \/ Yoast SEO plugin. -->","yoast_head_json":{"title":"Membres - Institut \/ Langage","robots":{"index":"index","follow":"follow","max-snippet":"max-snippet:-1","max-image-preview":"max-image-preview:large","max-video-preview":"max-video-preview:-1"},"canonical":"https:\/\/web.umons.ac.be\/langage\/fr\/membres\/","og_locale":"fr_FR","og_type":"article","og_title":"Membres - Institut \/ Langage","og_description":"Pr\u00e9sidente de l\u2019Institut \u2013 Anne Staquet Services membres effectifs de l&rsquo;Institut de Recherche : Anatomie humaine et Oncologie exp\u00e9rimentale DAPRI Giovanni DESCAMPS G\u00e9raldine LEROY Delphine MHAIDLY Nour PICRON Patrick SAUSSEZ Sven TRELCAT Anne FMP M\u00e9trologie et Sciences du langage ATTOUT Lucie BASAGLIA-PAPPAS Sandrine BOUMAZGUIDA Karim BRAUN Alain DAMAR Marie-Eve DEGHORAIN Pauline DELVAUX V\u00e9ronique DEMANET Laurence [&hellip;]","og_url":"https:\/\/web.umons.ac.be\/langage\/fr\/membres\/","og_site_name":"Institut \/ Langage","article_modified_time":"2024-12-14T14:40:48+00:00","twitter_card":"summary_large_image","twitter_misc":{"Dur\u00e9e de lecture estim\u00e9e":"3 minutes"},"schema":{"@context":"https:\/\/schema.org","@graph":[{"@type":"WebPage","@id":"https:\/\/web.umons.ac.be\/langage\/fr\/membres\/","url":"https:\/\/web.umons.ac.be\/langage\/fr\/membres\/","name":"Membres - Institut \/ Langage","isPartOf":{"@id":"https:\/\/web.umons.ac.be\/langage\/#website"},"datePublished":"2017-09-08T15:37:33+00:00","dateModified":"2024-12-14T14:40:48+00:00","breadcrumb":{"@id":"https:\/\/web.umons.ac.be\/langage\/fr\/membres\/#breadcrumb"},"inLanguage":"fr-FR","potentialAction":[{"@type":"ReadAction","target":["https:\/\/web.umons.ac.be\/langage\/fr\/membres\/"]}]},{"@type":"BreadcrumbList","@id":"https:\/\/web.umons.ac.be\/langage\/fr\/membres\/#breadcrumb","itemListElement":[{"@type":"ListItem","position":1,"name":"Accueil","item":"https:\/\/web.umons.ac.be\/langage\/fr\/"},{"@type":"ListItem","position":2,"name":"Membres"}]},{"@type":"WebSite","@id":"https:\/\/web.umons.ac.be\/langage\/#website","url":"https:\/\/web.umons.ac.be\/langage\/","name":"Institut \/ Langage","description":"Un site utilisant Universit\u00e9 de Mons \u2013 UMONS","potentialAction":[{"@type":"SearchAction","target":{"@type":"EntryPoint","urlTemplate":"https:\/\/web.umons.ac.be\/langage\/?s={search_term_string}"},"query-input":{"@type":"PropertyValueSpecification","valueRequired":true,"valueName":"search_term_string"}}],"inLanguage":"fr-FR"}]}},"lang":"fr","translations":{"fr":69,"en":143},"pll_sync_post":[],"_links":{"self":[{"href":"https:\/\/web.umons.ac.be\/langage\/wp-json\/wp\/v2\/pages\/69","targetHints":{"allow":["GET"]}}],"collection":[{"href":"https:\/\/web.umons.ac.be\/langage\/wp-json\/wp\/v2\/pages"}],"about":[{"href":"https:\/\/web.umons.ac.be\/langage\/wp-json\/wp\/v2\/types\/page"}],"author":[{"embeddable":true,"href":"https:\/\/web.umons.ac.be\/langage\/wp-json\/wp\/v2\/users\/2"}],"replies":[{"embeddable":true,"href":"https:\/\/web.umons.ac.be\/langage\/wp-json\/wp\/v2\/comments?post=69"}],"version-history":[{"count":5,"href":"https:\/\/web.umons.ac.be\/langage\/wp-json\/wp\/v2\/pages\/69\/revisions"}],"predecessor-version":[{"id":596,"href":"https:\/\/web.umons.ac.be\/langage\/wp-json\/wp\/v2\/pages\/69\/revisions\/596"}],"wp:attachment":[{"href":"https:\/\/web.umons.ac.be\/langage\/wp-json\/wp\/v2\/media?parent=69"}],"curies":[{"name":"wp","href":"https:\/\/api.w.org\/{rel}","templated":true}]}}