{"id":81,"date":"2017-09-22T15:29:31","date_gmt":"2017-09-22T13:29:31","guid":{"rendered":"https:\/\/web.umons.ac.be\/langage\/?page_id=81"},"modified":"2017-09-22T16:15:48","modified_gmt":"2017-09-22T14:15:48","slug":"etudes","status":"publish","type":"page","link":"https:\/\/web.umons.ac.be\/langage\/fr\/enseignement\/etudes\/","title":{"rendered":"Etudes"},"content":{"rendered":"<p>L\u2019UMONS, en lien avec l\u2019Institut de Recherche\u00a0en Sciences et Technologies du Langage,\u00a0organise un <strong>Master de sp\u00e9cialisation en\u00a0Sciences du Langage<\/strong>, destin\u00e9 \u00e0 des dipl\u00f4m\u00e9s\u00a0de <strong>2\u00e8me cycle<\/strong>. Il vise \u00e0 donner \u00e0 l\u2019\u00e9tudiant une\u00a0formation de haut niveau assurant, d\u2019une part,\u00a0sa ma\u00eetrise du cadre g\u00e9n\u00e9ral des sciences du\u00a0langage et, d\u2019autre part, sa sp\u00e9cialisation dans\u00a0un secteur d\u00e9termin\u00e9.<\/p>\n<start-cask-shortcode-wrapper>\n<blockquote class=\"shortcode-testimonial scheme-langage\">\n    <div class=\"testimonial-quote\">\n        <div>Je suis licenci\u00e9e en traduction arabe, fran\u00e7ais, anglais et j\u2019ai obtenu, en 2009, un DEA en traductologie\r\nau sein de l\u2019ex-UMH. J\u2019ai opt\u00e9 pour l\u2019UMONS parce que j\u2019ai des parents qui y ont \u00e9tudi\u00e9.\r\nC\u2019e&hellip;<\/div>\n                <a href=\"#testimonial-modal-108\" class=\"button-secondary open-testimonial scheme-border scheme-color-hover-important\">\n            Poursuivre la lecture <span class=\"icon umons-icon-tail-right\" aria-hidden=\"true\"><\/span>\n        <\/a>\n            <\/div>\n    <div class=\"testimonial-author\">\n                <div class=\"testimonial-picture\">\n            <img decoding=\"async\" src=\"https:\/\/web.umons.ac.be\/app\/uploads\/sites\/39\/2017\/09\/16IRSTL-2016.pdf-Adobe-Acrobat-Pro-DC-1-80x80.jpg\" alt=\"\" \/>\n        <\/div>\n                <div class=\"testimonial-text\">\n            <div class=\"testimonial-identity\">\n                <span class=\"testimonial-author-name\">Nesrine Mokeddem<\/span>\n                            <\/div>\n            <div class=\"testimonial-meta\">\n                                            <\/div>\n        <\/div>\n    <\/div>\n<\/blockquote>\n<div id=\"testimonial-modal-108\" class=\"testimonial-modal-wrap normal\" style=\"display: none;\">\n    <div class=\"shortcode-testimonial-modal\">\n        <blockquote class=\"shortcode-testimonial\">\n            <div class=\"testimonial-quote editor-front\">\n                                <blockquote class=\"highlighted-quote\">C\u2019est la r\u00e9putation de l\u2019universit\u00e9 qui m\u2019a d\u00e9cid\u00e9e mais aussi l\u2019opportunit\u00e9 de pr\u00e9parer un dipl\u00f4me portant sur cette discipline nouvelle et innovante qu\u2019est la traductologie.<\/blockquote>\n                                                <div class=\"testimonial-full-quote\"><p>Je suis licenci\u00e9e en traduction arabe, fran\u00e7ais, anglais et j\u2019ai obtenu, en 2009, un DEA en traductologie<br \/>\nau sein de l\u2019ex-UMH. J\u2019ai opt\u00e9 pour l\u2019UMONS parce que j\u2019ai des parents qui y ont \u00e9tudi\u00e9.<br \/>\nC\u2019est la r\u00e9putation de l\u2019universit\u00e9 qui m\u2019a d\u00e9cid\u00e9e mais aussi l\u2019opportunit\u00e9 de pr\u00e9parer un<br \/>\ndipl\u00f4me portant sur cette discipline nouvelle et innovante qu\u2019est la traductologie. Au sein de l\u2019Institut<br \/>\ndes Sciences du Langage, l\u2019approche de la formation est humaine, pluridisciplinaire. On y<br \/>\napprend \u00e0 d\u00e9velopper son esprit critique, d\u2019analyse, de synth\u00e8se et la pens\u00e9e divergente. Tout<br \/>\nest bas\u00e9 sur l\u2019interaction, la discussion et la recherche de l\u2019information. J\u2019y appr\u00e9cie particuli\u00e8rement<br \/>\nla d\u00e9marche scientifique et les comp\u00e9tences d\u00e9velopp\u00e9es, la taille humaine et la philosophie de l\u2019Institut.<br \/>\nLe passage par l\u2019UMONS permet d\u2019acqu\u00e9rir des comp\u00e9tences indispensables dans la vie active et quotidienne.<\/p>\n<\/div>\n                            <\/div>\n            <div class=\"testimonial-author\">\n                                <div class=\"testimonial-picture\">\n                    <img decoding=\"async\" src=\"https:\/\/web.umons.ac.be\/app\/uploads\/sites\/39\/2017\/09\/16IRSTL-2016.pdf-Adobe-Acrobat-Pro-DC-1-80x80.jpg\" alt=\"\" \/>\n                <\/div>\n                                <div class=\"testimonial-text\">\n                    <div class=\"testimonial-identity\">\n                        <span class=\"testimonial-author-name\">Nesrine Mokeddem<\/span>\n                                            <\/div>\n                    <div class=\"testimonial-meta\">\n                                                                    <\/div>\n                <\/div>\n            <\/div>\n        <\/blockquote>\n    <\/div>\n<\/div>\n<end-cask-shortcode-wrapper>\n","protected":false},"excerpt":{"rendered":"<p>L\u2019UMONS, en lien avec l\u2019Institut de Recherche\u00a0en Sciences et Technologies du Langage,\u00a0organise un Master de sp\u00e9cialisation en\u00a0Sciences du Langage, destin\u00e9 \u00e0 des dipl\u00f4m\u00e9s\u00a0de 2\u00e8me cycle. Il vise \u00e0 donner \u00e0 l\u2019\u00e9tudiant une\u00a0formation de haut niveau assurant, d\u2019une part,\u00a0sa ma\u00eetrise du cadre g\u00e9n\u00e9ral des sciences du\u00a0langage et, d\u2019autre part, sa sp\u00e9cialisation dans\u00a0un secteur d\u00e9termin\u00e9.<\/p>\n","protected":false},"author":2,"featured_media":0,"parent":72,"menu_order":1,"comment_status":"closed","ping_status":"closed","template":"","meta":{"footnotes":""},"class_list":["post-81","page","type-page","status-publish","hentry"],"yoast_head":"<!-- This site is optimized with the Yoast SEO plugin v27.2 - https:\/\/yoast.com\/product\/yoast-seo-wordpress\/ -->\n<title>Etudes - Institut \/ Langage<\/title>\n<meta name=\"robots\" content=\"index, follow, max-snippet:-1, max-image-preview:large, max-video-preview:-1\" \/>\n<link rel=\"canonical\" href=\"https:\/\/web.umons.ac.be\/langage\/fr\/enseignement\/etudes\/\" \/>\n<meta property=\"og:locale\" content=\"fr_FR\" \/>\n<meta property=\"og:type\" content=\"article\" \/>\n<meta property=\"og:title\" content=\"Etudes - Institut \/ Langage\" \/>\n<meta property=\"og:description\" content=\"L\u2019UMONS, en lien avec l\u2019Institut de Recherche\u00a0en Sciences et Technologies du Langage,\u00a0organise un Master de sp\u00e9cialisation en\u00a0Sciences du Langage, destin\u00e9 \u00e0 des dipl\u00f4m\u00e9s\u00a0de 2\u00e8me cycle. Il vise \u00e0 donner \u00e0 l\u2019\u00e9tudiant une\u00a0formation de haut niveau assurant, d\u2019une part,\u00a0sa ma\u00eetrise du cadre g\u00e9n\u00e9ral des sciences du\u00a0langage et, d\u2019autre part, sa sp\u00e9cialisation dans\u00a0un secteur d\u00e9termin\u00e9.\" \/>\n<meta property=\"og:url\" content=\"https:\/\/web.umons.ac.be\/langage\/fr\/enseignement\/etudes\/\" \/>\n<meta property=\"og:site_name\" content=\"Institut \/ Langage\" \/>\n<meta property=\"article:modified_time\" content=\"2017-09-22T14:15:48+00:00\" \/>\n<meta name=\"twitter:card\" content=\"summary_large_image\" \/>\n<script type=\"application\/ld+json\" class=\"yoast-schema-graph\">{\"@context\":\"https:\/\/schema.org\",\"@graph\":[{\"@type\":\"WebPage\",\"@id\":\"https:\/\/web.umons.ac.be\/langage\/fr\/enseignement\/etudes\/\",\"url\":\"https:\/\/web.umons.ac.be\/langage\/fr\/enseignement\/etudes\/\",\"name\":\"Etudes - Institut \/ Langage\",\"isPartOf\":{\"@id\":\"https:\/\/web.umons.ac.be\/langage\/#website\"},\"datePublished\":\"2017-09-22T13:29:31+00:00\",\"dateModified\":\"2017-09-22T14:15:48+00:00\",\"breadcrumb\":{\"@id\":\"https:\/\/web.umons.ac.be\/langage\/fr\/enseignement\/etudes\/#breadcrumb\"},\"inLanguage\":\"fr-FR\",\"potentialAction\":[{\"@type\":\"ReadAction\",\"target\":[\"https:\/\/web.umons.ac.be\/langage\/fr\/enseignement\/etudes\/\"]}]},{\"@type\":\"BreadcrumbList\",\"@id\":\"https:\/\/web.umons.ac.be\/langage\/fr\/enseignement\/etudes\/#breadcrumb\",\"itemListElement\":[{\"@type\":\"ListItem\",\"position\":1,\"name\":\"Accueil\",\"item\":\"https:\/\/web.umons.ac.be\/langage\/fr\/\"},{\"@type\":\"ListItem\",\"position\":2,\"name\":\"Enseignement\",\"item\":\"https:\/\/web.umons.ac.be\/langage\/fr\/enseignement\/\"},{\"@type\":\"ListItem\",\"position\":3,\"name\":\"Etudes\"}]},{\"@type\":\"WebSite\",\"@id\":\"https:\/\/web.umons.ac.be\/langage\/#website\",\"url\":\"https:\/\/web.umons.ac.be\/langage\/\",\"name\":\"Institut \/ Langage\",\"description\":\"Un site utilisant Universit\u00e9 de Mons \u2013 UMONS\",\"potentialAction\":[{\"@type\":\"SearchAction\",\"target\":{\"@type\":\"EntryPoint\",\"urlTemplate\":\"https:\/\/web.umons.ac.be\/langage\/?s={search_term_string}\"},\"query-input\":{\"@type\":\"PropertyValueSpecification\",\"valueRequired\":true,\"valueName\":\"search_term_string\"}}],\"inLanguage\":\"fr-FR\"}]}<\/script>\n<!-- \/ Yoast SEO plugin. -->","yoast_head_json":{"title":"Etudes - Institut \/ Langage","robots":{"index":"index","follow":"follow","max-snippet":"max-snippet:-1","max-image-preview":"max-image-preview:large","max-video-preview":"max-video-preview:-1"},"canonical":"https:\/\/web.umons.ac.be\/langage\/fr\/enseignement\/etudes\/","og_locale":"fr_FR","og_type":"article","og_title":"Etudes - Institut \/ Langage","og_description":"L\u2019UMONS, en lien avec l\u2019Institut de Recherche\u00a0en Sciences et Technologies du Langage,\u00a0organise un Master de sp\u00e9cialisation en\u00a0Sciences du Langage, destin\u00e9 \u00e0 des dipl\u00f4m\u00e9s\u00a0de 2\u00e8me cycle. Il vise \u00e0 donner \u00e0 l\u2019\u00e9tudiant une\u00a0formation de haut niveau assurant, d\u2019une part,\u00a0sa ma\u00eetrise du cadre g\u00e9n\u00e9ral des sciences du\u00a0langage et, d\u2019autre part, sa sp\u00e9cialisation dans\u00a0un secteur d\u00e9termin\u00e9.","og_url":"https:\/\/web.umons.ac.be\/langage\/fr\/enseignement\/etudes\/","og_site_name":"Institut \/ Langage","article_modified_time":"2017-09-22T14:15:48+00:00","twitter_card":"summary_large_image","schema":{"@context":"https:\/\/schema.org","@graph":[{"@type":"WebPage","@id":"https:\/\/web.umons.ac.be\/langage\/fr\/enseignement\/etudes\/","url":"https:\/\/web.umons.ac.be\/langage\/fr\/enseignement\/etudes\/","name":"Etudes - Institut \/ Langage","isPartOf":{"@id":"https:\/\/web.umons.ac.be\/langage\/#website"},"datePublished":"2017-09-22T13:29:31+00:00","dateModified":"2017-09-22T14:15:48+00:00","breadcrumb":{"@id":"https:\/\/web.umons.ac.be\/langage\/fr\/enseignement\/etudes\/#breadcrumb"},"inLanguage":"fr-FR","potentialAction":[{"@type":"ReadAction","target":["https:\/\/web.umons.ac.be\/langage\/fr\/enseignement\/etudes\/"]}]},{"@type":"BreadcrumbList","@id":"https:\/\/web.umons.ac.be\/langage\/fr\/enseignement\/etudes\/#breadcrumb","itemListElement":[{"@type":"ListItem","position":1,"name":"Accueil","item":"https:\/\/web.umons.ac.be\/langage\/fr\/"},{"@type":"ListItem","position":2,"name":"Enseignement","item":"https:\/\/web.umons.ac.be\/langage\/fr\/enseignement\/"},{"@type":"ListItem","position":3,"name":"Etudes"}]},{"@type":"WebSite","@id":"https:\/\/web.umons.ac.be\/langage\/#website","url":"https:\/\/web.umons.ac.be\/langage\/","name":"Institut \/ Langage","description":"Un site utilisant Universit\u00e9 de Mons \u2013 UMONS","potentialAction":[{"@type":"SearchAction","target":{"@type":"EntryPoint","urlTemplate":"https:\/\/web.umons.ac.be\/langage\/?s={search_term_string}"},"query-input":{"@type":"PropertyValueSpecification","valueRequired":true,"valueName":"search_term_string"}}],"inLanguage":"fr-FR"}]}},"lang":"fr","translations":{"fr":81},"pll_sync_post":[],"_links":{"self":[{"href":"https:\/\/web.umons.ac.be\/langage\/wp-json\/wp\/v2\/pages\/81","targetHints":{"allow":["GET"]}}],"collection":[{"href":"https:\/\/web.umons.ac.be\/langage\/wp-json\/wp\/v2\/pages"}],"about":[{"href":"https:\/\/web.umons.ac.be\/langage\/wp-json\/wp\/v2\/types\/page"}],"author":[{"embeddable":true,"href":"https:\/\/web.umons.ac.be\/langage\/wp-json\/wp\/v2\/users\/2"}],"replies":[{"embeddable":true,"href":"https:\/\/web.umons.ac.be\/langage\/wp-json\/wp\/v2\/comments?post=81"}],"version-history":[{"count":3,"href":"https:\/\/web.umons.ac.be\/langage\/wp-json\/wp\/v2\/pages\/81\/revisions"}],"predecessor-version":[{"id":113,"href":"https:\/\/web.umons.ac.be\/langage\/wp-json\/wp\/v2\/pages\/81\/revisions\/113"}],"up":[{"embeddable":true,"href":"https:\/\/web.umons.ac.be\/langage\/wp-json\/wp\/v2\/pages\/72"}],"wp:attachment":[{"href":"https:\/\/web.umons.ac.be\/langage\/wp-json\/wp\/v2\/media?parent=81"}],"curies":[{"name":"wp","href":"https:\/\/api.w.org\/{rel}","templated":true}]}}