{"id":50,"date":"2022-02-04T13:18:13","date_gmt":"2022-02-04T12:18:13","guid":{"rendered":"https:\/\/web.umons.ac.be\/lescedres\/?page_id=50"},"modified":"2023-07-31T08:00:58","modified_gmt":"2023-07-31T06:00:58","slug":"liens","status":"publish","type":"page","link":"https:\/\/web.umons.ac.be\/lescedres\/liens\/","title":{"rendered":"Liens utiles"},"content":{"rendered":"<p><span style=\"font-family: tahoma, arial, helvetica, sans-serif;\"><a href=\"https:\/\/www.facil-iti.fr\">FACIL&rsquo;iti<\/a> est une solution d\u2019accessibilit\u00e9 num\u00e9rique\u00a0innovante qui adapte l\u2019affichage d\u2019un site Web en fonction des besoins de\u00a0confort visuel, moteur, cognitif, et\/ou temporaire\u00a0de l\u2019internaute.<\/span><\/p>\n<p><span style=\"font-family: tahoma, arial, helvetica, sans-serif;\"><a href=\"https:\/\/www.reverso.net\/orthographe\/correcteur-francais\/\">Reverso<\/a> Correction d\u2019orthographe et de grammaire.<\/span><\/p>\n<p><span style=\"font-family: tahoma, arial, helvetica, sans-serif;\"><span class=\"ms-rteCustom-Gras\"><a title=\"\" href=\"https:\/\/www.aviq.be\/fr\" target=\"_blank\" rel=\"noopener\">AVIQ <\/a><\/span>est l&rsquo;Agence Wallonne pour l&rsquo;Int\u00e9gration des Personnes Handicap\u00e9es.<\/span><\/p>\n<p><span style=\"font-family: tahoma, arial, helvetica, sans-serif;\"><span class=\"ms-rteCustom-Gras\"><a title=\"\" href=\"https:\/\/phare.irisnet.be\" target=\"_blank\" rel=\"noopener\">Service PHARE <\/a> est l&rsquo;un des deux p\u00f4les de la Direction d&rsquo;administration de l&rsquo;Aide aux personnes handicap\u00e9es de la COCOF. Il apporte information, conseils et interventions financi\u00e8res aux personnes handicap\u00e9es en R\u00e9gion bruxelloise<\/span>.<\/span><\/p>\n<p><span style=\"font-family: tahoma, arial, helvetica, sans-serif;\"><a href=\"https:\/\/handicap.belgium.be\/fr\/index.htm\">SPF S\u00e9curit\u00e9 Sociale\u00a0<\/a>Service Public F\u00e9d\u00e9ral \u2013 S\u00e9curit\u00e9 Sociale \u2013 Direction g\u00e9n\u00e9rale personnes handicap\u00e9es. Reconnaissance du handicap.<\/span><\/p>\n<p><a href=\"https:\/\/www.alteoasbl.be\">Alt\u00e9o<\/a> mouvement de personnes malades, valides et handicap\u00e9es.<\/p>\n<p><span style=\"font-family: tahoma, arial, helvetica, sans-serif;\"><span class=\"ms-rteCustom-Gras\"><a title=\"\" href=\"http:\/\/www.ffsb.be\/\" target=\"_blank\" rel=\"noopener\">FFSB\u00a0<\/a><\/span>est la f\u00e9d\u00e9ration Francophone des Sourds de Belgique. Cette f\u00e9d\u00e9ration repr\u00e9sente 28 associations pour sourds et malentendants de Belgique francophone.<\/span><\/p>\n<p><span style=\"font-family: tahoma, arial, helvetica, sans-serif;\"><a href=\"https:\/\/eqla.be\/?gclid=EAIaIQobChMIkbSw2KXP_QIVF_p3Ch0PsQmQEAAYASAAEgIWs_D_BwE\">EQLA<\/a> est une association belge qui agit au quotidien avec et pour les personnes aveugles et malvoyantes.<\/span><\/p>\n<p><span style=\"font-family: tahoma, arial, helvetica, sans-serif;\"><a href=\"https:\/\/www.unia.be\/fr\">Unia<\/a> est un service public ind\u00e9pendant de lutte contre la discrimination et de promotion de l&rsquo;\u00e9galit\u00e9 des chances.<\/span><\/p>\n<p><span style=\"font-family: tahoma, arial, helvetica, sans-serif;\"><a href=\"http:\/\/hvfe.be\">HVFE<\/a>\u00a0 est une association francophone pour la promotion de l&#8217;emploi et des aides techniques du handicap\u00e9 visuel.<\/span><\/p>\n<p><span style=\"font-family: tahoma, arial, helvetica, sans-serif;\"><a href=\"https:\/\/www.passe-muraille.eu\">Passe Muraille<\/a> est un acteur de l&rsquo;inclusion des personnes handicap\u00e9es \u00e0 des degr\u00e9s divers. Leur action s\u2019articule autour de 4 axes : formation, sensibilisation, communication et bureau d&rsquo;\u00e9tudes.<\/span><\/p>\n<p><span style=\"font-family: tahoma, arial, helvetica, sans-serif;\"><a href=\"http:\/\/creth.be\">CRETH<\/a> est le Centre de ressource et d&rsquo;\u00e9valuation des technologies pour les personnes handicap\u00e9es. Il apporte recherche, conseil et testing individualis\u00e9 dans le champ des technologies de l\u2019information et\/ou de la communication pour toute personne en situation de handicap.<\/span><\/p>\n<p><span style=\"font-family: tahoma, arial, helvetica, sans-serif;\"><span class=\"ms-rteCustom-Gras\"><a title=\"\" href=\"http:\/\/www.braillepost.be\/\" target=\"_blank\" rel=\"noopener\">Braillepost\u00a0<\/a><\/span>est un service de poste virtuelle en-ligne qui permet au d\u00e9ficient visuel de recevoir un message adapt\u00e9 en braille \u00e0 partir d&rsquo;un envoi \u00e9crit.<\/span><\/p>\n<p><span style=\"font-family: tahoma, arial, helvetica, sans-serif;\"><span class=\"ms-rteCustom-Gras\"><a title=\"\" href=\"http:\/\/www.apedaf.be\/\" target=\"_blank\" rel=\"noopener\">APEDAF<\/a><\/span>\u00a0est une association de parents d&rsquo;enfants sourds et malentendants. Cette association est un lieu d&rsquo; \u00e9coute, d&rsquo;entraide, de solidarit\u00e9 et d&rsquo; \u00e9changes entre parents, c&rsquo;est aussi un trait d&rsquo;union avec les professionnels et un espace d&rsquo; \u00e9change, de collaboration avec la communaut\u00e9 des sourds.<\/span><\/p>\n<p><span style=\"font-family: tahoma, arial, helvetica, sans-serif;\"><span class=\"ms-rteCustom-Gras\"><a title=\"\" href=\"https:\/\/www.cmap.be\" target=\"_blank\" rel=\"noopener\">CMAP\u00a0<\/a><\/span>est le Centre M\u00e9dical d&rsquo;Audiophonologie (a.s.b.l.) qui est un centre de r\u00e9\u00e9ducation fonctionnelle \u00ab\u00a0ouie parole\u00a0\u00bb (CRF) conventionn\u00e9 avec l&rsquo;INAMI, agr\u00e9\u00e9 par l&rsquo;AWIPH et sp\u00e9cialis\u00e9 dans le domaine de la surdit\u00e9.<\/span><\/p>\n<p><span style=\"font-family: tahoma, arial, helvetica, sans-serif;\"><span class=\"ms-rteCustom-Gras\"><a title=\"\" href=\"http:\/\/www.guidesocial.be\/comprendre.et.parler\" target=\"_blank\" rel=\"noopener\">Centre Comprendre et parler (CCP)<\/a><\/span> est une association sans but lucratif de d\u00e9pistage, d&rsquo;accompagnement et de guidance des enfants sourds et malentendants, Orientation, interpr\u00e9tation.<\/span><\/p>\n<p><span style=\"font-family: tahoma, arial, helvetica, sans-serif;\"><span class=\"ms-rteCustom-Gras\"><a title=\"\" href=\"http:\/\/www.mains-dire.org\/\" target=\"_blank\" rel=\"noopener\">Les mains pour le dire (asbl)<\/a><\/span>\u00a0est une association qui a pour objectif d&rsquo;informer, de faire de la pr\u00e9vention et de la promotion de la sant\u00e9 \u00e0 l&rsquo;aide d&rsquo;outils p\u00e9dagogiques (ex.: livres d&rsquo;apprentissage \u00e0 la lecture cod\u00e9s en L.P.C. et en langue des signes).<\/span><\/p>\n<p><span style=\"font-family: tahoma, arial, helvetica, sans-serif;\"><span class=\"ms-rteCustom-Gras\"><a title=\"\" href=\"http:\/\/www.one.be\/\" target=\"_blank\" rel=\"noopener\">ONE\u00a0<\/a><\/span>est l&rsquo;Office de la Naissance et de l&rsquo;Enfance.<\/span><\/p>\n<p><span style=\"font-family: tahoma, arial, helvetica, sans-serif;\"><img loading=\"lazy\" decoding=\"async\" class=\"wp-image-166 aligncenter\" src=\"https:\/\/web.umons.ac.be\/app\/uploads\/sites\/168\/2023\/03\/ecriture-1.png\" alt=\"\" width=\"275\" height=\"247\" \/><\/span><\/p>\n<h4>Retrouvez-nous sur&#8230;<\/h4>\n<h5 style=\"text-align: left;\"><img loading=\"lazy\" decoding=\"async\" class=\"wp-image-357 alignleft\" src=\"https:\/\/web.umons.ac.be\/app\/uploads\/sites\/168\/2023\/07\/Instagram-150x150.png\" alt=\"\" width=\"17\" height=\"17\" \/><a href=\"https:\/\/www.instagram.com\/lescedres_asbl\/\">Instagram<\/a><\/h5>\n<h5 style=\"text-align: left;\"><img loading=\"lazy\" decoding=\"async\" class=\"wp-image-358 alignleft\" src=\"https:\/\/web.umons.ac.be\/app\/uploads\/sites\/168\/2023\/07\/facebook.png\" alt=\"\" width=\"17\" height=\"17\" \/><a href=\"https:\/\/www.facebook.com\/LesCedresAsbl\/?locale=fr_FR\">Facebook\u00a0<\/a><\/h5>\n<h5><img loading=\"lazy\" decoding=\"async\" class=\"wp-image-360 alignleft\" src=\"https:\/\/web.umons.ac.be\/app\/uploads\/sites\/168\/2023\/07\/Youtube-300x215.png\" alt=\"\" width=\"17\" height=\"12\" \/><a href=\"https:\/\/www.youtube.com\/channel\/UCQUCVNJVq58cZdR1geIH8uA\">Youtube<\/a><\/h5>\n","protected":false},"excerpt":{"rendered":"<p>FACIL&rsquo;iti est une solution d\u2019accessibilit\u00e9 num\u00e9rique\u00a0innovante qui adapte l\u2019affichage d\u2019un site Web en fonction des besoins de\u00a0confort visuel, moteur, cognitif, et\/ou temporaire\u00a0de l\u2019internaute. Reverso Correction d\u2019orthographe et de grammaire. AVIQ est l&rsquo;Agence Wallonne pour l&rsquo;Int\u00e9gration des Personnes Handicap\u00e9es. Service PHARE est l&rsquo;un des deux p\u00f4les de la Direction d&rsquo;administration de l&rsquo;Aide aux personnes handicap\u00e9es de [&hellip;]<\/p>\n","protected":false},"author":4,"featured_media":0,"parent":0,"menu_order":0,"comment_status":"closed","ping_status":"closed","template":"","meta":{"footnotes":""},"class_list":["post-50","page","type-page","status-publish","hentry"],"yoast_head":"<!-- This site is optimized with the Yoast SEO plugin v27.2 - https:\/\/yoast.com\/product\/yoast-seo-wordpress\/ -->\n<title>Liens utiles - LES CEDRES<\/title>\n<meta name=\"robots\" content=\"index, follow, max-snippet:-1, max-image-preview:large, max-video-preview:-1\" \/>\n<link rel=\"canonical\" href=\"https:\/\/web.umons.ac.be\/lescedres\/liens\/\" \/>\n<meta property=\"og:locale\" content=\"fr_FR\" \/>\n<meta property=\"og:type\" content=\"article\" \/>\n<meta property=\"og:title\" content=\"Liens utiles - LES CEDRES\" \/>\n<meta property=\"og:description\" content=\"FACIL&rsquo;iti est une solution d\u2019accessibilit\u00e9 num\u00e9rique\u00a0innovante qui adapte l\u2019affichage d\u2019un site Web en fonction des besoins de\u00a0confort visuel, moteur, cognitif, et\/ou temporaire\u00a0de l\u2019internaute. Reverso Correction d\u2019orthographe et de grammaire. AVIQ est l&rsquo;Agence Wallonne pour l&rsquo;Int\u00e9gration des Personnes Handicap\u00e9es. Service PHARE est l&rsquo;un des deux p\u00f4les de la Direction d&rsquo;administration de l&rsquo;Aide aux personnes handicap\u00e9es de [&hellip;]\" \/>\n<meta property=\"og:url\" content=\"https:\/\/web.umons.ac.be\/lescedres\/liens\/\" \/>\n<meta property=\"og:site_name\" content=\"LES CEDRES\" \/>\n<meta property=\"article:modified_time\" content=\"2023-07-31T06:00:58+00:00\" \/>\n<meta property=\"og:image\" content=\"https:\/\/web.umons.ac.be\/app\/uploads\/sites\/168\/2023\/03\/ecriture-1.png\" \/>\n<meta name=\"twitter:card\" content=\"summary_large_image\" \/>\n<meta name=\"twitter:label1\" content=\"Dur\u00e9e de lecture estim\u00e9e\" \/>\n\t<meta name=\"twitter:data1\" content=\"3 minutes\" \/>\n<script type=\"application\/ld+json\" class=\"yoast-schema-graph\">{\"@context\":\"https:\/\/schema.org\",\"@graph\":[{\"@type\":\"WebPage\",\"@id\":\"https:\/\/web.umons.ac.be\/lescedres\/liens\/\",\"url\":\"https:\/\/web.umons.ac.be\/lescedres\/liens\/\",\"name\":\"Liens utiles - LES CEDRES\",\"isPartOf\":{\"@id\":\"https:\/\/web.umons.ac.be\/lescedres\/#website\"},\"primaryImageOfPage\":{\"@id\":\"https:\/\/web.umons.ac.be\/lescedres\/liens\/#primaryimage\"},\"image\":{\"@id\":\"https:\/\/web.umons.ac.be\/lescedres\/liens\/#primaryimage\"},\"thumbnailUrl\":\"https:\/\/web.umons.ac.be\/app\/uploads\/sites\/168\/2023\/03\/ecriture-1.png\",\"datePublished\":\"2022-02-04T12:18:13+00:00\",\"dateModified\":\"2023-07-31T06:00:58+00:00\",\"breadcrumb\":{\"@id\":\"https:\/\/web.umons.ac.be\/lescedres\/liens\/#breadcrumb\"},\"inLanguage\":\"fr-FR\",\"potentialAction\":[{\"@type\":\"ReadAction\",\"target\":[\"https:\/\/web.umons.ac.be\/lescedres\/liens\/\"]}]},{\"@type\":\"ImageObject\",\"inLanguage\":\"fr-FR\",\"@id\":\"https:\/\/web.umons.ac.be\/lescedres\/liens\/#primaryimage\",\"url\":\"https:\/\/web.umons.ac.be\/app\/uploads\/sites\/168\/2023\/03\/ecriture-1.png\",\"contentUrl\":\"https:\/\/web.umons.ac.be\/app\/uploads\/sites\/168\/2023\/03\/ecriture-1.png\"},{\"@type\":\"BreadcrumbList\",\"@id\":\"https:\/\/web.umons.ac.be\/lescedres\/liens\/#breadcrumb\",\"itemListElement\":[{\"@type\":\"ListItem\",\"position\":1,\"name\":\"Home\",\"item\":\"https:\/\/web.umons.ac.be\/lescedres\/\"},{\"@type\":\"ListItem\",\"position\":2,\"name\":\"Liens utiles\"}]},{\"@type\":\"WebSite\",\"@id\":\"https:\/\/web.umons.ac.be\/lescedres\/#website\",\"url\":\"https:\/\/web.umons.ac.be\/lescedres\/\",\"name\":\"LES CEDRES\",\"description\":\"Un site utilisant Universit\u00e9 de Mons \u2013 UMONS\",\"potentialAction\":[{\"@type\":\"SearchAction\",\"target\":{\"@type\":\"EntryPoint\",\"urlTemplate\":\"https:\/\/web.umons.ac.be\/lescedres\/?s={search_term_string}\"},\"query-input\":{\"@type\":\"PropertyValueSpecification\",\"valueRequired\":true,\"valueName\":\"search_term_string\"}}],\"inLanguage\":\"fr-FR\"}]}<\/script>\n<!-- \/ Yoast SEO plugin. -->","yoast_head_json":{"title":"Liens utiles - LES CEDRES","robots":{"index":"index","follow":"follow","max-snippet":"max-snippet:-1","max-image-preview":"max-image-preview:large","max-video-preview":"max-video-preview:-1"},"canonical":"https:\/\/web.umons.ac.be\/lescedres\/liens\/","og_locale":"fr_FR","og_type":"article","og_title":"Liens utiles - LES CEDRES","og_description":"FACIL&rsquo;iti est une solution d\u2019accessibilit\u00e9 num\u00e9rique\u00a0innovante qui adapte l\u2019affichage d\u2019un site Web en fonction des besoins de\u00a0confort visuel, moteur, cognitif, et\/ou temporaire\u00a0de l\u2019internaute. Reverso Correction d\u2019orthographe et de grammaire. AVIQ est l&rsquo;Agence Wallonne pour l&rsquo;Int\u00e9gration des Personnes Handicap\u00e9es. Service PHARE est l&rsquo;un des deux p\u00f4les de la Direction d&rsquo;administration de l&rsquo;Aide aux personnes handicap\u00e9es de [&hellip;]","og_url":"https:\/\/web.umons.ac.be\/lescedres\/liens\/","og_site_name":"LES CEDRES","article_modified_time":"2023-07-31T06:00:58+00:00","og_image":[{"url":"https:\/\/web.umons.ac.be\/app\/uploads\/sites\/168\/2023\/03\/ecriture-1.png","type":"","width":"","height":""}],"twitter_card":"summary_large_image","twitter_misc":{"Dur\u00e9e de lecture estim\u00e9e":"3 minutes"},"schema":{"@context":"https:\/\/schema.org","@graph":[{"@type":"WebPage","@id":"https:\/\/web.umons.ac.be\/lescedres\/liens\/","url":"https:\/\/web.umons.ac.be\/lescedres\/liens\/","name":"Liens utiles - LES CEDRES","isPartOf":{"@id":"https:\/\/web.umons.ac.be\/lescedres\/#website"},"primaryImageOfPage":{"@id":"https:\/\/web.umons.ac.be\/lescedres\/liens\/#primaryimage"},"image":{"@id":"https:\/\/web.umons.ac.be\/lescedres\/liens\/#primaryimage"},"thumbnailUrl":"https:\/\/web.umons.ac.be\/app\/uploads\/sites\/168\/2023\/03\/ecriture-1.png","datePublished":"2022-02-04T12:18:13+00:00","dateModified":"2023-07-31T06:00:58+00:00","breadcrumb":{"@id":"https:\/\/web.umons.ac.be\/lescedres\/liens\/#breadcrumb"},"inLanguage":"fr-FR","potentialAction":[{"@type":"ReadAction","target":["https:\/\/web.umons.ac.be\/lescedres\/liens\/"]}]},{"@type":"ImageObject","inLanguage":"fr-FR","@id":"https:\/\/web.umons.ac.be\/lescedres\/liens\/#primaryimage","url":"https:\/\/web.umons.ac.be\/app\/uploads\/sites\/168\/2023\/03\/ecriture-1.png","contentUrl":"https:\/\/web.umons.ac.be\/app\/uploads\/sites\/168\/2023\/03\/ecriture-1.png"},{"@type":"BreadcrumbList","@id":"https:\/\/web.umons.ac.be\/lescedres\/liens\/#breadcrumb","itemListElement":[{"@type":"ListItem","position":1,"name":"Home","item":"https:\/\/web.umons.ac.be\/lescedres\/"},{"@type":"ListItem","position":2,"name":"Liens utiles"}]},{"@type":"WebSite","@id":"https:\/\/web.umons.ac.be\/lescedres\/#website","url":"https:\/\/web.umons.ac.be\/lescedres\/","name":"LES CEDRES","description":"Un site utilisant Universit\u00e9 de Mons \u2013 UMONS","potentialAction":[{"@type":"SearchAction","target":{"@type":"EntryPoint","urlTemplate":"https:\/\/web.umons.ac.be\/lescedres\/?s={search_term_string}"},"query-input":{"@type":"PropertyValueSpecification","valueRequired":true,"valueName":"search_term_string"}}],"inLanguage":"fr-FR"}]}},"lang":"fr","translations":{"fr":50},"pll_sync_post":[],"_links":{"self":[{"href":"https:\/\/web.umons.ac.be\/lescedres\/wp-json\/wp\/v2\/pages\/50","targetHints":{"allow":["GET"]}}],"collection":[{"href":"https:\/\/web.umons.ac.be\/lescedres\/wp-json\/wp\/v2\/pages"}],"about":[{"href":"https:\/\/web.umons.ac.be\/lescedres\/wp-json\/wp\/v2\/types\/page"}],"author":[{"embeddable":true,"href":"https:\/\/web.umons.ac.be\/lescedres\/wp-json\/wp\/v2\/users\/4"}],"replies":[{"embeddable":true,"href":"https:\/\/web.umons.ac.be\/lescedres\/wp-json\/wp\/v2\/comments?post=50"}],"version-history":[{"count":4,"href":"https:\/\/web.umons.ac.be\/lescedres\/wp-json\/wp\/v2\/pages\/50\/revisions"}],"predecessor-version":[{"id":362,"href":"https:\/\/web.umons.ac.be\/lescedres\/wp-json\/wp\/v2\/pages\/50\/revisions\/362"}],"wp:attachment":[{"href":"https:\/\/web.umons.ac.be\/lescedres\/wp-json\/wp\/v2\/media?parent=50"}],"curies":[{"name":"wp","href":"https:\/\/api.w.org\/{rel}","templated":true}]}}