{"id":15,"date":"2021-11-10T09:54:11","date_gmt":"2021-11-10T08:54:11","guid":{"rendered":"https:\/\/web.umons.ac.be\/lifc\/activites-de-recherche\/"},"modified":"2021-11-10T10:16:45","modified_gmt":"2021-11-10T09:16:45","slug":"activites-de-recherche","status":"publish","type":"page","link":"https:\/\/web.umons.ac.be\/lifc\/activites-de-recherche\/","title":{"rendered":"Activit\u00e9s de recherche"},"content":{"rendered":"<p>Le groupe de recherche de Pascal Damman concentre ses activit\u00e9s sur la compr\u00e9hension fondamentale de la mati\u00e8re molle \u00e0 travers des exp\u00e9riences, des simulations et de la physique statistique, sur l&rsquo;auto-organisation \u00e0 partir de feuilles, tiges, rubans, coquillages contraints g\u00e9om\u00e9triquement et sur la biom\u00e9canique des organismes vivants.<\/p>\n<p>Le groupe de recherche de Sylvain Gabriele cherche \u00e0 comprendre les principes physiques de base pour la transmission de force dans les cellules vivantes et \u00e0 \u00e9lucider comment les propri\u00e9t\u00e9s m\u00e9caniques des cellules r\u00e9gulent les fonctions cellulaires. Notre approche exp\u00e9rimentale pluridisciplinaire utilise des outils issus de la physico-chimie de la mati\u00e8re molle et de la microfabrication pour r\u00e9pondre aux questions physiologiques au niveau des cellules et des tissus.<\/p>\n<hr \/>\n<p>Notre service est, par ailleurs rattach\u00e9 \u00e0 un institut de recherche de l\u2019UMONS :<\/p>\n<start-cask-shortcode-wrapper>\t\t<div class=\"associated-institutes content-block scheme-fs\">\n\t\t\t<ul class=\"institutes-list\">\n\t\t\t\t\t\t\t\t\t\t<li>\n\t\t\t\t\t\t\t<a href=\"https:\/\/web.umons.ac.be\/biosciences\" title=\"Acc\u00e9der au site web de : Institut \/ Biosciences\" class=\"associated-institute\">\n\t\t\t\t\t\t\t\t<img loading=\"lazy\" decoding=\"async\" width=\"1\" height=\"1\" src=\"https:\/\/web.umons.ac.be\/app\/uploads\/sites\/30\/2017\/11\/biosciences_logo_fr.svg\" class=\"attachment-thumbnail size-thumbnail\" alt=\"\" \/>\t\t\t\t\t\t\t<\/a>\t\t\t\n\t\t\t\t\t\t<\/li>\n\t\t\t\t\t\t\t\t\t\t<li>\n\t\t\t\t\t\t\t<a href=\"https:\/\/web.umons.ac.be\/materiaux\" title=\"Acc\u00e9der au site web de : Institut \/ Mat\u00e9riaux\" class=\"associated-institute\">\n\t\t\t\t\t\t\t\t<img loading=\"lazy\" decoding=\"async\" width=\"1\" height=\"1\" src=\"https:\/\/web.umons.ac.be\/app\/uploads\/sites\/38\/2017\/12\/materiaux_logo_fr.svg\" class=\"attachment-thumbnail size-thumbnail\" alt=\"\" \/>\t\t\t\t\t\t\t<\/a>\t\t\t\n\t\t\t\t\t\t<\/li>\n\t\t\t\t\t\t\t<\/ul>\n\t\t<\/div>\n <end-cask-shortcode-wrapper>\n","protected":false},"excerpt":{"rendered":"<p>Le groupe de recherche de Pascal Damman concentre ses activit\u00e9s sur la compr\u00e9hension fondamentale de la mati\u00e8re molle \u00e0 travers des exp\u00e9riences, des simulations et de la physique statistique, sur l&rsquo;auto-organisation \u00e0 partir de feuilles, tiges, rubans, coquillages contraints g\u00e9om\u00e9triquement et sur la biom\u00e9canique des organismes vivants. Le groupe de recherche de Sylvain Gabriele cherche [&hellip;]<\/p>\n","protected":false},"author":4,"featured_media":0,"parent":0,"menu_order":0,"comment_status":"closed","ping_status":"closed","template":"","meta":{"footnotes":""},"class_list":["post-15","page","type-page","status-publish","hentry"],"yoast_head":"<!-- This site is optimized with the Yoast SEO plugin v27.2 - https:\/\/yoast.com\/product\/yoast-seo-wordpress\/ -->\n<title>Activit\u00e9s de recherche - Service \/ FS - Interfaces et Fluides Complexes<\/title>\n<meta name=\"robots\" content=\"index, follow, max-snippet:-1, max-image-preview:large, max-video-preview:-1\" \/>\n<link rel=\"canonical\" href=\"https:\/\/web.umons.ac.be\/lifc\/activites-de-recherche\/\" \/>\n<meta property=\"og:locale\" content=\"fr_FR\" \/>\n<meta property=\"og:type\" content=\"article\" \/>\n<meta property=\"og:title\" content=\"Activit\u00e9s de recherche - Service \/ FS - Interfaces et Fluides Complexes\" \/>\n<meta property=\"og:description\" content=\"Le groupe de recherche de Pascal Damman concentre ses activit\u00e9s sur la compr\u00e9hension fondamentale de la mati\u00e8re molle \u00e0 travers des exp\u00e9riences, des simulations et de la physique statistique, sur l&rsquo;auto-organisation \u00e0 partir de feuilles, tiges, rubans, coquillages contraints g\u00e9om\u00e9triquement et sur la biom\u00e9canique des organismes vivants. Le groupe de recherche de Sylvain Gabriele cherche [&hellip;]\" \/>\n<meta property=\"og:url\" content=\"https:\/\/web.umons.ac.be\/lifc\/activites-de-recherche\/\" \/>\n<meta property=\"og:site_name\" content=\"Service \/ FS - Interfaces et Fluides Complexes\" \/>\n<meta property=\"article:modified_time\" content=\"2021-11-10T09:16:45+00:00\" \/>\n<meta name=\"twitter:card\" content=\"summary_large_image\" \/>\n<meta name=\"twitter:label1\" content=\"Dur\u00e9e de lecture estim\u00e9e\" \/>\n\t<meta name=\"twitter:data1\" content=\"1 minute\" \/>\n<script type=\"application\/ld+json\" class=\"yoast-schema-graph\">{\"@context\":\"https:\/\/schema.org\",\"@graph\":[{\"@type\":\"WebPage\",\"@id\":\"https:\/\/web.umons.ac.be\/lifc\/activites-de-recherche\/\",\"url\":\"https:\/\/web.umons.ac.be\/lifc\/activites-de-recherche\/\",\"name\":\"Activit\u00e9s de recherche - Service \/ FS - Interfaces et Fluides Complexes\",\"isPartOf\":{\"@id\":\"https:\/\/web.umons.ac.be\/lifc\/#website\"},\"datePublished\":\"2021-11-10T08:54:11+00:00\",\"dateModified\":\"2021-11-10T09:16:45+00:00\",\"breadcrumb\":{\"@id\":\"https:\/\/web.umons.ac.be\/lifc\/activites-de-recherche\/#breadcrumb\"},\"inLanguage\":\"fr-FR\",\"potentialAction\":[{\"@type\":\"ReadAction\",\"target\":[\"https:\/\/web.umons.ac.be\/lifc\/activites-de-recherche\/\"]}]},{\"@type\":\"BreadcrumbList\",\"@id\":\"https:\/\/web.umons.ac.be\/lifc\/activites-de-recherche\/#breadcrumb\",\"itemListElement\":[{\"@type\":\"ListItem\",\"position\":1,\"name\":\"Home\",\"item\":\"https:\/\/web.umons.ac.be\/lifc\/\"},{\"@type\":\"ListItem\",\"position\":2,\"name\":\"Activit\u00e9s de recherche\"}]},{\"@type\":\"WebSite\",\"@id\":\"https:\/\/web.umons.ac.be\/lifc\/#website\",\"url\":\"https:\/\/web.umons.ac.be\/lifc\/\",\"name\":\"Service \/ FS - Interfaces et Fluides Complexes\",\"description\":\"\",\"potentialAction\":[{\"@type\":\"SearchAction\",\"target\":{\"@type\":\"EntryPoint\",\"urlTemplate\":\"https:\/\/web.umons.ac.be\/lifc\/?s={search_term_string}\"},\"query-input\":{\"@type\":\"PropertyValueSpecification\",\"valueRequired\":true,\"valueName\":\"search_term_string\"}}],\"inLanguage\":\"fr-FR\"}]}<\/script>\n<!-- \/ Yoast SEO plugin. -->","yoast_head_json":{"title":"Activit\u00e9s de recherche - Service \/ FS - Interfaces et Fluides Complexes","robots":{"index":"index","follow":"follow","max-snippet":"max-snippet:-1","max-image-preview":"max-image-preview:large","max-video-preview":"max-video-preview:-1"},"canonical":"https:\/\/web.umons.ac.be\/lifc\/activites-de-recherche\/","og_locale":"fr_FR","og_type":"article","og_title":"Activit\u00e9s de recherche - Service \/ FS - Interfaces et Fluides Complexes","og_description":"Le groupe de recherche de Pascal Damman concentre ses activit\u00e9s sur la compr\u00e9hension fondamentale de la mati\u00e8re molle \u00e0 travers des exp\u00e9riences, des simulations et de la physique statistique, sur l&rsquo;auto-organisation \u00e0 partir de feuilles, tiges, rubans, coquillages contraints g\u00e9om\u00e9triquement et sur la biom\u00e9canique des organismes vivants. Le groupe de recherche de Sylvain Gabriele cherche [&hellip;]","og_url":"https:\/\/web.umons.ac.be\/lifc\/activites-de-recherche\/","og_site_name":"Service \/ FS - Interfaces et Fluides Complexes","article_modified_time":"2021-11-10T09:16:45+00:00","twitter_card":"summary_large_image","twitter_misc":{"Dur\u00e9e de lecture estim\u00e9e":"1 minute"},"schema":{"@context":"https:\/\/schema.org","@graph":[{"@type":"WebPage","@id":"https:\/\/web.umons.ac.be\/lifc\/activites-de-recherche\/","url":"https:\/\/web.umons.ac.be\/lifc\/activites-de-recherche\/","name":"Activit\u00e9s de recherche - Service \/ FS - Interfaces et Fluides Complexes","isPartOf":{"@id":"https:\/\/web.umons.ac.be\/lifc\/#website"},"datePublished":"2021-11-10T08:54:11+00:00","dateModified":"2021-11-10T09:16:45+00:00","breadcrumb":{"@id":"https:\/\/web.umons.ac.be\/lifc\/activites-de-recherche\/#breadcrumb"},"inLanguage":"fr-FR","potentialAction":[{"@type":"ReadAction","target":["https:\/\/web.umons.ac.be\/lifc\/activites-de-recherche\/"]}]},{"@type":"BreadcrumbList","@id":"https:\/\/web.umons.ac.be\/lifc\/activites-de-recherche\/#breadcrumb","itemListElement":[{"@type":"ListItem","position":1,"name":"Home","item":"https:\/\/web.umons.ac.be\/lifc\/"},{"@type":"ListItem","position":2,"name":"Activit\u00e9s de recherche"}]},{"@type":"WebSite","@id":"https:\/\/web.umons.ac.be\/lifc\/#website","url":"https:\/\/web.umons.ac.be\/lifc\/","name":"Service \/ FS - Interfaces et Fluides Complexes","description":"","potentialAction":[{"@type":"SearchAction","target":{"@type":"EntryPoint","urlTemplate":"https:\/\/web.umons.ac.be\/lifc\/?s={search_term_string}"},"query-input":{"@type":"PropertyValueSpecification","valueRequired":true,"valueName":"search_term_string"}}],"inLanguage":"fr-FR"}]}},"lang":"fr","translations":{"fr":15,"en":17},"pll_sync_post":[],"_links":{"self":[{"href":"https:\/\/web.umons.ac.be\/lifc\/wp-json\/wp\/v2\/pages\/15","targetHints":{"allow":["GET"]}}],"collection":[{"href":"https:\/\/web.umons.ac.be\/lifc\/wp-json\/wp\/v2\/pages"}],"about":[{"href":"https:\/\/web.umons.ac.be\/lifc\/wp-json\/wp\/v2\/types\/page"}],"author":[{"embeddable":true,"href":"https:\/\/web.umons.ac.be\/lifc\/wp-json\/wp\/v2\/users\/4"}],"replies":[{"embeddable":true,"href":"https:\/\/web.umons.ac.be\/lifc\/wp-json\/wp\/v2\/comments?post=15"}],"version-history":[{"count":1,"href":"https:\/\/web.umons.ac.be\/lifc\/wp-json\/wp\/v2\/pages\/15\/revisions"}],"predecessor-version":[{"id":50,"href":"https:\/\/web.umons.ac.be\/lifc\/wp-json\/wp\/v2\/pages\/15\/revisions\/50"}],"wp:attachment":[{"href":"https:\/\/web.umons.ac.be\/lifc\/wp-json\/wp\/v2\/media?parent=15"}],"curies":[{"name":"wp","href":"https:\/\/api.w.org\/{rel}","templated":true}]}}