{"id":140,"date":"2022-07-14T18:19:48","date_gmt":"2022-07-14T16:19:48","guid":{"rendered":"https:\/\/web.umons.ac.be\/lpmo\/?page_id=140"},"modified":"2022-07-20T13:41:35","modified_gmt":"2022-07-20T11:41:35","slug":"iew2022-program","status":"publish","type":"page","link":"https:\/\/web.umons.ac.be\/lpmo\/en\/iew2022-program\/","title":{"rendered":"IEW2022 &#8211; Program"},"content":{"rendered":"<h2><span style=\"color: #d60044\">Provisional schedule<\/span><\/h2>\n<p><strong>Lecture Room:<\/strong> Lafontaine room, Vesale Building<\/p>\n<p class=\"has-medium-font-size\"><strong>Confirmed invited speakers<\/strong>:<\/p>\n<ul>\n<li>Prof. Kurt Hingerl &#8211; Zentrum f\u00fcr Oberfl\u00e4chen- und Nanoanalytik, Universit\u00e4t Linz<\/li>\n<li>Dr. Jack Alexander-Webber &#8211; Electrical Engineering, University of Cambridge<\/li>\n<li>Dr. Mathias Duwe \u2013 Accurion GmbH<\/li>\n<li>Dr. G\u00fcnter Roth \u2013 CEO and Founder of BioCopy \u2013 University of Freiburg<\/li>\n<li>Dr. Michele Magnozzi &#8211; Dipartimento di Fisica, Universita di Genova<\/li>\n<\/ul>\n<p><img loading=\"lazy\" decoding=\"async\" class=\"wp-image-143 alignnone\" src=\"https:\/\/web.umons.ac.be\/app\/uploads\/sites\/119\/2022\/07\/IEW2022_provisonal_Schedule-300x184.png\" alt=\"\" width=\"385\" height=\"237\" srcset=\"https:\/\/web.umons.ac.be\/app\/uploads\/sites\/119\/2022\/07\/IEW2022_provisonal_Schedule-300x184.png 300w, https:\/\/web.umons.ac.be\/app\/uploads\/sites\/119\/2022\/07\/IEW2022_provisonal_Schedule-768x470.png 768w, https:\/\/web.umons.ac.be\/app\/uploads\/sites\/119\/2022\/07\/IEW2022_provisonal_Schedule-30x18.png 30w, https:\/\/web.umons.ac.be\/app\/uploads\/sites\/119\/2022\/07\/IEW2022_provisonal_Schedule-60x37.png 60w, https:\/\/web.umons.ac.be\/app\/uploads\/sites\/119\/2022\/07\/IEW2022_provisonal_Schedule.png 805w\" sizes=\"auto, (max-width: 385px) 100vw, 385px\" \/><\/p>\n<h1><\/h1>\n<h1><span style=\"color: #d60044;font-size: 18pt\">Social event<\/span><\/h1>\n<p>Coffee-breaks will be served in the hall of the Vesale building and the lunches in the \u2018Restaurant universitaire\u2019.<\/p>\n<p><strong>Monday: 6:00 pm<\/strong>: \u201cWine and cheese\u201d and poster session in the Vesale 30 room (Vesale Building)<\/p>\n<p><strong>Tuesday: 7:30 pm<\/strong>: Optional workshop dinner (registration mandatory) (Practical information will follow).<\/p>\n<p>&nbsp;<\/p>\n<p><a href=\"https:\/\/web.umons.ac.be\/lpmo\/en\/workshop-iew2022\/\">(Back to Main workshop page)<\/a><\/p>\n<div id=\"ConnectiveDocSignExtentionInstalled\" data-extension-version=\"1.0.4\"><\/div>\n","protected":false},"excerpt":{"rendered":"<p>Provisional schedule Lecture Room: Lafontaine room, Vesale Building Confirmed invited speakers: Prof. Kurt Hingerl &#8211; Zentrum f\u00fcr Oberfl\u00e4chen- und Nanoanalytik, Universit\u00e4t Linz Dr. Jack Alexander-Webber &#8211; Electrical Engineering, University of Cambridge Dr. Mathias Duwe \u2013 Accurion GmbH Dr. G\u00fcnter Roth \u2013 CEO and Founder of BioCopy \u2013 University of Freiburg Dr. Michele Magnozzi &#8211; Dipartimento [&hellip;]<\/p>\n","protected":false},"author":153,"featured_media":0,"parent":0,"menu_order":0,"comment_status":"closed","ping_status":"closed","template":"","meta":{"footnotes":""},"class_list":["post-140","page","type-page","status-publish","hentry"],"yoast_head":"<!-- This site is optimized with the Yoast SEO plugin v27.2 - https:\/\/yoast.com\/product\/yoast-seo-wordpress\/ -->\n<title>IEW2022 - Program - Service \/ FS - Physique des mat\u00e9riaux et Optique<\/title>\n<meta name=\"robots\" content=\"index, follow, max-snippet:-1, max-image-preview:large, max-video-preview:-1\" \/>\n<link rel=\"canonical\" href=\"https:\/\/web.umons.ac.be\/lpmo\/en\/iew2022-program\/\" \/>\n<meta property=\"og:locale\" content=\"fr_FR\" \/>\n<meta property=\"og:type\" content=\"article\" \/>\n<meta property=\"og:title\" content=\"IEW2022 - Program - Service \/ FS - Physique des mat\u00e9riaux et Optique\" \/>\n<meta property=\"og:description\" content=\"Provisional schedule Lecture Room: Lafontaine room, Vesale Building Confirmed invited speakers: Prof. Kurt Hingerl &#8211; Zentrum f\u00fcr Oberfl\u00e4chen- und Nanoanalytik, Universit\u00e4t Linz Dr. Jack Alexander-Webber &#8211; Electrical Engineering, University of Cambridge Dr. Mathias Duwe \u2013 Accurion GmbH Dr. G\u00fcnter Roth \u2013 CEO and Founder of BioCopy \u2013 University of Freiburg Dr. Michele Magnozzi &#8211; Dipartimento [&hellip;]\" \/>\n<meta property=\"og:url\" content=\"https:\/\/web.umons.ac.be\/lpmo\/en\/iew2022-program\/\" \/>\n<meta property=\"og:site_name\" content=\"Service \/ FS - Physique des mat\u00e9riaux et Optique\" \/>\n<meta property=\"article:modified_time\" content=\"2022-07-20T11:41:35+00:00\" \/>\n<meta property=\"og:image\" content=\"https:\/\/web.umons.ac.be\/app\/uploads\/sites\/119\/2022\/07\/IEW2022_provisonal_Schedule-300x184.png\" \/>\n<meta name=\"twitter:card\" content=\"summary_large_image\" \/>\n<meta name=\"twitter:label1\" content=\"Dur\u00e9e de lecture estim\u00e9e\" \/>\n\t<meta name=\"twitter:data1\" content=\"1 minute\" \/>\n<script type=\"application\/ld+json\" class=\"yoast-schema-graph\">{\"@context\":\"https:\/\/schema.org\",\"@graph\":[{\"@type\":\"WebPage\",\"@id\":\"https:\/\/web.umons.ac.be\/lpmo\/en\/iew2022-program\/\",\"url\":\"https:\/\/web.umons.ac.be\/lpmo\/en\/iew2022-program\/\",\"name\":\"IEW2022 - Program - Service \/ FS - Physique des mat\u00e9riaux et Optique\",\"isPartOf\":{\"@id\":\"https:\/\/web.umons.ac.be\/lpmo\/#website\"},\"primaryImageOfPage\":{\"@id\":\"https:\/\/web.umons.ac.be\/lpmo\/en\/iew2022-program\/#primaryimage\"},\"image\":{\"@id\":\"https:\/\/web.umons.ac.be\/lpmo\/en\/iew2022-program\/#primaryimage\"},\"thumbnailUrl\":\"https:\/\/web.umons.ac.be\/app\/uploads\/sites\/119\/2022\/07\/IEW2022_provisonal_Schedule-300x184.png\",\"datePublished\":\"2022-07-14T16:19:48+00:00\",\"dateModified\":\"2022-07-20T11:41:35+00:00\",\"breadcrumb\":{\"@id\":\"https:\/\/web.umons.ac.be\/lpmo\/en\/iew2022-program\/#breadcrumb\"},\"inLanguage\":\"fr-FR\",\"potentialAction\":[{\"@type\":\"ReadAction\",\"target\":[\"https:\/\/web.umons.ac.be\/lpmo\/en\/iew2022-program\/\"]}]},{\"@type\":\"ImageObject\",\"inLanguage\":\"fr-FR\",\"@id\":\"https:\/\/web.umons.ac.be\/lpmo\/en\/iew2022-program\/#primaryimage\",\"url\":\"https:\/\/web.umons.ac.be\/app\/uploads\/sites\/119\/2022\/07\/IEW2022_provisonal_Schedule-300x184.png\",\"contentUrl\":\"https:\/\/web.umons.ac.be\/app\/uploads\/sites\/119\/2022\/07\/IEW2022_provisonal_Schedule-300x184.png\"},{\"@type\":\"BreadcrumbList\",\"@id\":\"https:\/\/web.umons.ac.be\/lpmo\/en\/iew2022-program\/#breadcrumb\",\"itemListElement\":[{\"@type\":\"ListItem\",\"position\":1,\"name\":\"Home\",\"item\":\"https:\/\/web.umons.ac.be\/lpmo\/\"},{\"@type\":\"ListItem\",\"position\":2,\"name\":\"IEW2022 &#8211; Program\"}]},{\"@type\":\"WebSite\",\"@id\":\"https:\/\/web.umons.ac.be\/lpmo\/#website\",\"url\":\"https:\/\/web.umons.ac.be\/lpmo\/\",\"name\":\"Service \/ FS - Physique des mat\u00e9riaux et Optique\",\"description\":\"\",\"potentialAction\":[{\"@type\":\"SearchAction\",\"target\":{\"@type\":\"EntryPoint\",\"urlTemplate\":\"https:\/\/web.umons.ac.be\/lpmo\/?s={search_term_string}\"},\"query-input\":{\"@type\":\"PropertyValueSpecification\",\"valueRequired\":true,\"valueName\":\"search_term_string\"}}],\"inLanguage\":\"fr-FR\"}]}<\/script>\n<!-- \/ Yoast SEO plugin. -->","yoast_head_json":{"title":"IEW2022 - Program - Service \/ FS - Physique des mat\u00e9riaux et Optique","robots":{"index":"index","follow":"follow","max-snippet":"max-snippet:-1","max-image-preview":"max-image-preview:large","max-video-preview":"max-video-preview:-1"},"canonical":"https:\/\/web.umons.ac.be\/lpmo\/en\/iew2022-program\/","og_locale":"fr_FR","og_type":"article","og_title":"IEW2022 - Program - Service \/ FS - Physique des mat\u00e9riaux et Optique","og_description":"Provisional schedule Lecture Room: Lafontaine room, Vesale Building Confirmed invited speakers: Prof. Kurt Hingerl &#8211; Zentrum f\u00fcr Oberfl\u00e4chen- und Nanoanalytik, Universit\u00e4t Linz Dr. Jack Alexander-Webber &#8211; Electrical Engineering, University of Cambridge Dr. Mathias Duwe \u2013 Accurion GmbH Dr. G\u00fcnter Roth \u2013 CEO and Founder of BioCopy \u2013 University of Freiburg Dr. Michele Magnozzi &#8211; Dipartimento [&hellip;]","og_url":"https:\/\/web.umons.ac.be\/lpmo\/en\/iew2022-program\/","og_site_name":"Service \/ FS - Physique des mat\u00e9riaux et Optique","article_modified_time":"2022-07-20T11:41:35+00:00","og_image":[{"url":"https:\/\/web.umons.ac.be\/app\/uploads\/sites\/119\/2022\/07\/IEW2022_provisonal_Schedule-300x184.png","type":"","width":"","height":""}],"twitter_card":"summary_large_image","twitter_misc":{"Dur\u00e9e de lecture estim\u00e9e":"1 minute"},"schema":{"@context":"https:\/\/schema.org","@graph":[{"@type":"WebPage","@id":"https:\/\/web.umons.ac.be\/lpmo\/en\/iew2022-program\/","url":"https:\/\/web.umons.ac.be\/lpmo\/en\/iew2022-program\/","name":"IEW2022 - Program - Service \/ FS - Physique des mat\u00e9riaux et Optique","isPartOf":{"@id":"https:\/\/web.umons.ac.be\/lpmo\/#website"},"primaryImageOfPage":{"@id":"https:\/\/web.umons.ac.be\/lpmo\/en\/iew2022-program\/#primaryimage"},"image":{"@id":"https:\/\/web.umons.ac.be\/lpmo\/en\/iew2022-program\/#primaryimage"},"thumbnailUrl":"https:\/\/web.umons.ac.be\/app\/uploads\/sites\/119\/2022\/07\/IEW2022_provisonal_Schedule-300x184.png","datePublished":"2022-07-14T16:19:48+00:00","dateModified":"2022-07-20T11:41:35+00:00","breadcrumb":{"@id":"https:\/\/web.umons.ac.be\/lpmo\/en\/iew2022-program\/#breadcrumb"},"inLanguage":"fr-FR","potentialAction":[{"@type":"ReadAction","target":["https:\/\/web.umons.ac.be\/lpmo\/en\/iew2022-program\/"]}]},{"@type":"ImageObject","inLanguage":"fr-FR","@id":"https:\/\/web.umons.ac.be\/lpmo\/en\/iew2022-program\/#primaryimage","url":"https:\/\/web.umons.ac.be\/app\/uploads\/sites\/119\/2022\/07\/IEW2022_provisonal_Schedule-300x184.png","contentUrl":"https:\/\/web.umons.ac.be\/app\/uploads\/sites\/119\/2022\/07\/IEW2022_provisonal_Schedule-300x184.png"},{"@type":"BreadcrumbList","@id":"https:\/\/web.umons.ac.be\/lpmo\/en\/iew2022-program\/#breadcrumb","itemListElement":[{"@type":"ListItem","position":1,"name":"Home","item":"https:\/\/web.umons.ac.be\/lpmo\/"},{"@type":"ListItem","position":2,"name":"IEW2022 &#8211; Program"}]},{"@type":"WebSite","@id":"https:\/\/web.umons.ac.be\/lpmo\/#website","url":"https:\/\/web.umons.ac.be\/lpmo\/","name":"Service \/ FS - Physique des mat\u00e9riaux et Optique","description":"","potentialAction":[{"@type":"SearchAction","target":{"@type":"EntryPoint","urlTemplate":"https:\/\/web.umons.ac.be\/lpmo\/?s={search_term_string}"},"query-input":{"@type":"PropertyValueSpecification","valueRequired":true,"valueName":"search_term_string"}}],"inLanguage":"fr-FR"}]}},"lang":"en","translations":{"en":140},"pll_sync_post":[],"_links":{"self":[{"href":"https:\/\/web.umons.ac.be\/lpmo\/wp-json\/wp\/v2\/pages\/140","targetHints":{"allow":["GET"]}}],"collection":[{"href":"https:\/\/web.umons.ac.be\/lpmo\/wp-json\/wp\/v2\/pages"}],"about":[{"href":"https:\/\/web.umons.ac.be\/lpmo\/wp-json\/wp\/v2\/types\/page"}],"author":[{"embeddable":true,"href":"https:\/\/web.umons.ac.be\/lpmo\/wp-json\/wp\/v2\/users\/153"}],"replies":[{"embeddable":true,"href":"https:\/\/web.umons.ac.be\/lpmo\/wp-json\/wp\/v2\/comments?post=140"}],"version-history":[{"count":3,"href":"https:\/\/web.umons.ac.be\/lpmo\/wp-json\/wp\/v2\/pages\/140\/revisions"}],"predecessor-version":[{"id":170,"href":"https:\/\/web.umons.ac.be\/lpmo\/wp-json\/wp\/v2\/pages\/140\/revisions\/170"}],"wp:attachment":[{"href":"https:\/\/web.umons.ac.be\/lpmo\/wp-json\/wp\/v2\/media?parent=140"}],"curies":[{"name":"wp","href":"https:\/\/api.w.org\/{rel}","templated":true}]}}