{"id":11,"date":"2021-11-08T11:03:13","date_gmt":"2021-11-08T10:03:13","guid":{"rendered":"https:\/\/web.umons.ac.be\/mako\/activites-denseignement\/"},"modified":"2021-11-08T11:27:07","modified_gmt":"2021-11-08T10:27:07","slug":"activites-denseignement","status":"publish","type":"page","link":"https:\/\/web.umons.ac.be\/mako\/activites-denseignement\/","title":{"rendered":"Activit\u00e9s d&rsquo;enseignement"},"content":{"rendered":"<ul>\n<li>Luxury Marketing<\/li>\n<li>Advance Marketing<\/li>\n<li>Cases in Marketing Strategy<\/li>\n<li>Communication d&rsquo;entreprise<\/li>\n<li>Comportement du consommateur<\/li>\n<li>Digital Marketing<\/li>\n<li>Fondements de marketing<\/li>\n<li>Initiation \u00e0 l&rsquo;entrepreneuriat<\/li>\n<li>International Marketing Management<\/li>\n<li>Marketing approfondi<\/li>\n<li>Marketing industriel et des projets<\/li>\n<li>Marketing Planning<\/li>\n<li>M\u00e9thodes de recherche en marketing<\/li>\n<li>Planification marketing<\/li>\n<li>Principes de marketing<\/li>\n<li>Principes de marketing<\/li>\n<li>S\u00e9minaire de marketing<\/li>\n<li>S\u00e9minaire de strat\u00e9gie marketing<\/li>\n<li>Strat\u00e9gie et politiques marketing<\/li>\n<\/ul>\n","protected":false},"excerpt":{"rendered":"<p>Luxury Marketing Advance Marketing Cases in Marketing Strategy Communication d&rsquo;entreprise Comportement du consommateur Digital Marketing Fondements de marketing Initiation \u00e0 l&rsquo;entrepreneuriat International Marketing Management Marketing approfondi Marketing industriel et des projets Marketing Planning M\u00e9thodes de recherche en marketing Planification marketing Principes de marketing Principes de marketing S\u00e9minaire de marketing S\u00e9minaire de strat\u00e9gie marketing Strat\u00e9gie et [&hellip;]<\/p>\n","protected":false},"author":4,"featured_media":0,"parent":0,"menu_order":0,"comment_status":"closed","ping_status":"closed","template":"","meta":{"footnotes":""},"class_list":["post-11","page","type-page","status-publish","hentry"],"yoast_head":"<!-- This site is optimized with the Yoast SEO plugin v27.2 - https:\/\/yoast.com\/product\/yoast-seo-wordpress\/ -->\n<title>Activit\u00e9s d&#039;enseignement - Service \/ FWEG - Marketing et Communication<\/title>\n<meta name=\"robots\" content=\"index, follow, max-snippet:-1, max-image-preview:large, max-video-preview:-1\" \/>\n<link rel=\"canonical\" href=\"https:\/\/web.umons.ac.be\/mako\/activites-denseignement\/\" \/>\n<meta property=\"og:locale\" content=\"fr_FR\" \/>\n<meta property=\"og:type\" content=\"article\" \/>\n<meta property=\"og:title\" content=\"Activit\u00e9s d&#039;enseignement - Service \/ FWEG - Marketing et Communication\" \/>\n<meta property=\"og:description\" content=\"Luxury Marketing Advance Marketing Cases in Marketing Strategy Communication d&rsquo;entreprise Comportement du consommateur Digital Marketing Fondements de marketing Initiation \u00e0 l&rsquo;entrepreneuriat International Marketing Management Marketing approfondi Marketing industriel et des projets Marketing Planning M\u00e9thodes de recherche en marketing Planification marketing Principes de marketing Principes de marketing S\u00e9minaire de marketing S\u00e9minaire de strat\u00e9gie marketing Strat\u00e9gie et [&hellip;]\" \/>\n<meta property=\"og:url\" content=\"https:\/\/web.umons.ac.be\/mako\/activites-denseignement\/\" \/>\n<meta property=\"og:site_name\" content=\"Service \/ FWEG - Marketing et Communication\" \/>\n<meta property=\"article:modified_time\" content=\"2021-11-08T10:27:07+00:00\" \/>\n<meta name=\"twitter:card\" content=\"summary_large_image\" \/>\n<meta name=\"twitter:label1\" content=\"Dur\u00e9e de lecture estim\u00e9e\" \/>\n\t<meta name=\"twitter:data1\" content=\"1 minute\" \/>\n<script type=\"application\/ld+json\" class=\"yoast-schema-graph\">{\"@context\":\"https:\/\/schema.org\",\"@graph\":[{\"@type\":\"WebPage\",\"@id\":\"https:\/\/web.umons.ac.be\/mako\/activites-denseignement\/\",\"url\":\"https:\/\/web.umons.ac.be\/mako\/activites-denseignement\/\",\"name\":\"Activit\u00e9s d'enseignement - Service \/ FWEG - Marketing et Communication\",\"isPartOf\":{\"@id\":\"https:\/\/web.umons.ac.be\/mako\/#website\"},\"datePublished\":\"2021-11-08T10:03:13+00:00\",\"dateModified\":\"2021-11-08T10:27:07+00:00\",\"breadcrumb\":{\"@id\":\"https:\/\/web.umons.ac.be\/mako\/activites-denseignement\/#breadcrumb\"},\"inLanguage\":\"fr-FR\",\"potentialAction\":[{\"@type\":\"ReadAction\",\"target\":[\"https:\/\/web.umons.ac.be\/mako\/activites-denseignement\/\"]}]},{\"@type\":\"BreadcrumbList\",\"@id\":\"https:\/\/web.umons.ac.be\/mako\/activites-denseignement\/#breadcrumb\",\"itemListElement\":[{\"@type\":\"ListItem\",\"position\":1,\"name\":\"Home\",\"item\":\"https:\/\/web.umons.ac.be\/mako\/\"},{\"@type\":\"ListItem\",\"position\":2,\"name\":\"Activit\u00e9s d&rsquo;enseignement\"}]},{\"@type\":\"WebSite\",\"@id\":\"https:\/\/web.umons.ac.be\/mako\/#website\",\"url\":\"https:\/\/web.umons.ac.be\/mako\/\",\"name\":\"Service \/ FWEG - Marketing et Communication\",\"description\":\"\",\"potentialAction\":[{\"@type\":\"SearchAction\",\"target\":{\"@type\":\"EntryPoint\",\"urlTemplate\":\"https:\/\/web.umons.ac.be\/mako\/?s={search_term_string}\"},\"query-input\":{\"@type\":\"PropertyValueSpecification\",\"valueRequired\":true,\"valueName\":\"search_term_string\"}}],\"inLanguage\":\"fr-FR\"}]}<\/script>\n<!-- \/ Yoast SEO plugin. -->","yoast_head_json":{"title":"Activit\u00e9s d'enseignement - Service \/ FWEG - Marketing et Communication","robots":{"index":"index","follow":"follow","max-snippet":"max-snippet:-1","max-image-preview":"max-image-preview:large","max-video-preview":"max-video-preview:-1"},"canonical":"https:\/\/web.umons.ac.be\/mako\/activites-denseignement\/","og_locale":"fr_FR","og_type":"article","og_title":"Activit\u00e9s d'enseignement - Service \/ FWEG - Marketing et Communication","og_description":"Luxury Marketing Advance Marketing Cases in Marketing Strategy Communication d&rsquo;entreprise Comportement du consommateur Digital Marketing Fondements de marketing Initiation \u00e0 l&rsquo;entrepreneuriat International Marketing Management Marketing approfondi Marketing industriel et des projets Marketing Planning M\u00e9thodes de recherche en marketing Planification marketing Principes de marketing Principes de marketing S\u00e9minaire de marketing S\u00e9minaire de strat\u00e9gie marketing Strat\u00e9gie et [&hellip;]","og_url":"https:\/\/web.umons.ac.be\/mako\/activites-denseignement\/","og_site_name":"Service \/ FWEG - Marketing et Communication","article_modified_time":"2021-11-08T10:27:07+00:00","twitter_card":"summary_large_image","twitter_misc":{"Dur\u00e9e de lecture estim\u00e9e":"1 minute"},"schema":{"@context":"https:\/\/schema.org","@graph":[{"@type":"WebPage","@id":"https:\/\/web.umons.ac.be\/mako\/activites-denseignement\/","url":"https:\/\/web.umons.ac.be\/mako\/activites-denseignement\/","name":"Activit\u00e9s d'enseignement - Service \/ FWEG - Marketing et Communication","isPartOf":{"@id":"https:\/\/web.umons.ac.be\/mako\/#website"},"datePublished":"2021-11-08T10:03:13+00:00","dateModified":"2021-11-08T10:27:07+00:00","breadcrumb":{"@id":"https:\/\/web.umons.ac.be\/mako\/activites-denseignement\/#breadcrumb"},"inLanguage":"fr-FR","potentialAction":[{"@type":"ReadAction","target":["https:\/\/web.umons.ac.be\/mako\/activites-denseignement\/"]}]},{"@type":"BreadcrumbList","@id":"https:\/\/web.umons.ac.be\/mako\/activites-denseignement\/#breadcrumb","itemListElement":[{"@type":"ListItem","position":1,"name":"Home","item":"https:\/\/web.umons.ac.be\/mako\/"},{"@type":"ListItem","position":2,"name":"Activit\u00e9s d&rsquo;enseignement"}]},{"@type":"WebSite","@id":"https:\/\/web.umons.ac.be\/mako\/#website","url":"https:\/\/web.umons.ac.be\/mako\/","name":"Service \/ FWEG - Marketing et Communication","description":"","potentialAction":[{"@type":"SearchAction","target":{"@type":"EntryPoint","urlTemplate":"https:\/\/web.umons.ac.be\/mako\/?s={search_term_string}"},"query-input":{"@type":"PropertyValueSpecification","valueRequired":true,"valueName":"search_term_string"}}],"inLanguage":"fr-FR"}]}},"lang":"fr","translations":{"fr":11,"en":13},"pll_sync_post":[],"_links":{"self":[{"href":"https:\/\/web.umons.ac.be\/mako\/wp-json\/wp\/v2\/pages\/11","targetHints":{"allow":["GET"]}}],"collection":[{"href":"https:\/\/web.umons.ac.be\/mako\/wp-json\/wp\/v2\/pages"}],"about":[{"href":"https:\/\/web.umons.ac.be\/mako\/wp-json\/wp\/v2\/types\/page"}],"author":[{"embeddable":true,"href":"https:\/\/web.umons.ac.be\/mako\/wp-json\/wp\/v2\/users\/4"}],"replies":[{"embeddable":true,"href":"https:\/\/web.umons.ac.be\/mako\/wp-json\/wp\/v2\/comments?post=11"}],"version-history":[{"count":1,"href":"https:\/\/web.umons.ac.be\/mako\/wp-json\/wp\/v2\/pages\/11\/revisions"}],"predecessor-version":[{"id":49,"href":"https:\/\/web.umons.ac.be\/mako\/wp-json\/wp\/v2\/pages\/11\/revisions\/49"}],"wp:attachment":[{"href":"https:\/\/web.umons.ac.be\/mako\/wp-json\/wp\/v2\/media?parent=11"}],"curies":[{"name":"wp","href":"https:\/\/api.w.org\/{rel}","templated":true}]}}