{"id":11,"date":"2021-11-05T09:04:40","date_gmt":"2021-11-05T08:04:40","guid":{"rendered":"https:\/\/web.umons.ac.be\/mapa\/activites-denseignement\/"},"modified":"2025-09-17T09:10:38","modified_gmt":"2025-09-17T07:10:38","slug":"activites-denseignement","status":"publish","type":"page","link":"https:\/\/web.umons.ac.be\/mapa\/activites-denseignement\/","title":{"rendered":"Enseignement"},"content":{"rendered":"<p>Les membres du service de Math\u00e9matiques Appliqu\u00e9es interviennent dans le programme de plusieurs facult\u00e9s et formations.<\/p>\n<h2>C\u00e9dric Rivi\u00e8re 2025-2026<\/h2>\n<h4>Au sein de la Facult\u00e9 d&rsquo;Architecture et d&rsquo;Urbanisme<\/h4>\n<ul>\n<li>Math\u00e9matiques Appliqu\u00e9es I (B1 Archi): \u00a0 \u00a0 <a href=\"https:\/\/web.umons.ac.be\/app\/uploads\/sites\/88\/2025\/09\/MA1.pdf\">Notes de cours 2025-2026<\/a><\/li>\n<li>Math\u00e9matiques Appliqu\u00e9es II (B2 Archi)<\/li>\n<\/ul>\n<h4>Au sein de la Facult\u00e9 des sciences<\/h4>\n<ul>\n<li>Compl\u00e9ments de Math\u00e9matiques (B2 Physique)<\/li>\n<li>Projet math\u00e9matiques appliqu\u00e9es (Master Math)<\/li>\n<\/ul>\n<h4>Au sein de la Facult\u00e9 des sciences et de la Facult\u00e9 de M\u00e9decine, Pharmacie et Sciences Biom\u00e9dicales<\/h4>\n<ul>\n<li>Introduction math\u00e9matique aux science de la vie (B1 Bio\/BioMed\/Pharma): \u00a0\u00a0\u00a0 <a href=\"https:\/\/web.umons.ac.be\/app\/uploads\/sites\/88\/2025\/09\/Bio1Syllabus.zip\">Notes de cours 2025-2026<\/a><\/li>\n<\/ul>\n<h2>Quentin Brouette 2025-2026<\/h2>\n<ul>\n<li>Math\u00e9matique appliqu\u00e9e aux sciences de la vie (TP, B1 Bio\/BioMed\/Pharma)<\/li>\n<li>Math\u00e9matiques II (B2 Chimie et Physique)<\/li>\n<li>Math\u00e9matiques III (B2 Chimie et Physique)<\/li>\n<li>Outils math\u00e9matiques des sciences de la vie (Charleroi)<\/li>\n<\/ul>\n<p>Cours pr\u00e9paratoires aux \u00e9tudes universitaires (Mr Brouette et Mr Rivi\u00e8re)<\/p>\n","protected":false},"excerpt":{"rendered":"<p>Les membres du service de Math\u00e9matiques Appliqu\u00e9es interviennent dans le programme de plusieurs facult\u00e9s et formations. C\u00e9dric Rivi\u00e8re 2025-2026 Au sein de la Facult\u00e9 d&rsquo;Architecture et d&rsquo;Urbanisme Math\u00e9matiques Appliqu\u00e9es I (B1 Archi): \u00a0 \u00a0 Notes de cours 2025-2026 Math\u00e9matiques Appliqu\u00e9es II (B2 Archi) Au sein de la Facult\u00e9 des sciences Compl\u00e9ments de Math\u00e9matiques (B2 Physique) [&hellip;]<\/p>\n","protected":false},"author":4,"featured_media":0,"parent":0,"menu_order":0,"comment_status":"closed","ping_status":"closed","template":"","meta":{"footnotes":""},"class_list":["post-11","page","type-page","status-publish","hentry"],"yoast_head":"<!-- This site is optimized with the Yoast SEO plugin v27.2 - https:\/\/yoast.com\/product\/yoast-seo-wordpress\/ -->\n<title>Enseignement - Service \/ FS - Math\u00e9matiques appliqu\u00e9es<\/title>\n<meta name=\"robots\" content=\"index, follow, max-snippet:-1, max-image-preview:large, max-video-preview:-1\" \/>\n<link rel=\"canonical\" href=\"https:\/\/web.umons.ac.be\/mapa\/activites-denseignement\/\" \/>\n<meta property=\"og:locale\" content=\"fr_FR\" \/>\n<meta property=\"og:type\" content=\"article\" \/>\n<meta property=\"og:title\" content=\"Enseignement - Service \/ FS - Math\u00e9matiques appliqu\u00e9es\" \/>\n<meta property=\"og:description\" content=\"Les membres du service de Math\u00e9matiques Appliqu\u00e9es interviennent dans le programme de plusieurs facult\u00e9s et formations. C\u00e9dric Rivi\u00e8re 2025-2026 Au sein de la Facult\u00e9 d&rsquo;Architecture et d&rsquo;Urbanisme Math\u00e9matiques Appliqu\u00e9es I (B1 Archi): \u00a0 \u00a0 Notes de cours 2025-2026 Math\u00e9matiques Appliqu\u00e9es II (B2 Archi) Au sein de la Facult\u00e9 des sciences Compl\u00e9ments de Math\u00e9matiques (B2 Physique) [&hellip;]\" \/>\n<meta property=\"og:url\" content=\"https:\/\/web.umons.ac.be\/mapa\/activites-denseignement\/\" \/>\n<meta property=\"og:site_name\" content=\"Service \/ FS - Math\u00e9matiques appliqu\u00e9es\" \/>\n<meta property=\"article:modified_time\" content=\"2025-09-17T07:10:38+00:00\" \/>\n<meta name=\"twitter:card\" content=\"summary_large_image\" \/>\n<meta name=\"twitter:label1\" content=\"Dur\u00e9e de lecture estim\u00e9e\" \/>\n\t<meta name=\"twitter:data1\" content=\"1 minute\" \/>\n<script type=\"application\/ld+json\" class=\"yoast-schema-graph\">{\"@context\":\"https:\/\/schema.org\",\"@graph\":[{\"@type\":\"WebPage\",\"@id\":\"https:\/\/web.umons.ac.be\/mapa\/activites-denseignement\/\",\"url\":\"https:\/\/web.umons.ac.be\/mapa\/activites-denseignement\/\",\"name\":\"Enseignement - Service \/ FS - Math\u00e9matiques appliqu\u00e9es\",\"isPartOf\":{\"@id\":\"https:\/\/web.umons.ac.be\/mapa\/#website\"},\"datePublished\":\"2021-11-05T08:04:40+00:00\",\"dateModified\":\"2025-09-17T07:10:38+00:00\",\"breadcrumb\":{\"@id\":\"https:\/\/web.umons.ac.be\/mapa\/activites-denseignement\/#breadcrumb\"},\"inLanguage\":\"fr-FR\",\"potentialAction\":[{\"@type\":\"ReadAction\",\"target\":[\"https:\/\/web.umons.ac.be\/mapa\/activites-denseignement\/\"]}]},{\"@type\":\"BreadcrumbList\",\"@id\":\"https:\/\/web.umons.ac.be\/mapa\/activites-denseignement\/#breadcrumb\",\"itemListElement\":[{\"@type\":\"ListItem\",\"position\":1,\"name\":\"Home\",\"item\":\"https:\/\/web.umons.ac.be\/mapa\/\"},{\"@type\":\"ListItem\",\"position\":2,\"name\":\"Enseignement\"}]},{\"@type\":\"WebSite\",\"@id\":\"https:\/\/web.umons.ac.be\/mapa\/#website\",\"url\":\"https:\/\/web.umons.ac.be\/mapa\/\",\"name\":\"Service \/ FS - Math\u00e9matiques appliqu\u00e9es\",\"description\":\"\",\"potentialAction\":[{\"@type\":\"SearchAction\",\"target\":{\"@type\":\"EntryPoint\",\"urlTemplate\":\"https:\/\/web.umons.ac.be\/mapa\/?s={search_term_string}\"},\"query-input\":{\"@type\":\"PropertyValueSpecification\",\"valueRequired\":true,\"valueName\":\"search_term_string\"}}],\"inLanguage\":\"fr-FR\"}]}<\/script>\n<!-- \/ Yoast SEO plugin. -->","yoast_head_json":{"title":"Enseignement - Service \/ FS - Math\u00e9matiques appliqu\u00e9es","robots":{"index":"index","follow":"follow","max-snippet":"max-snippet:-1","max-image-preview":"max-image-preview:large","max-video-preview":"max-video-preview:-1"},"canonical":"https:\/\/web.umons.ac.be\/mapa\/activites-denseignement\/","og_locale":"fr_FR","og_type":"article","og_title":"Enseignement - Service \/ FS - Math\u00e9matiques appliqu\u00e9es","og_description":"Les membres du service de Math\u00e9matiques Appliqu\u00e9es interviennent dans le programme de plusieurs facult\u00e9s et formations. C\u00e9dric Rivi\u00e8re 2025-2026 Au sein de la Facult\u00e9 d&rsquo;Architecture et d&rsquo;Urbanisme Math\u00e9matiques Appliqu\u00e9es I (B1 Archi): \u00a0 \u00a0 Notes de cours 2025-2026 Math\u00e9matiques Appliqu\u00e9es II (B2 Archi) Au sein de la Facult\u00e9 des sciences Compl\u00e9ments de Math\u00e9matiques (B2 Physique) [&hellip;]","og_url":"https:\/\/web.umons.ac.be\/mapa\/activites-denseignement\/","og_site_name":"Service \/ FS - Math\u00e9matiques appliqu\u00e9es","article_modified_time":"2025-09-17T07:10:38+00:00","twitter_card":"summary_large_image","twitter_misc":{"Dur\u00e9e de lecture estim\u00e9e":"1 minute"},"schema":{"@context":"https:\/\/schema.org","@graph":[{"@type":"WebPage","@id":"https:\/\/web.umons.ac.be\/mapa\/activites-denseignement\/","url":"https:\/\/web.umons.ac.be\/mapa\/activites-denseignement\/","name":"Enseignement - Service \/ FS - Math\u00e9matiques appliqu\u00e9es","isPartOf":{"@id":"https:\/\/web.umons.ac.be\/mapa\/#website"},"datePublished":"2021-11-05T08:04:40+00:00","dateModified":"2025-09-17T07:10:38+00:00","breadcrumb":{"@id":"https:\/\/web.umons.ac.be\/mapa\/activites-denseignement\/#breadcrumb"},"inLanguage":"fr-FR","potentialAction":[{"@type":"ReadAction","target":["https:\/\/web.umons.ac.be\/mapa\/activites-denseignement\/"]}]},{"@type":"BreadcrumbList","@id":"https:\/\/web.umons.ac.be\/mapa\/activites-denseignement\/#breadcrumb","itemListElement":[{"@type":"ListItem","position":1,"name":"Home","item":"https:\/\/web.umons.ac.be\/mapa\/"},{"@type":"ListItem","position":2,"name":"Enseignement"}]},{"@type":"WebSite","@id":"https:\/\/web.umons.ac.be\/mapa\/#website","url":"https:\/\/web.umons.ac.be\/mapa\/","name":"Service \/ FS - Math\u00e9matiques appliqu\u00e9es","description":"","potentialAction":[{"@type":"SearchAction","target":{"@type":"EntryPoint","urlTemplate":"https:\/\/web.umons.ac.be\/mapa\/?s={search_term_string}"},"query-input":{"@type":"PropertyValueSpecification","valueRequired":true,"valueName":"search_term_string"}}],"inLanguage":"fr-FR"}]}},"lang":"fr","translations":{"fr":11,"en":13},"pll_sync_post":[],"_links":{"self":[{"href":"https:\/\/web.umons.ac.be\/mapa\/wp-json\/wp\/v2\/pages\/11","targetHints":{"allow":["GET"]}}],"collection":[{"href":"https:\/\/web.umons.ac.be\/mapa\/wp-json\/wp\/v2\/pages"}],"about":[{"href":"https:\/\/web.umons.ac.be\/mapa\/wp-json\/wp\/v2\/types\/page"}],"author":[{"embeddable":true,"href":"https:\/\/web.umons.ac.be\/mapa\/wp-json\/wp\/v2\/users\/4"}],"replies":[{"embeddable":true,"href":"https:\/\/web.umons.ac.be\/mapa\/wp-json\/wp\/v2\/comments?post=11"}],"version-history":[{"count":3,"href":"https:\/\/web.umons.ac.be\/mapa\/wp-json\/wp\/v2\/pages\/11\/revisions"}],"predecessor-version":[{"id":291,"href":"https:\/\/web.umons.ac.be\/mapa\/wp-json\/wp\/v2\/pages\/11\/revisions\/291"}],"wp:attachment":[{"href":"https:\/\/web.umons.ac.be\/mapa\/wp-json\/wp\/v2\/media?parent=11"}],"curies":[{"name":"wp","href":"https:\/\/api.w.org\/{rel}","templated":true}]}}