{"id":15,"date":"2024-09-11T15:27:38","date_gmt":"2024-09-11T13:27:38","guid":{"rendered":"https:\/\/web.umons.ac.be\/meco\/activites-de-recherche\/"},"modified":"2024-09-12T10:47:57","modified_gmt":"2024-09-12T08:47:57","slug":"activites-de-recherche","status":"publish","type":"page","link":"https:\/\/web.umons.ac.be\/meco\/fr\/activites-de-recherche\/","title":{"rendered":"Activit\u00e9s de recherche"},"content":{"rendered":"<p>Les activit\u00e9s de recherche du Service ont pour int\u00e9r\u00eat :<\/p>\n<ul>\n<li>Le d\u00e9veloppement de m\u00e9thodes d&rsquo;analyse de donn\u00e9es pour les troubles complexes<\/li>\n<li>L&rsquo;investigation de la complexit\u00e9, diagnostic et traitement des troubles mentaux<\/li>\n<li>Le recensement des technologies et leur application dans le milieu de la sant\u00e9<\/li>\n<li>La pr\u00e9dictibilit\u00e9 des \u00e9v\u00e8nements \u00e0 risque dans le milieu chirurgical et des soins critiques<\/li>\n<li>L&rsquo;intelligence artificielle en sant\u00e9, l&rsquo;innovation, la m\u00e9decine digitale<\/li>\n<li>La sant\u00e9 publique et l&rsquo;accessibilit\u00e9 des soins<\/li>\n<\/ul>\n<p>&nbsp;<\/p>\n<hr \/>\n<p>Notre service est, par ailleurs rattach\u00e9 \u00e0 un institut de recherche de l\u2019UMONS :<\/p>\n<start-cask-shortcode-wrapper>\t\t<div class=\"associated-institutes content-block scheme-fmp\">\n\t\t\t<ul class=\"institutes-list\">\n\t\t\t\t\t\t\t\t\t\t<li>\n\t\t\t\t\t\t\t<a href=\"https:\/\/web.umons.ac.be\/sante\" title=\"Acc\u00e9der au site web de : Institut \/ Sant\u00e9\" class=\"associated-institute\">\n\t\t\t\t\t\t\t\t<img loading=\"lazy\" decoding=\"async\" width=\"1\" height=\"1\" src=\"https:\/\/web.umons.ac.be\/app\/uploads\/sites\/35\/2021\/03\/sante_logo_fr.svg\" class=\"attachment-thumbnail size-thumbnail\" alt=\"\" \/>\t\t\t\t\t\t\t<\/a>\t\t\t\n\t\t\t\t\t\t<\/li>\n\t\t\t\t\t\t\t<\/ul>\n\t\t<\/div>\n <end-cask-shortcode-wrapper>\n","protected":false},"excerpt":{"rendered":"<p>Les activit\u00e9s de recherche du Service ont pour int\u00e9r\u00eat : Le d\u00e9veloppement de m\u00e9thodes d&rsquo;analyse de donn\u00e9es pour les troubles complexes L&rsquo;investigation de la complexit\u00e9, diagnostic et traitement des troubles mentaux Le recensement des technologies et leur application dans le milieu de la sant\u00e9 La pr\u00e9dictibilit\u00e9 des \u00e9v\u00e8nements \u00e0 risque dans le milieu chirurgical et [&hellip;]<\/p>\n","protected":false},"author":2,"featured_media":0,"parent":0,"menu_order":0,"comment_status":"closed","ping_status":"closed","template":"","meta":{"footnotes":""},"class_list":["post-15","page","type-page","status-publish","hentry"],"yoast_head":"<!-- This site is optimized with the Yoast SEO plugin v27.2 - https:\/\/yoast.com\/product\/yoast-seo-wordpress\/ -->\n<title>Activit\u00e9s de recherche - Service \/ FMPB - M\u00e9decine Computationnelle et Neuropsychiatrie<\/title>\n<meta name=\"robots\" content=\"index, follow, max-snippet:-1, max-image-preview:large, max-video-preview:-1\" \/>\n<link rel=\"canonical\" href=\"https:\/\/web.umons.ac.be\/meco\/fr\/activites-de-recherche\/\" \/>\n<meta property=\"og:locale\" content=\"fr_FR\" \/>\n<meta property=\"og:type\" content=\"article\" \/>\n<meta property=\"og:title\" content=\"Activit\u00e9s de recherche - Service \/ FMPB - M\u00e9decine Computationnelle et Neuropsychiatrie\" \/>\n<meta property=\"og:description\" content=\"Les activit\u00e9s de recherche du Service ont pour int\u00e9r\u00eat : Le d\u00e9veloppement de m\u00e9thodes d&rsquo;analyse de donn\u00e9es pour les troubles complexes L&rsquo;investigation de la complexit\u00e9, diagnostic et traitement des troubles mentaux Le recensement des technologies et leur application dans le milieu de la sant\u00e9 La pr\u00e9dictibilit\u00e9 des \u00e9v\u00e8nements \u00e0 risque dans le milieu chirurgical et [&hellip;]\" \/>\n<meta property=\"og:url\" content=\"https:\/\/web.umons.ac.be\/meco\/fr\/activites-de-recherche\/\" \/>\n<meta property=\"og:site_name\" content=\"Service \/ FMPB - M\u00e9decine Computationnelle et Neuropsychiatrie\" \/>\n<meta property=\"article:modified_time\" content=\"2024-09-12T08:47:57+00:00\" \/>\n<meta name=\"twitter:card\" content=\"summary_large_image\" \/>\n<meta name=\"twitter:label1\" content=\"Dur\u00e9e de lecture estim\u00e9e\" \/>\n\t<meta name=\"twitter:data1\" content=\"1 minute\" \/>\n<script type=\"application\/ld+json\" class=\"yoast-schema-graph\">{\"@context\":\"https:\/\/schema.org\",\"@graph\":[{\"@type\":\"WebPage\",\"@id\":\"https:\/\/web.umons.ac.be\/meco\/fr\/activites-de-recherche\/\",\"url\":\"https:\/\/web.umons.ac.be\/meco\/fr\/activites-de-recherche\/\",\"name\":\"Activit\u00e9s de recherche - Service \/ FMPB - M\u00e9decine Computationnelle et Neuropsychiatrie\",\"isPartOf\":{\"@id\":\"https:\/\/web.umons.ac.be\/meco\/#website\"},\"datePublished\":\"2024-09-11T13:27:38+00:00\",\"dateModified\":\"2024-09-12T08:47:57+00:00\",\"breadcrumb\":{\"@id\":\"https:\/\/web.umons.ac.be\/meco\/fr\/activites-de-recherche\/#breadcrumb\"},\"inLanguage\":\"fr-FR\",\"potentialAction\":[{\"@type\":\"ReadAction\",\"target\":[\"https:\/\/web.umons.ac.be\/meco\/fr\/activites-de-recherche\/\"]}]},{\"@type\":\"BreadcrumbList\",\"@id\":\"https:\/\/web.umons.ac.be\/meco\/fr\/activites-de-recherche\/#breadcrumb\",\"itemListElement\":[{\"@type\":\"ListItem\",\"position\":1,\"name\":\"Accueil\",\"item\":\"https:\/\/web.umons.ac.be\/meco\/fr\/\"},{\"@type\":\"ListItem\",\"position\":2,\"name\":\"Activit\u00e9s de recherche\"}]},{\"@type\":\"WebSite\",\"@id\":\"https:\/\/web.umons.ac.be\/meco\/#website\",\"url\":\"https:\/\/web.umons.ac.be\/meco\/\",\"name\":\"Service \/ FMPB - M\u00e9decine Computationnelle et Neuropsychiatrie\",\"description\":\"\",\"potentialAction\":[{\"@type\":\"SearchAction\",\"target\":{\"@type\":\"EntryPoint\",\"urlTemplate\":\"https:\/\/web.umons.ac.be\/meco\/?s={search_term_string}\"},\"query-input\":{\"@type\":\"PropertyValueSpecification\",\"valueRequired\":true,\"valueName\":\"search_term_string\"}}],\"inLanguage\":\"fr-FR\"}]}<\/script>\n<!-- \/ Yoast SEO plugin. -->","yoast_head_json":{"title":"Activit\u00e9s de recherche - Service \/ FMPB - M\u00e9decine Computationnelle et Neuropsychiatrie","robots":{"index":"index","follow":"follow","max-snippet":"max-snippet:-1","max-image-preview":"max-image-preview:large","max-video-preview":"max-video-preview:-1"},"canonical":"https:\/\/web.umons.ac.be\/meco\/fr\/activites-de-recherche\/","og_locale":"fr_FR","og_type":"article","og_title":"Activit\u00e9s de recherche - Service \/ FMPB - M\u00e9decine Computationnelle et Neuropsychiatrie","og_description":"Les activit\u00e9s de recherche du Service ont pour int\u00e9r\u00eat : Le d\u00e9veloppement de m\u00e9thodes d&rsquo;analyse de donn\u00e9es pour les troubles complexes L&rsquo;investigation de la complexit\u00e9, diagnostic et traitement des troubles mentaux Le recensement des technologies et leur application dans le milieu de la sant\u00e9 La pr\u00e9dictibilit\u00e9 des \u00e9v\u00e8nements \u00e0 risque dans le milieu chirurgical et [&hellip;]","og_url":"https:\/\/web.umons.ac.be\/meco\/fr\/activites-de-recherche\/","og_site_name":"Service \/ FMPB - M\u00e9decine Computationnelle et Neuropsychiatrie","article_modified_time":"2024-09-12T08:47:57+00:00","twitter_card":"summary_large_image","twitter_misc":{"Dur\u00e9e de lecture estim\u00e9e":"1 minute"},"schema":{"@context":"https:\/\/schema.org","@graph":[{"@type":"WebPage","@id":"https:\/\/web.umons.ac.be\/meco\/fr\/activites-de-recherche\/","url":"https:\/\/web.umons.ac.be\/meco\/fr\/activites-de-recherche\/","name":"Activit\u00e9s de recherche - Service \/ FMPB - M\u00e9decine Computationnelle et Neuropsychiatrie","isPartOf":{"@id":"https:\/\/web.umons.ac.be\/meco\/#website"},"datePublished":"2024-09-11T13:27:38+00:00","dateModified":"2024-09-12T08:47:57+00:00","breadcrumb":{"@id":"https:\/\/web.umons.ac.be\/meco\/fr\/activites-de-recherche\/#breadcrumb"},"inLanguage":"fr-FR","potentialAction":[{"@type":"ReadAction","target":["https:\/\/web.umons.ac.be\/meco\/fr\/activites-de-recherche\/"]}]},{"@type":"BreadcrumbList","@id":"https:\/\/web.umons.ac.be\/meco\/fr\/activites-de-recherche\/#breadcrumb","itemListElement":[{"@type":"ListItem","position":1,"name":"Accueil","item":"https:\/\/web.umons.ac.be\/meco\/fr\/"},{"@type":"ListItem","position":2,"name":"Activit\u00e9s de recherche"}]},{"@type":"WebSite","@id":"https:\/\/web.umons.ac.be\/meco\/#website","url":"https:\/\/web.umons.ac.be\/meco\/","name":"Service \/ FMPB - M\u00e9decine Computationnelle et Neuropsychiatrie","description":"","potentialAction":[{"@type":"SearchAction","target":{"@type":"EntryPoint","urlTemplate":"https:\/\/web.umons.ac.be\/meco\/?s={search_term_string}"},"query-input":{"@type":"PropertyValueSpecification","valueRequired":true,"valueName":"search_term_string"}}],"inLanguage":"fr-FR"}]}},"lang":"fr","translations":{"fr":15,"en":17},"pll_sync_post":[],"_links":{"self":[{"href":"https:\/\/web.umons.ac.be\/meco\/wp-json\/wp\/v2\/pages\/15","targetHints":{"allow":["GET"]}}],"collection":[{"href":"https:\/\/web.umons.ac.be\/meco\/wp-json\/wp\/v2\/pages"}],"about":[{"href":"https:\/\/web.umons.ac.be\/meco\/wp-json\/wp\/v2\/types\/page"}],"author":[{"embeddable":true,"href":"https:\/\/web.umons.ac.be\/meco\/wp-json\/wp\/v2\/users\/2"}],"replies":[{"embeddable":true,"href":"https:\/\/web.umons.ac.be\/meco\/wp-json\/wp\/v2\/comments?post=15"}],"version-history":[{"count":1,"href":"https:\/\/web.umons.ac.be\/meco\/wp-json\/wp\/v2\/pages\/15\/revisions"}],"predecessor-version":[{"id":52,"href":"https:\/\/web.umons.ac.be\/meco\/wp-json\/wp\/v2\/pages\/15\/revisions\/52"}],"wp:attachment":[{"href":"https:\/\/web.umons.ac.be\/meco\/wp-json\/wp\/v2\/media?parent=15"}],"curies":[{"name":"wp","href":"https:\/\/api.w.org\/{rel}","templated":true}]}}