{"id":3,"date":"2021-11-04T13:33:59","date_gmt":"2021-11-04T12:33:59","guid":{"rendered":"https:\/\/web.umons.ac.be\/nord\/accueil\/"},"modified":"2025-11-10T15:33:07","modified_gmt":"2025-11-10T14:33:07","slug":"accueil","status":"publish","type":"page","link":"https:\/\/web.umons.ac.be\/nord\/accueil\/","title":{"rendered":"Accueil"},"content":{"rendered":"<p>Le Service nordique f\u00e9d\u00e8re le travail d\u2019enseignants et de chercheurs dans les domaines des langues, des cultures et des institutions nordiques et d\u00e9veloppe, \u00e0 partir de ce noyau, des projets transversaux en traductologie, linguistique, analyse du discours, litt\u00e9rature et didactique.<\/p>\n<p>Le service se consacre \u00e9galement \u00e0 la diffusion de la culture scandinave par le biais, notamment, de conf\u00e9rences donn\u00e9es en universit\u00e9s et Hautes \u00c9coles, de formations en litt\u00e9rature nordique, d\u2019interventions et d\u2019interpr\u00e9tation lors d\u2019\u00e9v\u00e9nements culturels et d\u2019organisation de stages de musique traditionnelle.<\/p>\n<p>&nbsp;<\/p>\n<h1><span style=\"font-family: arial, helvetica, sans-serif;\">Le CURSUS<\/span><\/h1>\n<p>La Facult\u00e9 de Traduction et d\u2019Interpr\u00e9tation de l\u2019UMONS forme de v\u00e9ritables <strong>experts linguistiques<\/strong>, capables d\u2019interagir dans un monde multilingue et de r\u00e9ellement tirer parti des <strong>nouvelles technologies<\/strong>\u00a0: elle pr\u00e9pare aux <strong>m\u00e9tiers multilingues de demain<\/strong> (notamment, traduction \u2013 avec int\u00e9gration de l\u2019IA \u2013, interpr\u00e9tation, communication en entreprise, relations interculturelles et enseignement). Dans ce cadre, la <strong>formation en langues scandinaves <\/strong>est<strong> unique en Belgique<\/strong>.<\/p>\n<p>Elle associe l\u2019apprentissage d\u2019une <strong>langue germanique \u00ab\u00a0classique\u00a0\u00bb (anglais, n\u00e9erlandais ou allemand) aux trois principales langues scandinaves<\/strong>, ce qui offre un\u00a0<strong>profil professionnel int\u00e9ressant<\/strong> \u00e0 nos dipl\u00f4m\u00e9s (souvent engag\u00e9s pour leur sp\u00e9cificit\u00e9, tout en travaillant \u00e9galement avec leur langue plus r\u00e9pandue).<\/p>\n<p>Concr\u00e8tement, lors du bachelier, les \u00e9tudiants apprennent le danois en m\u00eame temps qu\u2019une autre langue germanique (n\u00e9erlandais, allemand ou anglais, au choix)\u202f; ils conservent cette derni\u00e8re en master, tandis que la branche scandinave ajoute le su\u00e9dois et le norv\u00e9gien au danois, gr\u00e2ce \u00e0 la forte proximit\u00e9 de ces trois langues et aux possibilit\u00e9s d\u2019intercompr\u00e9hension qu\u2019elles offrent.<\/p>\n<p><strong>Avoir \u00e9tudi\u00e9 le n\u00e9erlandais, l\u2019anglais ou l\u2019allemand donne un avantage<\/strong> dans l\u2019apprentissage des langues scandinaves, dont le vocabulaire ou la grammaire rappellent les autres langues germaniques. N\u2019h\u00e9sitez pas \u00e0 venir constater lors des cours ouverts ce que vos connaissances peuvent d\u00e9j\u00e0 vous apporter, par exemple, pour la lecture d\u2019un texte danois ou su\u00e9dois\u00a0! Nous serions heureux de les accueillir dans notre Service, tr\u00e8s dynamique et qui accorde une grande importance au suivi des \u00e9tudiants et \u00e0 leur bien-\u00eatre.<\/p>\n<p>&nbsp;<\/p>\n<p><em>Vid\u00e9o de pr\u00e9sentation du service \u00e0 l&rsquo;intention de nos futurs \u00e9tudiants:<\/em><\/p>\n<p><iframe loading=\"lazy\" title=\"Pr\u00e9sentation du Service Nordique de la FTI-EII (UMons)\" width=\"500\" height=\"281\" src=\"https:\/\/www.youtube.com\/embed\/E4wW_QZouec?feature=oembed\" frameborder=\"0\" allow=\"accelerometer; autoplay; clipboard-write; encrypted-media; gyroscope; picture-in-picture; web-share\" referrerpolicy=\"strict-origin-when-cross-origin\" allowfullscreen><\/iframe><\/p>\n","protected":false},"excerpt":{"rendered":"<p>Le Service nordique f\u00e9d\u00e8re le travail d\u2019enseignants et de chercheurs dans les domaines des langues, des cultures et des institutions nordiques et d\u00e9veloppe, \u00e0 partir de ce noyau, des projets transversaux en traductologie, linguistique, analyse du discours, litt\u00e9rature et didactique. Le service se consacre \u00e9galement \u00e0 la diffusion de la culture scandinave par le biais, [&hellip;]<\/p>\n","protected":false},"author":4,"featured_media":0,"parent":0,"menu_order":0,"comment_status":"closed","ping_status":"closed","template":"","meta":{"footnotes":""},"class_list":["post-3","page","type-page","status-publish","hentry"],"yoast_head":"<!-- This site is optimized with the Yoast SEO plugin v27.2 - https:\/\/yoast.com\/product\/yoast-seo-wordpress\/ -->\n<title>Accueil - Service \/ FTI-EII - \u00c9tudes nordiques<\/title>\n<meta name=\"robots\" content=\"index, follow, max-snippet:-1, max-image-preview:large, max-video-preview:-1\" \/>\n<link rel=\"canonical\" href=\"https:\/\/web.umons.ac.be\/nord\/accueil\/\" \/>\n<meta property=\"og:locale\" content=\"fr_FR\" \/>\n<meta property=\"og:type\" content=\"article\" \/>\n<meta property=\"og:title\" content=\"Accueil - Service \/ FTI-EII - \u00c9tudes nordiques\" \/>\n<meta property=\"og:description\" content=\"Le Service nordique f\u00e9d\u00e8re le travail d\u2019enseignants et de chercheurs dans les domaines des langues, des cultures et des institutions nordiques et d\u00e9veloppe, \u00e0 partir de ce noyau, des projets transversaux en traductologie, linguistique, analyse du discours, litt\u00e9rature et didactique. Le service se consacre \u00e9galement \u00e0 la diffusion de la culture scandinave par le biais, [&hellip;]\" \/>\n<meta property=\"og:url\" content=\"https:\/\/web.umons.ac.be\/nord\/accueil\/\" \/>\n<meta property=\"og:site_name\" content=\"Service \/ FTI-EII - \u00c9tudes nordiques\" \/>\n<meta property=\"article:modified_time\" content=\"2025-11-10T14:33:07+00:00\" \/>\n<meta name=\"twitter:card\" content=\"summary_large_image\" \/>\n<meta name=\"twitter:label1\" content=\"Dur\u00e9e de lecture estim\u00e9e\" \/>\n\t<meta name=\"twitter:data1\" content=\"2 minutes\" \/>\n<script type=\"application\/ld+json\" class=\"yoast-schema-graph\">{\"@context\":\"https:\/\/schema.org\",\"@graph\":[{\"@type\":\"WebPage\",\"@id\":\"https:\/\/web.umons.ac.be\/nord\/accueil\/\",\"url\":\"https:\/\/web.umons.ac.be\/nord\/accueil\/\",\"name\":\"Accueil - Service \/ FTI-EII - \u00c9tudes nordiques\",\"isPartOf\":{\"@id\":\"https:\/\/web.umons.ac.be\/nord\/#website\"},\"datePublished\":\"2021-11-04T12:33:59+00:00\",\"dateModified\":\"2025-11-10T14:33:07+00:00\",\"breadcrumb\":{\"@id\":\"https:\/\/web.umons.ac.be\/nord\/accueil\/#breadcrumb\"},\"inLanguage\":\"fr-FR\",\"potentialAction\":[{\"@type\":\"ReadAction\",\"target\":[\"https:\/\/web.umons.ac.be\/nord\/accueil\/\"]}]},{\"@type\":\"BreadcrumbList\",\"@id\":\"https:\/\/web.umons.ac.be\/nord\/accueil\/#breadcrumb\",\"itemListElement\":[{\"@type\":\"ListItem\",\"position\":1,\"name\":\"Home\",\"item\":\"https:\/\/web.umons.ac.be\/nord\/\"},{\"@type\":\"ListItem\",\"position\":2,\"name\":\"Accueil\"}]},{\"@type\":\"WebSite\",\"@id\":\"https:\/\/web.umons.ac.be\/nord\/#website\",\"url\":\"https:\/\/web.umons.ac.be\/nord\/\",\"name\":\"Service \/ FTI-EII - \u00c9tudes nordiques\",\"description\":\"\",\"potentialAction\":[{\"@type\":\"SearchAction\",\"target\":{\"@type\":\"EntryPoint\",\"urlTemplate\":\"https:\/\/web.umons.ac.be\/nord\/?s={search_term_string}\"},\"query-input\":{\"@type\":\"PropertyValueSpecification\",\"valueRequired\":true,\"valueName\":\"search_term_string\"}}],\"inLanguage\":\"fr-FR\"}]}<\/script>\n<!-- \/ Yoast SEO plugin. -->","yoast_head_json":{"title":"Accueil - Service \/ FTI-EII - \u00c9tudes nordiques","robots":{"index":"index","follow":"follow","max-snippet":"max-snippet:-1","max-image-preview":"max-image-preview:large","max-video-preview":"max-video-preview:-1"},"canonical":"https:\/\/web.umons.ac.be\/nord\/accueil\/","og_locale":"fr_FR","og_type":"article","og_title":"Accueil - Service \/ FTI-EII - \u00c9tudes nordiques","og_description":"Le Service nordique f\u00e9d\u00e8re le travail d\u2019enseignants et de chercheurs dans les domaines des langues, des cultures et des institutions nordiques et d\u00e9veloppe, \u00e0 partir de ce noyau, des projets transversaux en traductologie, linguistique, analyse du discours, litt\u00e9rature et didactique. Le service se consacre \u00e9galement \u00e0 la diffusion de la culture scandinave par le biais, [&hellip;]","og_url":"https:\/\/web.umons.ac.be\/nord\/accueil\/","og_site_name":"Service \/ FTI-EII - \u00c9tudes nordiques","article_modified_time":"2025-11-10T14:33:07+00:00","twitter_card":"summary_large_image","twitter_misc":{"Dur\u00e9e de lecture estim\u00e9e":"2 minutes"},"schema":{"@context":"https:\/\/schema.org","@graph":[{"@type":"WebPage","@id":"https:\/\/web.umons.ac.be\/nord\/accueil\/","url":"https:\/\/web.umons.ac.be\/nord\/accueil\/","name":"Accueil - Service \/ FTI-EII - \u00c9tudes nordiques","isPartOf":{"@id":"https:\/\/web.umons.ac.be\/nord\/#website"},"datePublished":"2021-11-04T12:33:59+00:00","dateModified":"2025-11-10T14:33:07+00:00","breadcrumb":{"@id":"https:\/\/web.umons.ac.be\/nord\/accueil\/#breadcrumb"},"inLanguage":"fr-FR","potentialAction":[{"@type":"ReadAction","target":["https:\/\/web.umons.ac.be\/nord\/accueil\/"]}]},{"@type":"BreadcrumbList","@id":"https:\/\/web.umons.ac.be\/nord\/accueil\/#breadcrumb","itemListElement":[{"@type":"ListItem","position":1,"name":"Home","item":"https:\/\/web.umons.ac.be\/nord\/"},{"@type":"ListItem","position":2,"name":"Accueil"}]},{"@type":"WebSite","@id":"https:\/\/web.umons.ac.be\/nord\/#website","url":"https:\/\/web.umons.ac.be\/nord\/","name":"Service \/ FTI-EII - \u00c9tudes nordiques","description":"","potentialAction":[{"@type":"SearchAction","target":{"@type":"EntryPoint","urlTemplate":"https:\/\/web.umons.ac.be\/nord\/?s={search_term_string}"},"query-input":{"@type":"PropertyValueSpecification","valueRequired":true,"valueName":"search_term_string"}}],"inLanguage":"fr-FR"}]}},"lang":"fr","translations":{"fr":3,"en":5},"pll_sync_post":[],"_links":{"self":[{"href":"https:\/\/web.umons.ac.be\/nord\/wp-json\/wp\/v2\/pages\/3","targetHints":{"allow":["GET"]}}],"collection":[{"href":"https:\/\/web.umons.ac.be\/nord\/wp-json\/wp\/v2\/pages"}],"about":[{"href":"https:\/\/web.umons.ac.be\/nord\/wp-json\/wp\/v2\/types\/page"}],"author":[{"embeddable":true,"href":"https:\/\/web.umons.ac.be\/nord\/wp-json\/wp\/v2\/users\/4"}],"replies":[{"embeddable":true,"href":"https:\/\/web.umons.ac.be\/nord\/wp-json\/wp\/v2\/comments?post=3"}],"version-history":[{"count":3,"href":"https:\/\/web.umons.ac.be\/nord\/wp-json\/wp\/v2\/pages\/3\/revisions"}],"predecessor-version":[{"id":275,"href":"https:\/\/web.umons.ac.be\/nord\/wp-json\/wp\/v2\/pages\/3\/revisions\/275"}],"wp:attachment":[{"href":"https:\/\/web.umons.ac.be\/nord\/wp-json\/wp\/v2\/media?parent=3"}],"curies":[{"name":"wp","href":"https:\/\/api.w.org\/{rel}","templated":true}]}}