{"id":62,"date":"2022-02-03T14:02:14","date_gmt":"2022-02-03T13:02:14","guid":{"rendered":"https:\/\/web.umons.ac.be\/nord\/?page_id=62"},"modified":"2022-02-03T14:02:14","modified_gmt":"2022-02-03T13:02:14","slug":"social-media","status":"publish","type":"page","link":"https:\/\/web.umons.ac.be\/nord\/en\/social-media\/","title":{"rendered":"Social Media"},"content":{"rendered":"<p>The Nordic Studies also has a presence on social media. Don&rsquo;t hesitate to take a look at it!<\/p>\n<p>Facebook:<\/p>\n<p><a href=\"https:\/\/www.facebook.com\/UMONSSCANDI\">https:\/\/www.facebook.com\/UMONSSCANDI<\/a><\/p>\n<p>Instagram:<\/p>\n<p><a href=\"https:\/\/www.instagram.com\/umonsscandinave\/\">https:\/\/www.instagram.com\/umonsscandinave\/<\/a><\/p>\n","protected":false},"excerpt":{"rendered":"<p>The Nordic Studies also has a presence on social media. Don&rsquo;t hesitate to take a look at it! Facebook: https:\/\/www.facebook.com\/UMONSSCANDI Instagram: https:\/\/www.instagram.com\/umonsscandinave\/<\/p>\n","protected":false},"author":163,"featured_media":0,"parent":0,"menu_order":0,"comment_status":"closed","ping_status":"closed","template":"","meta":{"footnotes":""},"class_list":["post-62","page","type-page","status-publish","hentry"],"yoast_head":"<!-- This site is optimized with the Yoast SEO plugin v27.2 - https:\/\/yoast.com\/product\/yoast-seo-wordpress\/ -->\n<title>Social Media - Service \/ FTI-EII - \u00c9tudes nordiques<\/title>\n<meta name=\"robots\" content=\"index, follow, max-snippet:-1, max-image-preview:large, max-video-preview:-1\" \/>\n<link rel=\"canonical\" href=\"https:\/\/web.umons.ac.be\/nord\/en\/social-media\/\" \/>\n<meta property=\"og:locale\" content=\"fr_FR\" \/>\n<meta property=\"og:type\" content=\"article\" \/>\n<meta property=\"og:title\" content=\"Social Media - Service \/ FTI-EII - \u00c9tudes nordiques\" \/>\n<meta property=\"og:description\" content=\"The Nordic Studies also has a presence on social media. Don&rsquo;t hesitate to take a look at it! Facebook: https:\/\/www.facebook.com\/UMONSSCANDI Instagram: https:\/\/www.instagram.com\/umonsscandinave\/\" \/>\n<meta property=\"og:url\" content=\"https:\/\/web.umons.ac.be\/nord\/en\/social-media\/\" \/>\n<meta property=\"og:site_name\" content=\"Service \/ FTI-EII - \u00c9tudes nordiques\" \/>\n<meta name=\"twitter:card\" content=\"summary_large_image\" \/>\n<meta name=\"twitter:label1\" content=\"Dur\u00e9e de lecture estim\u00e9e\" \/>\n\t<meta name=\"twitter:data1\" content=\"1 minute\" \/>\n<script type=\"application\/ld+json\" class=\"yoast-schema-graph\">{\"@context\":\"https:\/\/schema.org\",\"@graph\":[{\"@type\":\"WebPage\",\"@id\":\"https:\/\/web.umons.ac.be\/nord\/en\/social-media\/\",\"url\":\"https:\/\/web.umons.ac.be\/nord\/en\/social-media\/\",\"name\":\"Social Media - Service \/ FTI-EII - \u00c9tudes nordiques\",\"isPartOf\":{\"@id\":\"https:\/\/web.umons.ac.be\/nord\/#website\"},\"datePublished\":\"2022-02-03T13:02:14+00:00\",\"breadcrumb\":{\"@id\":\"https:\/\/web.umons.ac.be\/nord\/en\/social-media\/#breadcrumb\"},\"inLanguage\":\"fr-FR\",\"potentialAction\":[{\"@type\":\"ReadAction\",\"target\":[\"https:\/\/web.umons.ac.be\/nord\/en\/social-media\/\"]}]},{\"@type\":\"BreadcrumbList\",\"@id\":\"https:\/\/web.umons.ac.be\/nord\/en\/social-media\/#breadcrumb\",\"itemListElement\":[{\"@type\":\"ListItem\",\"position\":1,\"name\":\"Home\",\"item\":\"https:\/\/web.umons.ac.be\/nord\/\"},{\"@type\":\"ListItem\",\"position\":2,\"name\":\"Social Media\"}]},{\"@type\":\"WebSite\",\"@id\":\"https:\/\/web.umons.ac.be\/nord\/#website\",\"url\":\"https:\/\/web.umons.ac.be\/nord\/\",\"name\":\"Service \/ FTI-EII - \u00c9tudes nordiques\",\"description\":\"\",\"potentialAction\":[{\"@type\":\"SearchAction\",\"target\":{\"@type\":\"EntryPoint\",\"urlTemplate\":\"https:\/\/web.umons.ac.be\/nord\/?s={search_term_string}\"},\"query-input\":{\"@type\":\"PropertyValueSpecification\",\"valueRequired\":true,\"valueName\":\"search_term_string\"}}],\"inLanguage\":\"fr-FR\"}]}<\/script>\n<!-- \/ Yoast SEO plugin. -->","yoast_head_json":{"title":"Social Media - Service \/ FTI-EII - \u00c9tudes nordiques","robots":{"index":"index","follow":"follow","max-snippet":"max-snippet:-1","max-image-preview":"max-image-preview:large","max-video-preview":"max-video-preview:-1"},"canonical":"https:\/\/web.umons.ac.be\/nord\/en\/social-media\/","og_locale":"fr_FR","og_type":"article","og_title":"Social Media - Service \/ FTI-EII - \u00c9tudes nordiques","og_description":"The Nordic Studies also has a presence on social media. Don&rsquo;t hesitate to take a look at it! Facebook: https:\/\/www.facebook.com\/UMONSSCANDI Instagram: https:\/\/www.instagram.com\/umonsscandinave\/","og_url":"https:\/\/web.umons.ac.be\/nord\/en\/social-media\/","og_site_name":"Service \/ FTI-EII - \u00c9tudes nordiques","twitter_card":"summary_large_image","twitter_misc":{"Dur\u00e9e de lecture estim\u00e9e":"1 minute"},"schema":{"@context":"https:\/\/schema.org","@graph":[{"@type":"WebPage","@id":"https:\/\/web.umons.ac.be\/nord\/en\/social-media\/","url":"https:\/\/web.umons.ac.be\/nord\/en\/social-media\/","name":"Social Media - Service \/ FTI-EII - \u00c9tudes nordiques","isPartOf":{"@id":"https:\/\/web.umons.ac.be\/nord\/#website"},"datePublished":"2022-02-03T13:02:14+00:00","breadcrumb":{"@id":"https:\/\/web.umons.ac.be\/nord\/en\/social-media\/#breadcrumb"},"inLanguage":"fr-FR","potentialAction":[{"@type":"ReadAction","target":["https:\/\/web.umons.ac.be\/nord\/en\/social-media\/"]}]},{"@type":"BreadcrumbList","@id":"https:\/\/web.umons.ac.be\/nord\/en\/social-media\/#breadcrumb","itemListElement":[{"@type":"ListItem","position":1,"name":"Home","item":"https:\/\/web.umons.ac.be\/nord\/"},{"@type":"ListItem","position":2,"name":"Social Media"}]},{"@type":"WebSite","@id":"https:\/\/web.umons.ac.be\/nord\/#website","url":"https:\/\/web.umons.ac.be\/nord\/","name":"Service \/ FTI-EII - \u00c9tudes nordiques","description":"","potentialAction":[{"@type":"SearchAction","target":{"@type":"EntryPoint","urlTemplate":"https:\/\/web.umons.ac.be\/nord\/?s={search_term_string}"},"query-input":{"@type":"PropertyValueSpecification","valueRequired":true,"valueName":"search_term_string"}}],"inLanguage":"fr-FR"}]}},"lang":"en","translations":{"en":62,"fr":57},"pll_sync_post":[],"_links":{"self":[{"href":"https:\/\/web.umons.ac.be\/nord\/wp-json\/wp\/v2\/pages\/62","targetHints":{"allow":["GET"]}}],"collection":[{"href":"https:\/\/web.umons.ac.be\/nord\/wp-json\/wp\/v2\/pages"}],"about":[{"href":"https:\/\/web.umons.ac.be\/nord\/wp-json\/wp\/v2\/types\/page"}],"author":[{"embeddable":true,"href":"https:\/\/web.umons.ac.be\/nord\/wp-json\/wp\/v2\/users\/163"}],"replies":[{"embeddable":true,"href":"https:\/\/web.umons.ac.be\/nord\/wp-json\/wp\/v2\/comments?post=62"}],"version-history":[{"count":1,"href":"https:\/\/web.umons.ac.be\/nord\/wp-json\/wp\/v2\/pages\/62\/revisions"}],"predecessor-version":[{"id":63,"href":"https:\/\/web.umons.ac.be\/nord\/wp-json\/wp\/v2\/pages\/62\/revisions\/63"}],"wp:attachment":[{"href":"https:\/\/web.umons.ac.be\/nord\/wp-json\/wp\/v2\/media?parent=62"}],"curies":[{"name":"wp","href":"https:\/\/api.w.org\/{rel}","templated":true}]}}