{"id":59,"date":"2017-07-18T17:09:13","date_gmt":"2017-07-18T15:09:13","guid":{"rendered":"https:\/\/web.umons.ac.be\/numediart\/?page_id=59"},"modified":"2020-04-05T09:59:58","modified_gmt":"2020-04-05T07:59:58","slug":"digistorm-feder","status":"publish","type":"page","link":"https:\/\/web.umons.ac.be\/numediart\/fr\/recherche\/projets-phare\/digistorm-feder\/","title":{"rendered":"DigiSTORM  (UE+RW\/FEDER)"},"content":{"rendered":"<p><img loading=\"lazy\" decoding=\"async\" class=\"alignright wp-image-263 size-thumbnail\" src=\"https:\/\/web.umons.ac.be\/app\/uploads\/sites\/37\/2017\/11\/photo2_DIGISTORM-150x150.jpg\" alt=\"\" width=\"150\" height=\"150\" srcset=\"https:\/\/web.umons.ac.be\/app\/uploads\/sites\/37\/2017\/11\/photo2_DIGISTORM-150x150.jpg 150w, https:\/\/web.umons.ac.be\/app\/uploads\/sites\/37\/2017\/11\/photo2_DIGISTORM-80x80.jpg 80w, https:\/\/web.umons.ac.be\/app\/uploads\/sites\/37\/2017\/11\/photo2_DIGISTORM-400x400.jpg 400w, https:\/\/web.umons.ac.be\/app\/uploads\/sites\/37\/2017\/11\/photo2_DIGISTORM-200x200.jpg 200w\" sizes=\"auto, (max-width: 150px) 100vw, 150px\" \/><\/p>\n<p>Depuis mai 2015, l\u2019UMONS (via l\u2019Institut NUMEDIART et l\u2019Institut HUMANORG) est chef de file d\u2019un portefeuille de projets FEDER \u00a0et co-financ\u00e9 par l\u2019<a href=\"http:\/\/europe.wallonie.be\/\" target=\"_blank\" rel=\"noopener noreferrer\">Union Europ\u00e9enne et la R\u00e9gion Wallone\u00a0<\/a> dont le nom est DIGISTORM.<\/p>\n<p>L\u2019objectif de ce portefeuille est le d\u00e9veloppement des liens et synergies entre entreprises, centres de R&amp;D et enseignement sup\u00e9rieur, notamment gr\u00e2ce \u00e0 la mise en place, via le projet DIGILIABS, du living lab wallon des industries cr\u00e9atives (le CLICK\u2018), pour favoriser la cr\u00e9ation de nouvelles entreprises ICC (Industries Cr\u00e9atives et Culturelles) et le d\u00e9veloppement des entit\u00e9s \u00e9conomiques pr\u00e9existantes.<\/p>\n<p>Chaque ann\u00e9e, un ou plusieurs projets pilotes sont men\u00e9s par les partenaires de DigiSTORM, pour d\u00e9boucher sur des projets tiers, \u00e0 l\u2019initiative d\u2019acteurs ICC et avec le soutien du living lab. Ces projets sont aliment\u00e9s en technologie par les \u00e9quipes de recherche de l\u2019institut NUMEDIART avec un soutien de centres de recherche MULTITEL et CETIC (via les projets DIGIMIR, DIGISPACE et DIGISENSE) ; ils re\u00e7oivent \u00e9galement un soutien entrepreneurial par La Maison de l\u2019Entreprise (LME) et par l\u2019Institut HumanORG (UMONS), et la formation continue des personnes qui y sont attach\u00e9es sera assur\u00e9 par Technocit\u00e9. Les projets sont orient\u00e9s \u00ab d\u00e9veloppement urbain \u00bb (mus\u00e9es 2.0, eTourisme, Spectacles urbains, etc.).<\/p>\n<p>L\u2019UMONS est \u00e9galement un des partenaires fondateurs du HUB Cr\u00e9atif du C\u0153ur de Hainaut (Creative Valley). Le portefeuille DigiSTORM va permettre de poursuivre et de d\u00e9velopper l\u2019action pass\u00e9e de NUMEDIART dans le domaine des ICC, avec cette fois un positionnement fort dans le partenariat du HUB, et une mission entrepreneuriale explicite. Les indicateurs de performance annonc\u00e9s prennent donc cette fois en compte non seulement la qualit\u00e9 des recherches mais aussi le nombre d\u2019emplois cr\u00e9\u00e9s \u00e0 terme.<\/p>\n<p>&nbsp;<\/p>\n<h5><img loading=\"lazy\" decoding=\"async\" class=\"alignright size-medium wp-image-362\" src=\"https:\/\/web.umons.ac.be\/app\/uploads\/sites\/37\/2018\/06\/Digilabbat-300x213.jpg\" alt=\"\" width=\"300\" height=\"213\" srcset=\"https:\/\/web.umons.ac.be\/app\/uploads\/sites\/37\/2018\/06\/Digilabbat-300x213.jpg 300w, https:\/\/web.umons.ac.be\/app\/uploads\/sites\/37\/2018\/06\/Digilabbat-30x21.jpg 30w, https:\/\/web.umons.ac.be\/app\/uploads\/sites\/37\/2018\/06\/Digilabbat-60x43.jpg 60w, https:\/\/web.umons.ac.be\/app\/uploads\/sites\/37\/2018\/06\/Digilabbat-360x256.jpg 360w, https:\/\/web.umons.ac.be\/app\/uploads\/sites\/37\/2018\/06\/Digilabbat.jpg 675w\" sizes=\"auto, (max-width: 300px) 100vw, 300px\" \/>Un b\u00e2timent pour le projet Digilabs<\/h5>\n<p>&nbsp;<\/p>\n<p>La construction d\u2019un b\u00e2timent est \u00e9galement pr\u00e9vue sur le Parc Initialis pour h\u00e9berger UMONS et LME \u00e0 proximit\u00e9 des bureaux de Technocit\u00e9, et accentuer les synergies avec les entreprises de la Digital Innovation Valley (projet DIGICAMPUS)<\/p>\n<p>&nbsp;<\/p>\n<p>&nbsp;<\/p>\n<hr \/>\n<h5>Les partenaires DIGISTORM<\/h5>\n<p><img loading=\"lazy\" decoding=\"async\" class=\"aligncenter size-large wp-image-364\" src=\"https:\/\/web.umons.ac.be\/app\/uploads\/sites\/37\/2018\/06\/partenaires-digistorm-1024x666.jpg\" alt=\"\" width=\"1024\" height=\"666\" srcset=\"https:\/\/web.umons.ac.be\/app\/uploads\/sites\/37\/2018\/06\/partenaires-digistorm-1024x666.jpg 1024w, https:\/\/web.umons.ac.be\/app\/uploads\/sites\/37\/2018\/06\/partenaires-digistorm-300x195.jpg 300w, https:\/\/web.umons.ac.be\/app\/uploads\/sites\/37\/2018\/06\/partenaires-digistorm-768x499.jpg 768w, https:\/\/web.umons.ac.be\/app\/uploads\/sites\/37\/2018\/06\/partenaires-digistorm-1015x660.jpg 1015w, https:\/\/web.umons.ac.be\/app\/uploads\/sites\/37\/2018\/06\/partenaires-digistorm-30x19.jpg 30w, https:\/\/web.umons.ac.be\/app\/uploads\/sites\/37\/2018\/06\/partenaires-digistorm-60x39.jpg 60w, https:\/\/web.umons.ac.be\/app\/uploads\/sites\/37\/2018\/06\/partenaires-digistorm-360x234.jpg 360w, https:\/\/web.umons.ac.be\/app\/uploads\/sites\/37\/2018\/06\/partenaires-digistorm.jpg 1537w\" sizes=\"auto, (max-width: 1024px) 100vw, 1024px\" \/><\/p>\n<start-cask-shortcode-wrapper><end-cask-shortcode-wrapper>\n","protected":false},"excerpt":{"rendered":"<p>Depuis mai 2015, l\u2019UMONS (via l\u2019Institut NUMEDIART et l\u2019Institut HUMANORG) est chef de file d\u2019un portefeuille de projets FEDER \u00a0et co-financ\u00e9 par l\u2019Union Europ\u00e9enne et la R\u00e9gion Wallone\u00a0 dont le nom est DIGISTORM. L\u2019objectif de ce portefeuille est le d\u00e9veloppement des liens et synergies entre entreprises, centres de R&amp;D et enseignement sup\u00e9rieur, notamment gr\u00e2ce \u00e0 [&hellip;]<\/p>\n","protected":false},"author":2,"featured_media":0,"parent":28,"menu_order":1,"comment_status":"closed","ping_status":"closed","template":"","meta":{"footnotes":""},"class_list":["post-59","page","type-page","status-publish","hentry"],"yoast_head":"<!-- This site is optimized with the Yoast SEO plugin v27.2 - https:\/\/yoast.com\/product\/yoast-seo-wordpress\/ -->\n<title>DigiSTORM (UE+RW\/FEDER) - Institut \/ Num\u00e9diart<\/title>\n<meta name=\"robots\" content=\"index, follow, max-snippet:-1, max-image-preview:large, max-video-preview:-1\" \/>\n<link rel=\"canonical\" href=\"https:\/\/web.umons.ac.be\/numediart\/fr\/recherche\/projets-phare\/digistorm-feder\/\" \/>\n<meta property=\"og:locale\" content=\"fr_FR\" \/>\n<meta property=\"og:type\" content=\"article\" \/>\n<meta property=\"og:title\" content=\"DigiSTORM (UE+RW\/FEDER) - Institut \/ Num\u00e9diart\" \/>\n<meta property=\"og:description\" content=\"Depuis mai 2015, l\u2019UMONS (via l\u2019Institut NUMEDIART et l\u2019Institut HUMANORG) est chef de file d\u2019un portefeuille de projets FEDER \u00a0et co-financ\u00e9 par l\u2019Union Europ\u00e9enne et la R\u00e9gion Wallone\u00a0 dont le nom est DIGISTORM. L\u2019objectif de ce portefeuille est le d\u00e9veloppement des liens et synergies entre entreprises, centres de R&amp;D et enseignement sup\u00e9rieur, notamment gr\u00e2ce \u00e0 [&hellip;]\" \/>\n<meta property=\"og:url\" content=\"https:\/\/web.umons.ac.be\/numediart\/fr\/recherche\/projets-phare\/digistorm-feder\/\" \/>\n<meta property=\"og:site_name\" content=\"Institut \/ Num\u00e9diart\" \/>\n<meta property=\"article:modified_time\" content=\"2020-04-05T07:59:58+00:00\" \/>\n<meta property=\"og:image\" content=\"https:\/\/web.umons.ac.be\/app\/uploads\/sites\/37\/2017\/11\/photo2_DIGISTORM-150x150.jpg\" \/>\n<meta name=\"twitter:card\" content=\"summary_large_image\" \/>\n<meta name=\"twitter:label1\" content=\"Dur\u00e9e de lecture estim\u00e9e\" \/>\n\t<meta name=\"twitter:data1\" content=\"2 minutes\" \/>\n<script type=\"application\/ld+json\" class=\"yoast-schema-graph\">{\"@context\":\"https:\/\/schema.org\",\"@graph\":[{\"@type\":\"WebPage\",\"@id\":\"https:\/\/web.umons.ac.be\/numediart\/fr\/recherche\/projets-phare\/digistorm-feder\/\",\"url\":\"https:\/\/web.umons.ac.be\/numediart\/fr\/recherche\/projets-phare\/digistorm-feder\/\",\"name\":\"DigiSTORM (UE+RW\/FEDER) - Institut \/ Num\u00e9diart\",\"isPartOf\":{\"@id\":\"https:\/\/web.umons.ac.be\/numediart\/#website\"},\"primaryImageOfPage\":{\"@id\":\"https:\/\/web.umons.ac.be\/numediart\/fr\/recherche\/projets-phare\/digistorm-feder\/#primaryimage\"},\"image\":{\"@id\":\"https:\/\/web.umons.ac.be\/numediart\/fr\/recherche\/projets-phare\/digistorm-feder\/#primaryimage\"},\"thumbnailUrl\":\"https:\/\/web.umons.ac.be\/app\/uploads\/sites\/37\/2017\/11\/photo2_DIGISTORM-150x150.jpg\",\"datePublished\":\"2017-07-18T15:09:13+00:00\",\"dateModified\":\"2020-04-05T07:59:58+00:00\",\"breadcrumb\":{\"@id\":\"https:\/\/web.umons.ac.be\/numediart\/fr\/recherche\/projets-phare\/digistorm-feder\/#breadcrumb\"},\"inLanguage\":\"fr-FR\",\"potentialAction\":[{\"@type\":\"ReadAction\",\"target\":[\"https:\/\/web.umons.ac.be\/numediart\/fr\/recherche\/projets-phare\/digistorm-feder\/\"]}]},{\"@type\":\"ImageObject\",\"inLanguage\":\"fr-FR\",\"@id\":\"https:\/\/web.umons.ac.be\/numediart\/fr\/recherche\/projets-phare\/digistorm-feder\/#primaryimage\",\"url\":\"https:\/\/web.umons.ac.be\/app\/uploads\/sites\/37\/2017\/11\/photo2_DIGISTORM-150x150.jpg\",\"contentUrl\":\"https:\/\/web.umons.ac.be\/app\/uploads\/sites\/37\/2017\/11\/photo2_DIGISTORM-150x150.jpg\"},{\"@type\":\"BreadcrumbList\",\"@id\":\"https:\/\/web.umons.ac.be\/numediart\/fr\/recherche\/projets-phare\/digistorm-feder\/#breadcrumb\",\"itemListElement\":[{\"@type\":\"ListItem\",\"position\":1,\"name\":\"Accueil\",\"item\":\"https:\/\/web.umons.ac.be\/numediart\/fr\/\"},{\"@type\":\"ListItem\",\"position\":2,\"name\":\"Recherche\",\"item\":\"https:\/\/web.umons.ac.be\/numediart\/fr\/recherche\/\"},{\"@type\":\"ListItem\",\"position\":3,\"name\":\"Projets phares\",\"item\":\"https:\/\/web.umons.ac.be\/numediart\/fr\/recherche\/projets-phare\/\"},{\"@type\":\"ListItem\",\"position\":4,\"name\":\"DigiSTORM (UE+RW\/FEDER)\"}]},{\"@type\":\"WebSite\",\"@id\":\"https:\/\/web.umons.ac.be\/numediart\/#website\",\"url\":\"https:\/\/web.umons.ac.be\/numediart\/\",\"name\":\"Institut \/ Num\u00e9diart\",\"description\":\"Un site utilisant Universit\u00e9 de Mons \u2013 UMONS\",\"potentialAction\":[{\"@type\":\"SearchAction\",\"target\":{\"@type\":\"EntryPoint\",\"urlTemplate\":\"https:\/\/web.umons.ac.be\/numediart\/?s={search_term_string}\"},\"query-input\":{\"@type\":\"PropertyValueSpecification\",\"valueRequired\":true,\"valueName\":\"search_term_string\"}}],\"inLanguage\":\"fr-FR\"}]}<\/script>\n<!-- \/ Yoast SEO plugin. -->","yoast_head_json":{"title":"DigiSTORM (UE+RW\/FEDER) - Institut \/ Num\u00e9diart","robots":{"index":"index","follow":"follow","max-snippet":"max-snippet:-1","max-image-preview":"max-image-preview:large","max-video-preview":"max-video-preview:-1"},"canonical":"https:\/\/web.umons.ac.be\/numediart\/fr\/recherche\/projets-phare\/digistorm-feder\/","og_locale":"fr_FR","og_type":"article","og_title":"DigiSTORM (UE+RW\/FEDER) - Institut \/ Num\u00e9diart","og_description":"Depuis mai 2015, l\u2019UMONS (via l\u2019Institut NUMEDIART et l\u2019Institut HUMANORG) est chef de file d\u2019un portefeuille de projets FEDER \u00a0et co-financ\u00e9 par l\u2019Union Europ\u00e9enne et la R\u00e9gion Wallone\u00a0 dont le nom est DIGISTORM. L\u2019objectif de ce portefeuille est le d\u00e9veloppement des liens et synergies entre entreprises, centres de R&amp;D et enseignement sup\u00e9rieur, notamment gr\u00e2ce \u00e0 [&hellip;]","og_url":"https:\/\/web.umons.ac.be\/numediart\/fr\/recherche\/projets-phare\/digistorm-feder\/","og_site_name":"Institut \/ Num\u00e9diart","article_modified_time":"2020-04-05T07:59:58+00:00","og_image":[{"url":"https:\/\/web.umons.ac.be\/app\/uploads\/sites\/37\/2017\/11\/photo2_DIGISTORM-150x150.jpg","type":"","width":"","height":""}],"twitter_card":"summary_large_image","twitter_misc":{"Dur\u00e9e de lecture estim\u00e9e":"2 minutes"},"schema":{"@context":"https:\/\/schema.org","@graph":[{"@type":"WebPage","@id":"https:\/\/web.umons.ac.be\/numediart\/fr\/recherche\/projets-phare\/digistorm-feder\/","url":"https:\/\/web.umons.ac.be\/numediart\/fr\/recherche\/projets-phare\/digistorm-feder\/","name":"DigiSTORM (UE+RW\/FEDER) - Institut \/ Num\u00e9diart","isPartOf":{"@id":"https:\/\/web.umons.ac.be\/numediart\/#website"},"primaryImageOfPage":{"@id":"https:\/\/web.umons.ac.be\/numediart\/fr\/recherche\/projets-phare\/digistorm-feder\/#primaryimage"},"image":{"@id":"https:\/\/web.umons.ac.be\/numediart\/fr\/recherche\/projets-phare\/digistorm-feder\/#primaryimage"},"thumbnailUrl":"https:\/\/web.umons.ac.be\/app\/uploads\/sites\/37\/2017\/11\/photo2_DIGISTORM-150x150.jpg","datePublished":"2017-07-18T15:09:13+00:00","dateModified":"2020-04-05T07:59:58+00:00","breadcrumb":{"@id":"https:\/\/web.umons.ac.be\/numediart\/fr\/recherche\/projets-phare\/digistorm-feder\/#breadcrumb"},"inLanguage":"fr-FR","potentialAction":[{"@type":"ReadAction","target":["https:\/\/web.umons.ac.be\/numediart\/fr\/recherche\/projets-phare\/digistorm-feder\/"]}]},{"@type":"ImageObject","inLanguage":"fr-FR","@id":"https:\/\/web.umons.ac.be\/numediart\/fr\/recherche\/projets-phare\/digistorm-feder\/#primaryimage","url":"https:\/\/web.umons.ac.be\/app\/uploads\/sites\/37\/2017\/11\/photo2_DIGISTORM-150x150.jpg","contentUrl":"https:\/\/web.umons.ac.be\/app\/uploads\/sites\/37\/2017\/11\/photo2_DIGISTORM-150x150.jpg"},{"@type":"BreadcrumbList","@id":"https:\/\/web.umons.ac.be\/numediart\/fr\/recherche\/projets-phare\/digistorm-feder\/#breadcrumb","itemListElement":[{"@type":"ListItem","position":1,"name":"Accueil","item":"https:\/\/web.umons.ac.be\/numediart\/fr\/"},{"@type":"ListItem","position":2,"name":"Recherche","item":"https:\/\/web.umons.ac.be\/numediart\/fr\/recherche\/"},{"@type":"ListItem","position":3,"name":"Projets phares","item":"https:\/\/web.umons.ac.be\/numediart\/fr\/recherche\/projets-phare\/"},{"@type":"ListItem","position":4,"name":"DigiSTORM (UE+RW\/FEDER)"}]},{"@type":"WebSite","@id":"https:\/\/web.umons.ac.be\/numediart\/#website","url":"https:\/\/web.umons.ac.be\/numediart\/","name":"Institut \/ Num\u00e9diart","description":"Un site utilisant Universit\u00e9 de Mons \u2013 UMONS","potentialAction":[{"@type":"SearchAction","target":{"@type":"EntryPoint","urlTemplate":"https:\/\/web.umons.ac.be\/numediart\/?s={search_term_string}"},"query-input":{"@type":"PropertyValueSpecification","valueRequired":true,"valueName":"search_term_string"}}],"inLanguage":"fr-FR"}]}},"lang":"fr","translations":{"fr":59,"en":179},"pll_sync_post":[],"_links":{"self":[{"href":"https:\/\/web.umons.ac.be\/numediart\/wp-json\/wp\/v2\/pages\/59","targetHints":{"allow":["GET"]}}],"collection":[{"href":"https:\/\/web.umons.ac.be\/numediart\/wp-json\/wp\/v2\/pages"}],"about":[{"href":"https:\/\/web.umons.ac.be\/numediart\/wp-json\/wp\/v2\/types\/page"}],"author":[{"embeddable":true,"href":"https:\/\/web.umons.ac.be\/numediart\/wp-json\/wp\/v2\/users\/2"}],"replies":[{"embeddable":true,"href":"https:\/\/web.umons.ac.be\/numediart\/wp-json\/wp\/v2\/comments?post=59"}],"version-history":[{"count":6,"href":"https:\/\/web.umons.ac.be\/numediart\/wp-json\/wp\/v2\/pages\/59\/revisions"}],"predecessor-version":[{"id":416,"href":"https:\/\/web.umons.ac.be\/numediart\/wp-json\/wp\/v2\/pages\/59\/revisions\/416"}],"up":[{"embeddable":true,"href":"https:\/\/web.umons.ac.be\/numediart\/wp-json\/wp\/v2\/pages\/28"}],"wp:attachment":[{"href":"https:\/\/web.umons.ac.be\/numediart\/wp-json\/wp\/v2\/media?parent=59"}],"curies":[{"name":"wp","href":"https:\/\/api.w.org\/{rel}","templated":true}]}}