{"id":62,"date":"2017-07-18T17:10:57","date_gmt":"2017-07-18T15:10:57","guid":{"rendered":"https:\/\/web.umons.ac.be\/numediart\/?page_id=62"},"modified":"2020-10-19T10:50:05","modified_gmt":"2020-10-19T08:50:05","slug":"click","status":"publish","type":"page","link":"https:\/\/web.umons.ac.be\/numediart\/fr\/industrie\/click\/","title":{"rendered":"Le CLICK&rsquo; Creative Innovation Center"},"content":{"rendered":"<p><img loading=\"lazy\" decoding=\"async\" class=\"alignright wp-image-804 size-medium\" src=\"https:\/\/web.umons.ac.be\/app\/uploads\/sites\/37\/2020\/10\/CLICK-Creative-Innovation-Quadri-300x187.jpg\" alt=\"\" width=\"300\" height=\"187\" srcset=\"https:\/\/web.umons.ac.be\/app\/uploads\/sites\/37\/2020\/10\/CLICK-Creative-Innovation-Quadri-300x187.jpg 300w, https:\/\/web.umons.ac.be\/app\/uploads\/sites\/37\/2020\/10\/CLICK-Creative-Innovation-Quadri-1024x639.jpg 1024w, https:\/\/web.umons.ac.be\/app\/uploads\/sites\/37\/2020\/10\/CLICK-Creative-Innovation-Quadri-768x479.jpg 768w, https:\/\/web.umons.ac.be\/app\/uploads\/sites\/37\/2020\/10\/CLICK-Creative-Innovation-Quadri-1536x959.jpg 1536w, https:\/\/web.umons.ac.be\/app\/uploads\/sites\/37\/2020\/10\/CLICK-Creative-Innovation-Quadri-2048x1278.jpg 2048w, https:\/\/web.umons.ac.be\/app\/uploads\/sites\/37\/2020\/10\/CLICK-Creative-Innovation-Quadri-1058x660.jpg 1058w, https:\/\/web.umons.ac.be\/app\/uploads\/sites\/37\/2020\/10\/CLICK-Creative-Innovation-Quadri-30x19.jpg 30w, https:\/\/web.umons.ac.be\/app\/uploads\/sites\/37\/2020\/10\/CLICK-Creative-Innovation-Quadri-60x37.jpg 60w, https:\/\/web.umons.ac.be\/app\/uploads\/sites\/37\/2020\/10\/CLICK-Creative-Innovation-Quadri-360x225.jpg 360w, https:\/\/web.umons.ac.be\/app\/uploads\/sites\/37\/2020\/10\/CLICK-Creative-Innovation-Quadri-460x286.jpg 460w\" sizes=\"auto, (max-width: 300px) 100vw, 300px\" \/><\/p>\n<div class=\"features-image-cards-cardtextrow\" data-type=\"column\">\n<p class=\"\">Le CLICK offre un point de contact et de rencontre entre les acteurs professionnels du secteur culturel et cr\u00e9atif, entrepreneurs, innovateurs, cr\u00e9ateurs, makers, \u00e9tudiants-entrepreneurs, etc. qui souhaitent obtenir plus de moyens et de soutien dans la concr\u00e9tisation de leurs projets.<\/p>\n<\/div>\n<p>Il aide les porteurs de projet (industriels, startups et artistes) \u00e0 faire \u00e9merger des produits ou services innovants. Son offre va de la sensibilisation et l&rsquo;id\u00e9ation au protoypage (FABLAB, IOTLAB, LIVINGLAB) et \u00e0 l&rsquo;exp\u00e9rience utilisateur. L\u2019objectif : d\u00e9montrer la faisabilit\u00e9 d\u2019un projet et\/ou r\u00e9aliser un pr\u00e9totype solide permettant au porteur de projet de passer aux premi\u00e8res phases de mise sur le march\u00e9.<\/p>\n<p>Le travail du CLICK s\u2019articule autour de 2 grands principes :un travail en co-cr\u00e9ation avec un r\u00e9seau d\u2019experts technologiques et non technologiques et la recherche d\u2019ad\u00e9quation avec les attentes du public vis\u00e9 (User Experience)<\/p>\n<p>Le CLICK b\u00e9n\u00e9ficie de l\u2019expertise technique de plus de 50 chercheurs\/ing\u00e9nieurs travaillant au sein de trois structures reconnues : l\u2019Institut NUMEDIART (Institut de recherche pour les technologies cr\u00e9atives de l\u2019Universit\u00e9 de Mons, le CETIC et Multitel<\/p>\n<p>Le CLICK est une initiative soutenue par la R\u00e9gion wallonne et le FEDER (portefeuille DIGISTORM).<\/p>\n<p>Plus d\u2019informations :\u00a0 <a href=\"http:\/\/www.le-click.be\">www.le-click.be<\/a><\/p>\n","protected":false},"excerpt":{"rendered":"<p>Le CLICK offre un point de contact et de rencontre entre les acteurs professionnels du secteur culturel et cr\u00e9atif, entrepreneurs, innovateurs, cr\u00e9ateurs, makers, \u00e9tudiants-entrepreneurs, etc. qui souhaitent obtenir plus de moyens et de soutien dans la concr\u00e9tisation de leurs projets. Il aide les porteurs de projet (industriels, startups et artistes) \u00e0 faire \u00e9merger des produits [&hellip;]<\/p>\n","protected":false},"author":2,"featured_media":0,"parent":650,"menu_order":2,"comment_status":"closed","ping_status":"closed","template":"","meta":{"footnotes":""},"class_list":["post-62","page","type-page","status-publish","hentry"],"yoast_head":"<!-- This site is optimized with the Yoast SEO plugin v27.2 - https:\/\/yoast.com\/product\/yoast-seo-wordpress\/ -->\n<title>Le CLICK\\&#039; Creative Innovation Center - Institut \/ Num\u00e9diart<\/title>\n<meta name=\"robots\" content=\"index, follow, max-snippet:-1, max-image-preview:large, max-video-preview:-1\" \/>\n<link rel=\"canonical\" href=\"https:\/\/web.umons.ac.be\/numediart\/fr\/industrie\/click\/\" \/>\n<meta property=\"og:locale\" content=\"fr_FR\" \/>\n<meta property=\"og:type\" content=\"article\" \/>\n<meta property=\"og:title\" content=\"Le CLICK\\&#039; Creative Innovation Center - Institut \/ Num\u00e9diart\" \/>\n<meta property=\"og:description\" content=\"Le CLICK offre un point de contact et de rencontre entre les acteurs professionnels du secteur culturel et cr\u00e9atif, entrepreneurs, innovateurs, cr\u00e9ateurs, makers, \u00e9tudiants-entrepreneurs, etc. qui souhaitent obtenir plus de moyens et de soutien dans la concr\u00e9tisation de leurs projets. Il aide les porteurs de projet (industriels, startups et artistes) \u00e0 faire \u00e9merger des produits [&hellip;]\" \/>\n<meta property=\"og:url\" content=\"https:\/\/web.umons.ac.be\/numediart\/fr\/industrie\/click\/\" \/>\n<meta property=\"og:site_name\" content=\"Institut \/ Num\u00e9diart\" \/>\n<meta property=\"article:modified_time\" content=\"2020-10-19T08:50:05+00:00\" \/>\n<meta property=\"og:image\" content=\"https:\/\/web.umons.ac.be\/app\/uploads\/sites\/37\/2020\/10\/CLICK-Creative-Innovation-Quadri-300x187.jpg\" \/>\n<meta name=\"twitter:card\" content=\"summary_large_image\" \/>\n<meta name=\"twitter:label1\" content=\"Dur\u00e9e de lecture estim\u00e9e\" \/>\n\t<meta name=\"twitter:data1\" content=\"1 minute\" \/>\n<script type=\"application\/ld+json\" class=\"yoast-schema-graph\">{\"@context\":\"https:\/\/schema.org\",\"@graph\":[{\"@type\":\"WebPage\",\"@id\":\"https:\/\/web.umons.ac.be\/numediart\/fr\/industrie\/click\/\",\"url\":\"https:\/\/web.umons.ac.be\/numediart\/fr\/industrie\/click\/\",\"name\":\"Le CLICK\\\\' Creative Innovation Center - Institut \/ Num\u00e9diart\",\"isPartOf\":{\"@id\":\"https:\/\/web.umons.ac.be\/numediart\/#website\"},\"primaryImageOfPage\":{\"@id\":\"https:\/\/web.umons.ac.be\/numediart\/fr\/industrie\/click\/#primaryimage\"},\"image\":{\"@id\":\"https:\/\/web.umons.ac.be\/numediart\/fr\/industrie\/click\/#primaryimage\"},\"thumbnailUrl\":\"https:\/\/web.umons.ac.be\/app\/uploads\/sites\/37\/2020\/10\/CLICK-Creative-Innovation-Quadri-300x187.jpg\",\"datePublished\":\"2017-07-18T15:10:57+00:00\",\"dateModified\":\"2020-10-19T08:50:05+00:00\",\"breadcrumb\":{\"@id\":\"https:\/\/web.umons.ac.be\/numediart\/fr\/industrie\/click\/#breadcrumb\"},\"inLanguage\":\"fr-FR\",\"potentialAction\":[{\"@type\":\"ReadAction\",\"target\":[\"https:\/\/web.umons.ac.be\/numediart\/fr\/industrie\/click\/\"]}]},{\"@type\":\"ImageObject\",\"inLanguage\":\"fr-FR\",\"@id\":\"https:\/\/web.umons.ac.be\/numediart\/fr\/industrie\/click\/#primaryimage\",\"url\":\"https:\/\/web.umons.ac.be\/app\/uploads\/sites\/37\/2020\/10\/CLICK-Creative-Innovation-Quadri-300x187.jpg\",\"contentUrl\":\"https:\/\/web.umons.ac.be\/app\/uploads\/sites\/37\/2020\/10\/CLICK-Creative-Innovation-Quadri-300x187.jpg\"},{\"@type\":\"BreadcrumbList\",\"@id\":\"https:\/\/web.umons.ac.be\/numediart\/fr\/industrie\/click\/#breadcrumb\",\"itemListElement\":[{\"@type\":\"ListItem\",\"position\":1,\"name\":\"Accueil\",\"item\":\"https:\/\/web.umons.ac.be\/numediart\/fr\/\"},{\"@type\":\"ListItem\",\"position\":2,\"name\":\"Industrie\",\"item\":\"https:\/\/web.umons.ac.be\/numediart\/fr\/industrie\/\"},{\"@type\":\"ListItem\",\"position\":3,\"name\":\"Le CLICK&rsquo; Creative Innovation Center\"}]},{\"@type\":\"WebSite\",\"@id\":\"https:\/\/web.umons.ac.be\/numediart\/#website\",\"url\":\"https:\/\/web.umons.ac.be\/numediart\/\",\"name\":\"Institut \/ Num\u00e9diart\",\"description\":\"Un site utilisant Universit\u00e9 de Mons \u2013 UMONS\",\"potentialAction\":[{\"@type\":\"SearchAction\",\"target\":{\"@type\":\"EntryPoint\",\"urlTemplate\":\"https:\/\/web.umons.ac.be\/numediart\/?s={search_term_string}\"},\"query-input\":{\"@type\":\"PropertyValueSpecification\",\"valueRequired\":true,\"valueName\":\"search_term_string\"}}],\"inLanguage\":\"fr-FR\"}]}<\/script>\n<!-- \/ Yoast SEO plugin. -->","yoast_head_json":{"title":"Le CLICK\\' Creative Innovation Center - Institut \/ Num\u00e9diart","robots":{"index":"index","follow":"follow","max-snippet":"max-snippet:-1","max-image-preview":"max-image-preview:large","max-video-preview":"max-video-preview:-1"},"canonical":"https:\/\/web.umons.ac.be\/numediart\/fr\/industrie\/click\/","og_locale":"fr_FR","og_type":"article","og_title":"Le CLICK\\' Creative Innovation Center - Institut \/ Num\u00e9diart","og_description":"Le CLICK offre un point de contact et de rencontre entre les acteurs professionnels du secteur culturel et cr\u00e9atif, entrepreneurs, innovateurs, cr\u00e9ateurs, makers, \u00e9tudiants-entrepreneurs, etc. qui souhaitent obtenir plus de moyens et de soutien dans la concr\u00e9tisation de leurs projets. Il aide les porteurs de projet (industriels, startups et artistes) \u00e0 faire \u00e9merger des produits [&hellip;]","og_url":"https:\/\/web.umons.ac.be\/numediart\/fr\/industrie\/click\/","og_site_name":"Institut \/ Num\u00e9diart","article_modified_time":"2020-10-19T08:50:05+00:00","og_image":[{"url":"https:\/\/web.umons.ac.be\/app\/uploads\/sites\/37\/2020\/10\/CLICK-Creative-Innovation-Quadri-300x187.jpg","type":"","width":"","height":""}],"twitter_card":"summary_large_image","twitter_misc":{"Dur\u00e9e de lecture estim\u00e9e":"1 minute"},"schema":{"@context":"https:\/\/schema.org","@graph":[{"@type":"WebPage","@id":"https:\/\/web.umons.ac.be\/numediart\/fr\/industrie\/click\/","url":"https:\/\/web.umons.ac.be\/numediart\/fr\/industrie\/click\/","name":"Le CLICK\\' Creative Innovation Center - Institut \/ Num\u00e9diart","isPartOf":{"@id":"https:\/\/web.umons.ac.be\/numediart\/#website"},"primaryImageOfPage":{"@id":"https:\/\/web.umons.ac.be\/numediart\/fr\/industrie\/click\/#primaryimage"},"image":{"@id":"https:\/\/web.umons.ac.be\/numediart\/fr\/industrie\/click\/#primaryimage"},"thumbnailUrl":"https:\/\/web.umons.ac.be\/app\/uploads\/sites\/37\/2020\/10\/CLICK-Creative-Innovation-Quadri-300x187.jpg","datePublished":"2017-07-18T15:10:57+00:00","dateModified":"2020-10-19T08:50:05+00:00","breadcrumb":{"@id":"https:\/\/web.umons.ac.be\/numediart\/fr\/industrie\/click\/#breadcrumb"},"inLanguage":"fr-FR","potentialAction":[{"@type":"ReadAction","target":["https:\/\/web.umons.ac.be\/numediart\/fr\/industrie\/click\/"]}]},{"@type":"ImageObject","inLanguage":"fr-FR","@id":"https:\/\/web.umons.ac.be\/numediart\/fr\/industrie\/click\/#primaryimage","url":"https:\/\/web.umons.ac.be\/app\/uploads\/sites\/37\/2020\/10\/CLICK-Creative-Innovation-Quadri-300x187.jpg","contentUrl":"https:\/\/web.umons.ac.be\/app\/uploads\/sites\/37\/2020\/10\/CLICK-Creative-Innovation-Quadri-300x187.jpg"},{"@type":"BreadcrumbList","@id":"https:\/\/web.umons.ac.be\/numediart\/fr\/industrie\/click\/#breadcrumb","itemListElement":[{"@type":"ListItem","position":1,"name":"Accueil","item":"https:\/\/web.umons.ac.be\/numediart\/fr\/"},{"@type":"ListItem","position":2,"name":"Industrie","item":"https:\/\/web.umons.ac.be\/numediart\/fr\/industrie\/"},{"@type":"ListItem","position":3,"name":"Le CLICK&rsquo; Creative Innovation Center"}]},{"@type":"WebSite","@id":"https:\/\/web.umons.ac.be\/numediart\/#website","url":"https:\/\/web.umons.ac.be\/numediart\/","name":"Institut \/ Num\u00e9diart","description":"Un site utilisant Universit\u00e9 de Mons \u2013 UMONS","potentialAction":[{"@type":"SearchAction","target":{"@type":"EntryPoint","urlTemplate":"https:\/\/web.umons.ac.be\/numediart\/?s={search_term_string}"},"query-input":{"@type":"PropertyValueSpecification","valueRequired":true,"valueName":"search_term_string"}}],"inLanguage":"fr-FR"}]}},"lang":"fr","translations":{"fr":62,"en":182},"pll_sync_post":[],"_links":{"self":[{"href":"https:\/\/web.umons.ac.be\/numediart\/wp-json\/wp\/v2\/pages\/62","targetHints":{"allow":["GET"]}}],"collection":[{"href":"https:\/\/web.umons.ac.be\/numediart\/wp-json\/wp\/v2\/pages"}],"about":[{"href":"https:\/\/web.umons.ac.be\/numediart\/wp-json\/wp\/v2\/types\/page"}],"author":[{"embeddable":true,"href":"https:\/\/web.umons.ac.be\/numediart\/wp-json\/wp\/v2\/users\/2"}],"replies":[{"embeddable":true,"href":"https:\/\/web.umons.ac.be\/numediart\/wp-json\/wp\/v2\/comments?post=62"}],"version-history":[{"count":7,"href":"https:\/\/web.umons.ac.be\/numediart\/wp-json\/wp\/v2\/pages\/62\/revisions"}],"predecessor-version":[{"id":806,"href":"https:\/\/web.umons.ac.be\/numediart\/wp-json\/wp\/v2\/pages\/62\/revisions\/806"}],"up":[{"embeddable":true,"href":"https:\/\/web.umons.ac.be\/numediart\/wp-json\/wp\/v2\/pages\/650"}],"wp:attachment":[{"href":"https:\/\/web.umons.ac.be\/numediart\/wp-json\/wp\/v2\/media?parent=62"}],"curies":[{"name":"wp","href":"https:\/\/api.w.org\/{rel}","templated":true}]}}