{"id":221,"date":"2017-11-21T16:38:56","date_gmt":"2017-11-21T15:38:56","guid":{"rendered":"https:\/\/web.umons.ac.be\/risques\/?page_id=221"},"modified":"2018-01-15T02:16:20","modified_gmt":"2018-01-15T01:16:20","slug":"services-aux-collectivites","status":"publish","type":"page","link":"https:\/\/web.umons.ac.be\/risques\/en\/services-aux-collectivites\/","title":{"rendered":"Business and Community Services"},"content":{"rendered":"<h3>Natural risks :<\/h3>\n<ul>\n<li>Analyse et suivi de la qualit\u00e9 des\u00a0eaux de surface et souterraines et de\u00a0la pollution des sols (quantification\u00a0des compos\u00e9s macropolluants et\u00a0micropolluants, \u00e9tude de leur (bio)\u00a0d\u00e9gradabilit\u00e9, \u00e9tude de proc\u00e9d\u00e9s de\u00a0d\u00e9pollution\u2026)<\/li>\n<li>Etude des \u00e9quilibres hydrog\u00e9ochimiques\u00a0des aquif\u00e8res (analyse des\u00a0risques de colmatage de puits de\u00a0pompage, des captage)<\/li>\n<li>R\u00e9alisation d\u2019\u00e9tudes g\u00e9ophysiques,\u00a0dans cadre de la reconnaissance du\u00a0sous-sol d\u2019une zone de contraintes\u00a0karstiques, par tomographie\u00a0\u00e9lectrique \u00e0 deux ou \u00e0 trois dimensions\u00a0permettant de caract\u00e9riser des terrains\u00a0sur base de leur r\u00e9sistivit\u00e9<\/li>\n<\/ul>\n<h3>Industrial and technological risks :<\/h3>\n<ul>\n<li>Study and modelling of major accident scenarios<\/li>\n<li>Emergency planning and land planning around SEVESO companies<\/li>\n<li>Emergency planning and transportation of hazardous materials<\/li>\n<li>Modelling and simulation of the dynamic behaviour of mechanical systems<\/li>\n<li>Production of embedded devices based on microcontrollers and mini-computers<\/li>\n<li>Reliability modelling of the degradation of railway switches to optimise their maintenance<\/li>\n<li>Reaction to fire tests using a calorimeter cone \u2013 Original development of a controlled atmosphere for the study of sub-ventilated and sub-oxygenated fires<\/li>\n<li>Large-scale fire tests in buildings \u2013 Impact of the water tightness of new buildings when fires develop<\/li>\n<li>Simulation of fires and the spreading and toxicity of fumes in buildings using software such as CFAST and FDS<\/li>\n<li>Study of the stability of old buildings for restoration<\/li>\n<li>Support for recovery of old landfills using centrifugal gravimetric techniques<\/li>\n<li>Support for recovery of hydrometallurgical gypsum of Shituru<\/li>\n<\/ul>\n<h3>Environmental risks :<\/h3>\n<ul>\n<li>Ecotoxicology and metabonomics<\/li>\n<li>Early assessment of the adverse effects of chemicals using a metabonomic approach<\/li>\n<li>Risk assessment by the theoretical calculation of toxicity reference values (TRVs)<\/li>\n<li>Measurement and analysis of environmental noise cause by industrial activities<\/li>\n<li>Predictive study of acoustic impact on the environment<\/li>\n<li>Development of abatement techniques for industrial air pollutants<\/li>\n<li>Implementation of purification techniques and CO2 capture from industrial waste gases<\/li>\n<\/ul>\n<h3>Organizational risks :<\/h3>\n<ul>\n<li>Training in human and organisational factors of safety<\/li>\n<li>Training and coaching in cartography and organisational risk analysis in healthcare facilities<\/li>\n<li>Assistance in setting, securing and optimising care networks<\/li>\n<li>Assistance in reorganising a documentary system and implementing Electronic Document Management System<\/li>\n<li>Assistance in implementing projects related to hospital accreditation (JCI, ACI and HAS).<\/li>\n<\/ul>\n<h3>Socio-economic and societal risks :<\/h3>\n<ul>\n<li>Prevention of psychosocial risks and occupational stress<\/li>\n<li>Integration of risk analysis into urban development and spatial quality improvement policies<\/li>\n<li>Salle de march\u00e9s pour l\u2019\u00e9valuation des\u00a0risques financiers<\/li>\n<\/ul>\n","protected":false},"excerpt":{"rendered":"<p>Natural risks : Analyse et suivi de la qualit\u00e9 des\u00a0eaux de surface et souterraines et de\u00a0la pollution des sols (quantification\u00a0des compos\u00e9s macropolluants et\u00a0micropolluants, \u00e9tude de leur (bio)\u00a0d\u00e9gradabilit\u00e9, \u00e9tude de proc\u00e9d\u00e9s de\u00a0d\u00e9pollution\u2026) Etude des \u00e9quilibres hydrog\u00e9ochimiques\u00a0des aquif\u00e8res (analyse des\u00a0risques de colmatage de puits de\u00a0pompage, des captage) R\u00e9alisation d\u2019\u00e9tudes g\u00e9ophysiques,\u00a0dans cadre de la reconnaissance du\u00a0sous-sol d\u2019une zone [&hellip;]<\/p>\n","protected":false},"author":2,"featured_media":0,"parent":0,"menu_order":6,"comment_status":"closed","ping_status":"closed","template":"","meta":{"footnotes":""},"class_list":["post-221","page","type-page","status-publish","hentry"],"yoast_head":"<!-- This site is optimized with the Yoast SEO plugin v27.2 - https:\/\/yoast.com\/product\/yoast-seo-wordpress\/ -->\n<title>Business and Community Services - Institut \/ Risques<\/title>\n<meta name=\"robots\" content=\"index, follow, max-snippet:-1, max-image-preview:large, max-video-preview:-1\" \/>\n<link rel=\"canonical\" href=\"https:\/\/web.umons.ac.be\/risques\/en\/services-aux-collectivites\/\" \/>\n<meta property=\"og:locale\" content=\"fr_FR\" \/>\n<meta property=\"og:type\" content=\"article\" \/>\n<meta property=\"og:title\" content=\"Business and Community Services - Institut \/ Risques\" \/>\n<meta property=\"og:description\" content=\"Natural risks : Analyse et suivi de la qualit\u00e9 des\u00a0eaux de surface et souterraines et de\u00a0la pollution des sols (quantification\u00a0des compos\u00e9s macropolluants et\u00a0micropolluants, \u00e9tude de leur (bio)\u00a0d\u00e9gradabilit\u00e9, \u00e9tude de proc\u00e9d\u00e9s de\u00a0d\u00e9pollution\u2026) Etude des \u00e9quilibres hydrog\u00e9ochimiques\u00a0des aquif\u00e8res (analyse des\u00a0risques de colmatage de puits de\u00a0pompage, des captage) R\u00e9alisation d\u2019\u00e9tudes g\u00e9ophysiques,\u00a0dans cadre de la reconnaissance du\u00a0sous-sol d\u2019une zone [&hellip;]\" \/>\n<meta property=\"og:url\" content=\"https:\/\/web.umons.ac.be\/risques\/en\/services-aux-collectivites\/\" \/>\n<meta property=\"og:site_name\" content=\"Institut \/ Risques\" \/>\n<meta property=\"article:modified_time\" content=\"2018-01-15T01:16:20+00:00\" \/>\n<meta name=\"twitter:card\" content=\"summary_large_image\" \/>\n<meta name=\"twitter:label1\" content=\"Dur\u00e9e de lecture estim\u00e9e\" \/>\n\t<meta name=\"twitter:data1\" content=\"2 minutes\" \/>\n<script type=\"application\/ld+json\" class=\"yoast-schema-graph\">{\"@context\":\"https:\/\/schema.org\",\"@graph\":[{\"@type\":\"WebPage\",\"@id\":\"https:\/\/web.umons.ac.be\/risques\/en\/services-aux-collectivites\/\",\"url\":\"https:\/\/web.umons.ac.be\/risques\/en\/services-aux-collectivites\/\",\"name\":\"Business and Community Services - Institut \/ Risques\",\"isPartOf\":{\"@id\":\"https:\/\/web.umons.ac.be\/risques\/#website\"},\"datePublished\":\"2017-11-21T15:38:56+00:00\",\"dateModified\":\"2018-01-15T01:16:20+00:00\",\"breadcrumb\":{\"@id\":\"https:\/\/web.umons.ac.be\/risques\/en\/services-aux-collectivites\/#breadcrumb\"},\"inLanguage\":\"fr-FR\",\"potentialAction\":[{\"@type\":\"ReadAction\",\"target\":[\"https:\/\/web.umons.ac.be\/risques\/en\/services-aux-collectivites\/\"]}]},{\"@type\":\"BreadcrumbList\",\"@id\":\"https:\/\/web.umons.ac.be\/risques\/en\/services-aux-collectivites\/#breadcrumb\",\"itemListElement\":[{\"@type\":\"ListItem\",\"position\":1,\"name\":\"Accueil\",\"item\":\"https:\/\/web.umons.ac.be\/risques\/fr\/\"},{\"@type\":\"ListItem\",\"position\":2,\"name\":\"Business and Community Services\"}]},{\"@type\":\"WebSite\",\"@id\":\"https:\/\/web.umons.ac.be\/risques\/#website\",\"url\":\"https:\/\/web.umons.ac.be\/risques\/\",\"name\":\"Institut \/ Risques\",\"description\":\"Un site utilisant Universit\u00e9 de Mons \u2013 UMONS\",\"potentialAction\":[{\"@type\":\"SearchAction\",\"target\":{\"@type\":\"EntryPoint\",\"urlTemplate\":\"https:\/\/web.umons.ac.be\/risques\/?s={search_term_string}\"},\"query-input\":{\"@type\":\"PropertyValueSpecification\",\"valueRequired\":true,\"valueName\":\"search_term_string\"}}],\"inLanguage\":\"fr-FR\"}]}<\/script>\n<!-- \/ Yoast SEO plugin. -->","yoast_head_json":{"title":"Business and Community Services - Institut \/ Risques","robots":{"index":"index","follow":"follow","max-snippet":"max-snippet:-1","max-image-preview":"max-image-preview:large","max-video-preview":"max-video-preview:-1"},"canonical":"https:\/\/web.umons.ac.be\/risques\/en\/services-aux-collectivites\/","og_locale":"fr_FR","og_type":"article","og_title":"Business and Community Services - Institut \/ Risques","og_description":"Natural risks : Analyse et suivi de la qualit\u00e9 des\u00a0eaux de surface et souterraines et de\u00a0la pollution des sols (quantification\u00a0des compos\u00e9s macropolluants et\u00a0micropolluants, \u00e9tude de leur (bio)\u00a0d\u00e9gradabilit\u00e9, \u00e9tude de proc\u00e9d\u00e9s de\u00a0d\u00e9pollution\u2026) Etude des \u00e9quilibres hydrog\u00e9ochimiques\u00a0des aquif\u00e8res (analyse des\u00a0risques de colmatage de puits de\u00a0pompage, des captage) R\u00e9alisation d\u2019\u00e9tudes g\u00e9ophysiques,\u00a0dans cadre de la reconnaissance du\u00a0sous-sol d\u2019une zone [&hellip;]","og_url":"https:\/\/web.umons.ac.be\/risques\/en\/services-aux-collectivites\/","og_site_name":"Institut \/ Risques","article_modified_time":"2018-01-15T01:16:20+00:00","twitter_card":"summary_large_image","twitter_misc":{"Dur\u00e9e de lecture estim\u00e9e":"2 minutes"},"schema":{"@context":"https:\/\/schema.org","@graph":[{"@type":"WebPage","@id":"https:\/\/web.umons.ac.be\/risques\/en\/services-aux-collectivites\/","url":"https:\/\/web.umons.ac.be\/risques\/en\/services-aux-collectivites\/","name":"Business and Community Services - Institut \/ Risques","isPartOf":{"@id":"https:\/\/web.umons.ac.be\/risques\/#website"},"datePublished":"2017-11-21T15:38:56+00:00","dateModified":"2018-01-15T01:16:20+00:00","breadcrumb":{"@id":"https:\/\/web.umons.ac.be\/risques\/en\/services-aux-collectivites\/#breadcrumb"},"inLanguage":"fr-FR","potentialAction":[{"@type":"ReadAction","target":["https:\/\/web.umons.ac.be\/risques\/en\/services-aux-collectivites\/"]}]},{"@type":"BreadcrumbList","@id":"https:\/\/web.umons.ac.be\/risques\/en\/services-aux-collectivites\/#breadcrumb","itemListElement":[{"@type":"ListItem","position":1,"name":"Accueil","item":"https:\/\/web.umons.ac.be\/risques\/fr\/"},{"@type":"ListItem","position":2,"name":"Business and Community Services"}]},{"@type":"WebSite","@id":"https:\/\/web.umons.ac.be\/risques\/#website","url":"https:\/\/web.umons.ac.be\/risques\/","name":"Institut \/ Risques","description":"Un site utilisant Universit\u00e9 de Mons \u2013 UMONS","potentialAction":[{"@type":"SearchAction","target":{"@type":"EntryPoint","urlTemplate":"https:\/\/web.umons.ac.be\/risques\/?s={search_term_string}"},"query-input":{"@type":"PropertyValueSpecification","valueRequired":true,"valueName":"search_term_string"}}],"inLanguage":"fr-FR"}]}},"lang":"en","translations":{"en":221,"fr":65},"pll_sync_post":[],"_links":{"self":[{"href":"https:\/\/web.umons.ac.be\/risques\/wp-json\/wp\/v2\/pages\/221","targetHints":{"allow":["GET"]}}],"collection":[{"href":"https:\/\/web.umons.ac.be\/risques\/wp-json\/wp\/v2\/pages"}],"about":[{"href":"https:\/\/web.umons.ac.be\/risques\/wp-json\/wp\/v2\/types\/page"}],"author":[{"embeddable":true,"href":"https:\/\/web.umons.ac.be\/risques\/wp-json\/wp\/v2\/users\/2"}],"replies":[{"embeddable":true,"href":"https:\/\/web.umons.ac.be\/risques\/wp-json\/wp\/v2\/comments?post=221"}],"version-history":[{"count":2,"href":"https:\/\/web.umons.ac.be\/risques\/wp-json\/wp\/v2\/pages\/221\/revisions"}],"predecessor-version":[{"id":223,"href":"https:\/\/web.umons.ac.be\/risques\/wp-json\/wp\/v2\/pages\/221\/revisions\/223"}],"wp:attachment":[{"href":"https:\/\/web.umons.ac.be\/risques\/wp-json\/wp\/v2\/media?parent=221"}],"curies":[{"name":"wp","href":"https:\/\/api.w.org\/{rel}","templated":true}]}}