{"id":56,"date":"2017-07-20T17:16:15","date_gmt":"2017-07-20T15:16:15","guid":{"rendered":"https:\/\/web.umons.ac.be\/risques\/?page_id=56"},"modified":"2018-01-15T02:15:20","modified_gmt":"2018-01-15T01:15:20","slug":"polyris-spin-off","status":"publish","type":"page","link":"https:\/\/web.umons.ac.be\/risques\/fr\/polyris-spin-off\/","title":{"rendered":"SPIN-OFF"},"content":{"rendered":"<p><strong><img loading=\"lazy\" decoding=\"async\" class=\"alignleft size-full wp-image-128\" src=\"https:\/\/web.umons.ac.be\/app\/uploads\/sites\/36\/2017\/11\/Brochure_IR_FR_web.pdf-Adobe-Acrobat-Pro-DC.jpg\" alt=\"\" width=\"210\" height=\"64\" srcset=\"https:\/\/web.umons.ac.be\/app\/uploads\/sites\/36\/2017\/11\/Brochure_IR_FR_web.pdf-Adobe-Acrobat-Pro-DC.jpg 210w, https:\/\/web.umons.ac.be\/app\/uploads\/sites\/36\/2017\/11\/Brochure_IR_FR_web.pdf-Adobe-Acrobat-Pro-DC-30x9.jpg 30w, https:\/\/web.umons.ac.be\/app\/uploads\/sites\/36\/2017\/11\/Brochure_IR_FR_web.pdf-Adobe-Acrobat-Pro-DC-60x18.jpg 60w\" sizes=\"auto, (max-width: 210px) 100vw, 210px\" \/>Polyris<\/strong> est une spin-off de l\u2019Universit\u00e9 de Mons cr\u00e9\u00e9e en 2011. Elle offre ses services dans le domaine de la <strong>pr\u00e9vention des risques d\u2019accident majeur principalement pour les entreprises \u00abSeveso\u00bb<\/strong>.<\/p>\n","protected":false},"excerpt":{"rendered":"<p>Polyris est une spin-off de l\u2019Universit\u00e9 de Mons cr\u00e9\u00e9e en 2011. Elle offre ses services dans le domaine de la pr\u00e9vention des risques d\u2019accident majeur principalement pour les entreprises \u00abSeveso\u00bb.<\/p>\n","protected":false},"author":2,"featured_media":0,"parent":0,"menu_order":3,"comment_status":"closed","ping_status":"closed","template":"","meta":{"footnotes":""},"class_list":["post-56","page","type-page","status-publish","hentry"],"yoast_head":"<!-- This site is optimized with the Yoast SEO plugin v27.2 - https:\/\/yoast.com\/product\/yoast-seo-wordpress\/ -->\n<title>SPIN-OFF - Institut \/ Risques<\/title>\n<meta name=\"robots\" content=\"index, follow, max-snippet:-1, max-image-preview:large, max-video-preview:-1\" \/>\n<link rel=\"canonical\" href=\"https:\/\/web.umons.ac.be\/risques\/fr\/polyris-spin-off\/\" \/>\n<meta property=\"og:locale\" content=\"fr_FR\" \/>\n<meta property=\"og:type\" content=\"article\" \/>\n<meta property=\"og:title\" content=\"SPIN-OFF - Institut \/ Risques\" \/>\n<meta property=\"og:description\" content=\"Polyris est une spin-off de l\u2019Universit\u00e9 de Mons cr\u00e9\u00e9e en 2011. Elle offre ses services dans le domaine de la pr\u00e9vention des risques d\u2019accident majeur principalement pour les entreprises \u00abSeveso\u00bb.\" \/>\n<meta property=\"og:url\" content=\"https:\/\/web.umons.ac.be\/risques\/fr\/polyris-spin-off\/\" \/>\n<meta property=\"og:site_name\" content=\"Institut \/ Risques\" \/>\n<meta property=\"article:modified_time\" content=\"2018-01-15T01:15:20+00:00\" \/>\n<meta property=\"og:image\" content=\"https:\/\/web.umons.ac.be\/app\/uploads\/sites\/36\/2017\/11\/Brochure_IR_FR_web.pdf-Adobe-Acrobat-Pro-DC.jpg\" \/>\n<meta name=\"twitter:card\" content=\"summary_large_image\" \/>\n<script type=\"application\/ld+json\" class=\"yoast-schema-graph\">{\"@context\":\"https:\/\/schema.org\",\"@graph\":[{\"@type\":\"WebPage\",\"@id\":\"https:\/\/web.umons.ac.be\/risques\/fr\/polyris-spin-off\/\",\"url\":\"https:\/\/web.umons.ac.be\/risques\/fr\/polyris-spin-off\/\",\"name\":\"SPIN-OFF - Institut \/ Risques\",\"isPartOf\":{\"@id\":\"https:\/\/web.umons.ac.be\/risques\/#website\"},\"primaryImageOfPage\":{\"@id\":\"https:\/\/web.umons.ac.be\/risques\/fr\/polyris-spin-off\/#primaryimage\"},\"image\":{\"@id\":\"https:\/\/web.umons.ac.be\/risques\/fr\/polyris-spin-off\/#primaryimage\"},\"thumbnailUrl\":\"https:\/\/web.umons.ac.be\/app\/uploads\/sites\/36\/2017\/11\/Brochure_IR_FR_web.pdf-Adobe-Acrobat-Pro-DC.jpg\",\"datePublished\":\"2017-07-20T15:16:15+00:00\",\"dateModified\":\"2018-01-15T01:15:20+00:00\",\"breadcrumb\":{\"@id\":\"https:\/\/web.umons.ac.be\/risques\/fr\/polyris-spin-off\/#breadcrumb\"},\"inLanguage\":\"fr-FR\",\"potentialAction\":[{\"@type\":\"ReadAction\",\"target\":[\"https:\/\/web.umons.ac.be\/risques\/fr\/polyris-spin-off\/\"]}]},{\"@type\":\"ImageObject\",\"inLanguage\":\"fr-FR\",\"@id\":\"https:\/\/web.umons.ac.be\/risques\/fr\/polyris-spin-off\/#primaryimage\",\"url\":\"https:\/\/web.umons.ac.be\/app\/uploads\/sites\/36\/2017\/11\/Brochure_IR_FR_web.pdf-Adobe-Acrobat-Pro-DC.jpg\",\"contentUrl\":\"https:\/\/web.umons.ac.be\/app\/uploads\/sites\/36\/2017\/11\/Brochure_IR_FR_web.pdf-Adobe-Acrobat-Pro-DC.jpg\"},{\"@type\":\"BreadcrumbList\",\"@id\":\"https:\/\/web.umons.ac.be\/risques\/fr\/polyris-spin-off\/#breadcrumb\",\"itemListElement\":[{\"@type\":\"ListItem\",\"position\":1,\"name\":\"Accueil\",\"item\":\"https:\/\/web.umons.ac.be\/risques\/fr\/\"},{\"@type\":\"ListItem\",\"position\":2,\"name\":\"SPIN-OFF\"}]},{\"@type\":\"WebSite\",\"@id\":\"https:\/\/web.umons.ac.be\/risques\/#website\",\"url\":\"https:\/\/web.umons.ac.be\/risques\/\",\"name\":\"Institut \/ Risques\",\"description\":\"Un site utilisant Universit\u00e9 de Mons \u2013 UMONS\",\"potentialAction\":[{\"@type\":\"SearchAction\",\"target\":{\"@type\":\"EntryPoint\",\"urlTemplate\":\"https:\/\/web.umons.ac.be\/risques\/?s={search_term_string}\"},\"query-input\":{\"@type\":\"PropertyValueSpecification\",\"valueRequired\":true,\"valueName\":\"search_term_string\"}}],\"inLanguage\":\"fr-FR\"}]}<\/script>\n<!-- \/ Yoast SEO plugin. -->","yoast_head_json":{"title":"SPIN-OFF - Institut \/ Risques","robots":{"index":"index","follow":"follow","max-snippet":"max-snippet:-1","max-image-preview":"max-image-preview:large","max-video-preview":"max-video-preview:-1"},"canonical":"https:\/\/web.umons.ac.be\/risques\/fr\/polyris-spin-off\/","og_locale":"fr_FR","og_type":"article","og_title":"SPIN-OFF - Institut \/ Risques","og_description":"Polyris est une spin-off de l\u2019Universit\u00e9 de Mons cr\u00e9\u00e9e en 2011. Elle offre ses services dans le domaine de la pr\u00e9vention des risques d\u2019accident majeur principalement pour les entreprises \u00abSeveso\u00bb.","og_url":"https:\/\/web.umons.ac.be\/risques\/fr\/polyris-spin-off\/","og_site_name":"Institut \/ Risques","article_modified_time":"2018-01-15T01:15:20+00:00","og_image":[{"url":"https:\/\/web.umons.ac.be\/app\/uploads\/sites\/36\/2017\/11\/Brochure_IR_FR_web.pdf-Adobe-Acrobat-Pro-DC.jpg","type":"","width":"","height":""}],"twitter_card":"summary_large_image","schema":{"@context":"https:\/\/schema.org","@graph":[{"@type":"WebPage","@id":"https:\/\/web.umons.ac.be\/risques\/fr\/polyris-spin-off\/","url":"https:\/\/web.umons.ac.be\/risques\/fr\/polyris-spin-off\/","name":"SPIN-OFF - Institut \/ Risques","isPartOf":{"@id":"https:\/\/web.umons.ac.be\/risques\/#website"},"primaryImageOfPage":{"@id":"https:\/\/web.umons.ac.be\/risques\/fr\/polyris-spin-off\/#primaryimage"},"image":{"@id":"https:\/\/web.umons.ac.be\/risques\/fr\/polyris-spin-off\/#primaryimage"},"thumbnailUrl":"https:\/\/web.umons.ac.be\/app\/uploads\/sites\/36\/2017\/11\/Brochure_IR_FR_web.pdf-Adobe-Acrobat-Pro-DC.jpg","datePublished":"2017-07-20T15:16:15+00:00","dateModified":"2018-01-15T01:15:20+00:00","breadcrumb":{"@id":"https:\/\/web.umons.ac.be\/risques\/fr\/polyris-spin-off\/#breadcrumb"},"inLanguage":"fr-FR","potentialAction":[{"@type":"ReadAction","target":["https:\/\/web.umons.ac.be\/risques\/fr\/polyris-spin-off\/"]}]},{"@type":"ImageObject","inLanguage":"fr-FR","@id":"https:\/\/web.umons.ac.be\/risques\/fr\/polyris-spin-off\/#primaryimage","url":"https:\/\/web.umons.ac.be\/app\/uploads\/sites\/36\/2017\/11\/Brochure_IR_FR_web.pdf-Adobe-Acrobat-Pro-DC.jpg","contentUrl":"https:\/\/web.umons.ac.be\/app\/uploads\/sites\/36\/2017\/11\/Brochure_IR_FR_web.pdf-Adobe-Acrobat-Pro-DC.jpg"},{"@type":"BreadcrumbList","@id":"https:\/\/web.umons.ac.be\/risques\/fr\/polyris-spin-off\/#breadcrumb","itemListElement":[{"@type":"ListItem","position":1,"name":"Accueil","item":"https:\/\/web.umons.ac.be\/risques\/fr\/"},{"@type":"ListItem","position":2,"name":"SPIN-OFF"}]},{"@type":"WebSite","@id":"https:\/\/web.umons.ac.be\/risques\/#website","url":"https:\/\/web.umons.ac.be\/risques\/","name":"Institut \/ Risques","description":"Un site utilisant Universit\u00e9 de Mons \u2013 UMONS","potentialAction":[{"@type":"SearchAction","target":{"@type":"EntryPoint","urlTemplate":"https:\/\/web.umons.ac.be\/risques\/?s={search_term_string}"},"query-input":{"@type":"PropertyValueSpecification","valueRequired":true,"valueName":"search_term_string"}}],"inLanguage":"fr-FR"}]}},"lang":"fr","translations":{"fr":56,"en":210},"pll_sync_post":[],"_links":{"self":[{"href":"https:\/\/web.umons.ac.be\/risques\/wp-json\/wp\/v2\/pages\/56","targetHints":{"allow":["GET"]}}],"collection":[{"href":"https:\/\/web.umons.ac.be\/risques\/wp-json\/wp\/v2\/pages"}],"about":[{"href":"https:\/\/web.umons.ac.be\/risques\/wp-json\/wp\/v2\/types\/page"}],"author":[{"embeddable":true,"href":"https:\/\/web.umons.ac.be\/risques\/wp-json\/wp\/v2\/users\/2"}],"replies":[{"embeddable":true,"href":"https:\/\/web.umons.ac.be\/risques\/wp-json\/wp\/v2\/comments?post=56"}],"version-history":[{"count":2,"href":"https:\/\/web.umons.ac.be\/risques\/wp-json\/wp\/v2\/pages\/56\/revisions"}],"predecessor-version":[{"id":130,"href":"https:\/\/web.umons.ac.be\/risques\/wp-json\/wp\/v2\/pages\/56\/revisions\/130"}],"wp:attachment":[{"href":"https:\/\/web.umons.ac.be\/risques\/wp-json\/wp\/v2\/media?parent=56"}],"curies":[{"name":"wp","href":"https:\/\/api.w.org\/{rel}","templated":true}]}}