{"id":62,"date":"2017-07-20T17:18:25","date_gmt":"2017-07-20T15:18:25","guid":{"rendered":"https:\/\/web.umons.ac.be\/risques\/?page_id=62"},"modified":"2017-11-07T17:17:51","modified_gmt":"2017-11-07T16:17:51","slug":"equipements-remarquables","status":"publish","type":"page","link":"https:\/\/web.umons.ac.be\/risques\/fr\/equipements-remarquables\/","title":{"rendered":"Equipements remarquables"},"content":{"rendered":"<ul>\n<li><strong>R\u00e9sistivim\u00e8tres multi-canaux<\/strong> \u00e0 commutation automatique et logiciels d\u2019inversion pour <strong>imagerie du sous-sol<\/strong>.<\/li>\n<li>Syst\u00e8mes d<strong>\u2019acquisition sismique<\/strong> et logiciels d\u2019acquisition et de traitement associ\u00e9s pour l\u2019imagerie du sous-sol.<\/li>\n<li>Mat\u00e9riel et logiciels n\u00e9cessaires \u00e0 la r\u00e9alisation et \u00e0 l\u2019exploitation de <strong>mesures de vibrations<\/strong><\/li>\n<li><strong>Tests sur table vibrante<\/strong>: tests standard ou \u00abcl\u00e9 sur porte\u00bb<\/li>\n<li>C\u00f4ne calorim\u00e8tre pour des <strong>essais de r\u00e9action au feu<\/strong><\/li>\n<li>Logiciels CFAST et FDS pour <strong>simuler les incendies dans des b\u00e2timents<\/strong><\/li>\n<li>Logiciel \u00abPredictor-LimA\u00bb (SoftNoise) pour les prestations d\u2019<strong>expertises acoustiques<\/strong><\/li>\n<li>Logiciel WinSource\u00ae pour <strong>caract\u00e9riser les cons\u00e9quences d\u2019une lib\u00e9ration accidentelle d\u2019une substance inflammable et\/ou toxique<\/strong>, en termes d\u2019explosion, de BLEVE, de dispersion toxique&#8230;<\/li>\n<li>Pour les <strong>\u00e9tudes m\u00e9tabonomiques<\/strong> : spectroscopie de RMN du proton (Spectrom\u00e8tre Bruker Avance 500 MHz), logiciel d\u2019analyse multivari\u00e9e SIMCAP+ + ChenomX pour l\u2019identification des m\u00e9tabolites d\u2019int\u00e9r\u00eat<\/li>\n<\/ul>\n<p><img loading=\"lazy\" decoding=\"async\" class=\"alignnone size-medium wp-image-7\" src=\"https:\/\/web.umons.ac.be\/app\/uploads\/sites\/36\/2017\/07\/c-300x201.png\" alt=\"\" width=\"300\" height=\"201\" srcset=\"https:\/\/web.umons.ac.be\/app\/uploads\/sites\/36\/2017\/07\/c-300x201.png 300w, https:\/\/web.umons.ac.be\/app\/uploads\/sites\/36\/2017\/07\/c-768x514.png 768w, https:\/\/web.umons.ac.be\/app\/uploads\/sites\/36\/2017\/07\/c-1024x685.png 1024w, https:\/\/web.umons.ac.be\/app\/uploads\/sites\/36\/2017\/07\/c-30x20.png 30w, https:\/\/web.umons.ac.be\/app\/uploads\/sites\/36\/2017\/07\/c-60x40.png 60w, https:\/\/web.umons.ac.be\/app\/uploads\/sites\/36\/2017\/07\/c-360x241.png 360w, https:\/\/web.umons.ac.be\/app\/uploads\/sites\/36\/2017\/07\/c.png 1756w\" sizes=\"auto, (max-width: 300px) 100vw, 300px\" \/><\/p>\n<ul>\n<li>Analyseur de chimie s\u00e8che pour <strong>doser les param\u00e8tres de chimie clinique sanguins et urinaires<\/strong><\/li>\n<li><strong>Equipements analytiques<\/strong>: icp-AES, chromatographie anionique, COTm\u00e8tres, hplc avec divers d\u00e9tecteurs et GC Ms, plus des sondes multiparametriques de terrain<\/li>\n<li>Concentrateur gravim\u00e9trique centrifuge Knelson<\/li>\n<li>D\u00e9veloppement de <strong>chambres in vitro en flux pulsatiles<\/strong> (Brevet d\u00e9pos\u00e9 : EP2779144A1)<\/li>\n<li>Outils op\u00e9rationnels de <strong>mod\u00e9lisation et d\u2019analyse de dispersion atmosph\u00e9rique de polluants<\/strong><\/li>\n<li>Identification des alliages m\u00e9talliques (FluoX)<\/li>\n<li>Calculateurs \u00e0 haute performance pour mod\u00e9lisation des propri\u00e9t\u00e9s structurales, optiques et \u00e9lectroniques des mat\u00e9riaux<\/li>\n<li>Tests de vieillissement et de corrosion<\/li>\n<li>Techniques \u00e9lectrochimiques\u00a0 (courbes de polarisation, EIS, SVET, SECM, DEA)<\/li>\n<li>Analyseurs de gaz<\/li>\n<li>Diagnostic des plasmas par spectrom\u00e9trie de masse r\u00e9solue en \u00e9nergie et en temps, LIF (Laser Induced Fluorescence), sonde \u00e9lectrostatique, absorption et \u00e9mission optique,\u2026<\/li>\n<\/ul>\n<p>&nbsp;<\/p>\n","protected":false},"excerpt":{"rendered":"<p>R\u00e9sistivim\u00e8tres multi-canaux \u00e0 commutation automatique et logiciels d\u2019inversion pour imagerie du sous-sol. Syst\u00e8mes d\u2019acquisition sismique et logiciels d\u2019acquisition et de traitement associ\u00e9s pour l\u2019imagerie du sous-sol. Mat\u00e9riel et logiciels n\u00e9cessaires \u00e0 la r\u00e9alisation et \u00e0 l\u2019exploitation de mesures de vibrations Tests sur table vibrante: tests standard ou \u00abcl\u00e9 sur porte\u00bb C\u00f4ne calorim\u00e8tre pour des essais [&hellip;]<\/p>\n","protected":false},"author":2,"featured_media":0,"parent":0,"menu_order":5,"comment_status":"closed","ping_status":"closed","template":"","meta":{"footnotes":""},"class_list":["post-62","page","type-page","status-publish","hentry"],"yoast_head":"<!-- This site is optimized with the Yoast SEO plugin v27.2 - https:\/\/yoast.com\/product\/yoast-seo-wordpress\/ -->\n<title>Equipements remarquables - Institut \/ Risques<\/title>\n<meta name=\"robots\" content=\"index, follow, max-snippet:-1, max-image-preview:large, max-video-preview:-1\" \/>\n<link rel=\"canonical\" href=\"https:\/\/web.umons.ac.be\/risques\/fr\/equipements-remarquables\/\" \/>\n<meta property=\"og:locale\" content=\"fr_FR\" \/>\n<meta property=\"og:type\" content=\"article\" \/>\n<meta property=\"og:title\" content=\"Equipements remarquables - Institut \/ Risques\" \/>\n<meta property=\"og:description\" content=\"R\u00e9sistivim\u00e8tres multi-canaux \u00e0 commutation automatique et logiciels d\u2019inversion pour imagerie du sous-sol. Syst\u00e8mes d\u2019acquisition sismique et logiciels d\u2019acquisition et de traitement associ\u00e9s pour l\u2019imagerie du sous-sol. Mat\u00e9riel et logiciels n\u00e9cessaires \u00e0 la r\u00e9alisation et \u00e0 l\u2019exploitation de mesures de vibrations Tests sur table vibrante: tests standard ou \u00abcl\u00e9 sur porte\u00bb C\u00f4ne calorim\u00e8tre pour des essais [&hellip;]\" \/>\n<meta property=\"og:url\" content=\"https:\/\/web.umons.ac.be\/risques\/fr\/equipements-remarquables\/\" \/>\n<meta property=\"og:site_name\" content=\"Institut \/ Risques\" \/>\n<meta property=\"article:modified_time\" content=\"2017-11-07T16:17:51+00:00\" \/>\n<meta property=\"og:image\" content=\"https:\/\/web.umons.ac.be\/app\/uploads\/sites\/36\/2017\/07\/c-300x201.png\" \/>\n<meta name=\"twitter:card\" content=\"summary_large_image\" \/>\n<meta name=\"twitter:label1\" content=\"Dur\u00e9e de lecture estim\u00e9e\" \/>\n\t<meta name=\"twitter:data1\" content=\"2 minutes\" \/>\n<script type=\"application\/ld+json\" class=\"yoast-schema-graph\">{\"@context\":\"https:\/\/schema.org\",\"@graph\":[{\"@type\":\"WebPage\",\"@id\":\"https:\/\/web.umons.ac.be\/risques\/fr\/equipements-remarquables\/\",\"url\":\"https:\/\/web.umons.ac.be\/risques\/fr\/equipements-remarquables\/\",\"name\":\"Equipements remarquables - Institut \/ Risques\",\"isPartOf\":{\"@id\":\"https:\/\/web.umons.ac.be\/risques\/#website\"},\"primaryImageOfPage\":{\"@id\":\"https:\/\/web.umons.ac.be\/risques\/fr\/equipements-remarquables\/#primaryimage\"},\"image\":{\"@id\":\"https:\/\/web.umons.ac.be\/risques\/fr\/equipements-remarquables\/#primaryimage\"},\"thumbnailUrl\":\"https:\/\/web.umons.ac.be\/app\/uploads\/sites\/36\/2017\/07\/c-300x201.png\",\"datePublished\":\"2017-07-20T15:18:25+00:00\",\"dateModified\":\"2017-11-07T16:17:51+00:00\",\"breadcrumb\":{\"@id\":\"https:\/\/web.umons.ac.be\/risques\/fr\/equipements-remarquables\/#breadcrumb\"},\"inLanguage\":\"fr-FR\",\"potentialAction\":[{\"@type\":\"ReadAction\",\"target\":[\"https:\/\/web.umons.ac.be\/risques\/fr\/equipements-remarquables\/\"]}]},{\"@type\":\"ImageObject\",\"inLanguage\":\"fr-FR\",\"@id\":\"https:\/\/web.umons.ac.be\/risques\/fr\/equipements-remarquables\/#primaryimage\",\"url\":\"https:\/\/web.umons.ac.be\/app\/uploads\/sites\/36\/2017\/07\/c-300x201.png\",\"contentUrl\":\"https:\/\/web.umons.ac.be\/app\/uploads\/sites\/36\/2017\/07\/c-300x201.png\"},{\"@type\":\"BreadcrumbList\",\"@id\":\"https:\/\/web.umons.ac.be\/risques\/fr\/equipements-remarquables\/#breadcrumb\",\"itemListElement\":[{\"@type\":\"ListItem\",\"position\":1,\"name\":\"Accueil\",\"item\":\"https:\/\/web.umons.ac.be\/risques\/fr\/\"},{\"@type\":\"ListItem\",\"position\":2,\"name\":\"Equipements remarquables\"}]},{\"@type\":\"WebSite\",\"@id\":\"https:\/\/web.umons.ac.be\/risques\/#website\",\"url\":\"https:\/\/web.umons.ac.be\/risques\/\",\"name\":\"Institut \/ Risques\",\"description\":\"Un site utilisant Universit\u00e9 de Mons \u2013 UMONS\",\"potentialAction\":[{\"@type\":\"SearchAction\",\"target\":{\"@type\":\"EntryPoint\",\"urlTemplate\":\"https:\/\/web.umons.ac.be\/risques\/?s={search_term_string}\"},\"query-input\":{\"@type\":\"PropertyValueSpecification\",\"valueRequired\":true,\"valueName\":\"search_term_string\"}}],\"inLanguage\":\"fr-FR\"}]}<\/script>\n<!-- \/ Yoast SEO plugin. -->","yoast_head_json":{"title":"Equipements remarquables - Institut \/ Risques","robots":{"index":"index","follow":"follow","max-snippet":"max-snippet:-1","max-image-preview":"max-image-preview:large","max-video-preview":"max-video-preview:-1"},"canonical":"https:\/\/web.umons.ac.be\/risques\/fr\/equipements-remarquables\/","og_locale":"fr_FR","og_type":"article","og_title":"Equipements remarquables - Institut \/ Risques","og_description":"R\u00e9sistivim\u00e8tres multi-canaux \u00e0 commutation automatique et logiciels d\u2019inversion pour imagerie du sous-sol. Syst\u00e8mes d\u2019acquisition sismique et logiciels d\u2019acquisition et de traitement associ\u00e9s pour l\u2019imagerie du sous-sol. Mat\u00e9riel et logiciels n\u00e9cessaires \u00e0 la r\u00e9alisation et \u00e0 l\u2019exploitation de mesures de vibrations Tests sur table vibrante: tests standard ou \u00abcl\u00e9 sur porte\u00bb C\u00f4ne calorim\u00e8tre pour des essais [&hellip;]","og_url":"https:\/\/web.umons.ac.be\/risques\/fr\/equipements-remarquables\/","og_site_name":"Institut \/ Risques","article_modified_time":"2017-11-07T16:17:51+00:00","og_image":[{"url":"https:\/\/web.umons.ac.be\/app\/uploads\/sites\/36\/2017\/07\/c-300x201.png","type":"","width":"","height":""}],"twitter_card":"summary_large_image","twitter_misc":{"Dur\u00e9e de lecture estim\u00e9e":"2 minutes"},"schema":{"@context":"https:\/\/schema.org","@graph":[{"@type":"WebPage","@id":"https:\/\/web.umons.ac.be\/risques\/fr\/equipements-remarquables\/","url":"https:\/\/web.umons.ac.be\/risques\/fr\/equipements-remarquables\/","name":"Equipements remarquables - Institut \/ Risques","isPartOf":{"@id":"https:\/\/web.umons.ac.be\/risques\/#website"},"primaryImageOfPage":{"@id":"https:\/\/web.umons.ac.be\/risques\/fr\/equipements-remarquables\/#primaryimage"},"image":{"@id":"https:\/\/web.umons.ac.be\/risques\/fr\/equipements-remarquables\/#primaryimage"},"thumbnailUrl":"https:\/\/web.umons.ac.be\/app\/uploads\/sites\/36\/2017\/07\/c-300x201.png","datePublished":"2017-07-20T15:18:25+00:00","dateModified":"2017-11-07T16:17:51+00:00","breadcrumb":{"@id":"https:\/\/web.umons.ac.be\/risques\/fr\/equipements-remarquables\/#breadcrumb"},"inLanguage":"fr-FR","potentialAction":[{"@type":"ReadAction","target":["https:\/\/web.umons.ac.be\/risques\/fr\/equipements-remarquables\/"]}]},{"@type":"ImageObject","inLanguage":"fr-FR","@id":"https:\/\/web.umons.ac.be\/risques\/fr\/equipements-remarquables\/#primaryimage","url":"https:\/\/web.umons.ac.be\/app\/uploads\/sites\/36\/2017\/07\/c-300x201.png","contentUrl":"https:\/\/web.umons.ac.be\/app\/uploads\/sites\/36\/2017\/07\/c-300x201.png"},{"@type":"BreadcrumbList","@id":"https:\/\/web.umons.ac.be\/risques\/fr\/equipements-remarquables\/#breadcrumb","itemListElement":[{"@type":"ListItem","position":1,"name":"Accueil","item":"https:\/\/web.umons.ac.be\/risques\/fr\/"},{"@type":"ListItem","position":2,"name":"Equipements remarquables"}]},{"@type":"WebSite","@id":"https:\/\/web.umons.ac.be\/risques\/#website","url":"https:\/\/web.umons.ac.be\/risques\/","name":"Institut \/ Risques","description":"Un site utilisant Universit\u00e9 de Mons \u2013 UMONS","potentialAction":[{"@type":"SearchAction","target":{"@type":"EntryPoint","urlTemplate":"https:\/\/web.umons.ac.be\/risques\/?s={search_term_string}"},"query-input":{"@type":"PropertyValueSpecification","valueRequired":true,"valueName":"search_term_string"}}],"inLanguage":"fr-FR"}]}},"lang":"fr","translations":{"fr":62,"en":217},"pll_sync_post":[],"_links":{"self":[{"href":"https:\/\/web.umons.ac.be\/risques\/wp-json\/wp\/v2\/pages\/62","targetHints":{"allow":["GET"]}}],"collection":[{"href":"https:\/\/web.umons.ac.be\/risques\/wp-json\/wp\/v2\/pages"}],"about":[{"href":"https:\/\/web.umons.ac.be\/risques\/wp-json\/wp\/v2\/types\/page"}],"author":[{"embeddable":true,"href":"https:\/\/web.umons.ac.be\/risques\/wp-json\/wp\/v2\/users\/2"}],"replies":[{"embeddable":true,"href":"https:\/\/web.umons.ac.be\/risques\/wp-json\/wp\/v2\/comments?post=62"}],"version-history":[{"count":2,"href":"https:\/\/web.umons.ac.be\/risques\/wp-json\/wp\/v2\/pages\/62\/revisions"}],"predecessor-version":[{"id":152,"href":"https:\/\/web.umons.ac.be\/risques\/wp-json\/wp\/v2\/pages\/62\/revisions\/152"}],"wp:attachment":[{"href":"https:\/\/web.umons.ac.be\/risques\/wp-json\/wp\/v2\/media?parent=62"}],"curies":[{"name":"wp","href":"https:\/\/api.w.org\/{rel}","templated":true}]}}