{"id":251,"date":"2017-11-10T17:02:45","date_gmt":"2017-11-10T16:02:45","guid":{"rendered":"https:\/\/web.umons.ac.be\/sante\/?page_id=251"},"modified":"2022-09-07T12:46:50","modified_gmt":"2022-09-07T10:46:50","slug":"partners","status":"publish","type":"page","link":"https:\/\/web.umons.ac.be\/sante\/en\/partners\/","title":{"rendered":"Partners"},"content":{"rendered":"<h2>Collaboration with hospitals<\/h2>\n<p>The Health Institute collaborates with the following hospitals in the region:<\/p>\n<p><img loading=\"lazy\" decoding=\"async\" class=\"alignleft size-full wp-image-810\" src=\"https:\/\/web.umons.ac.be\/app\/uploads\/sites\/35\/2022\/09\/ambpare.png\" alt=\"\" width=\"172\" height=\"74\" srcset=\"https:\/\/web.umons.ac.be\/app\/uploads\/sites\/35\/2022\/09\/ambpare.png 172w, https:\/\/web.umons.ac.be\/app\/uploads\/sites\/35\/2022\/09\/ambpare-30x13.png 30w, https:\/\/web.umons.ac.be\/app\/uploads\/sites\/35\/2022\/09\/ambpare-60x26.png 60w\" sizes=\"auto, (max-width: 172px) 100vw, 172px\" \/><\/p>\n<p><img loading=\"lazy\" decoding=\"async\" class=\"alignleft size-full wp-image-813\" src=\"https:\/\/web.umons.ac.be\/app\/uploads\/sites\/35\/2022\/09\/epicura.jpg\" alt=\"\" width=\"130\" height=\"85\" srcset=\"https:\/\/web.umons.ac.be\/app\/uploads\/sites\/35\/2022\/09\/epicura.jpg 130w, https:\/\/web.umons.ac.be\/app\/uploads\/sites\/35\/2022\/09\/epicura-30x20.jpg 30w, https:\/\/web.umons.ac.be\/app\/uploads\/sites\/35\/2022\/09\/epicura-60x39.jpg 60w\" sizes=\"auto, (max-width: 130px) 100vw, 130px\" \/><\/p>\n<p><img loading=\"lazy\" decoding=\"async\" class=\"alignleft size-full wp-image-811\" src=\"https:\/\/web.umons.ac.be\/app\/uploads\/sites\/35\/2022\/09\/chwapi.jpg\" alt=\"\" width=\"145\" height=\"55\" srcset=\"https:\/\/web.umons.ac.be\/app\/uploads\/sites\/35\/2022\/09\/chwapi.jpg 145w, https:\/\/web.umons.ac.be\/app\/uploads\/sites\/35\/2022\/09\/chwapi-30x11.jpg 30w, https:\/\/web.umons.ac.be\/app\/uploads\/sites\/35\/2022\/09\/chwapi-60x23.jpg 60w\" sizes=\"auto, (max-width: 145px) 100vw, 145px\" \/><\/p>\n<p><img loading=\"lazy\" decoding=\"async\" class=\"alignleft size-medium wp-image-812\" src=\"https:\/\/web.umons.ac.be\/app\/uploads\/sites\/35\/2022\/09\/chucha-300x120.jpg\" alt=\"\" width=\"300\" height=\"120\" srcset=\"https:\/\/web.umons.ac.be\/app\/uploads\/sites\/35\/2022\/09\/chucha-300x120.jpg 300w, https:\/\/web.umons.ac.be\/app\/uploads\/sites\/35\/2022\/09\/chucha-30x12.jpg 30w, https:\/\/web.umons.ac.be\/app\/uploads\/sites\/35\/2022\/09\/chucha-60x24.jpg 60w, https:\/\/web.umons.ac.be\/app\/uploads\/sites\/35\/2022\/09\/chucha-360x144.jpg 360w, https:\/\/web.umons.ac.be\/app\/uploads\/sites\/35\/2022\/09\/chucha.jpg 666w\" sizes=\"auto, (max-width: 300px) 100vw, 300px\" \/><\/p>\n<p>&nbsp;<\/p>\n<p>&nbsp;<\/p>\n<p>&nbsp;<\/p>\n<start-cask-shortcode-wrapper>    <div class=\"accordion content-block scheme-sante\">\n                <div class=\"accordion-inner\">\n            <div class=\"accordion-bellow\">\n                <button class=\"accordion-bellow-toggle scheme-background-hover\" data-target=\"#accordion-content-6318736b7f522\">\n                    <span class=\"icon umons-icon-chevron-down\" aria-hidden=\"true\"><\/span> UMONS | CHU Ambroise Par\u00e9                <\/button>\n            <\/div>\n            <div id=\"accordion-content-6318736b7f522\" class=\"accordion-content\">\n            \t<div class=\"inner editor-front\">\n            \t\t<p><img loading=\"lazy\" decoding=\"async\" class=\"alignleft size-thumbnail wp-image-252\" src=\"https:\/\/web.umons.ac.be\/app\/uploads\/sites\/35\/2017\/07\/ambroise_pare-150x150.jpg\" alt=\"\" width=\"150\" height=\"150\" srcset=\"https:\/\/web.umons.ac.be\/app\/uploads\/sites\/35\/2017\/07\/ambroise_pare-150x150.jpg 150w, https:\/\/web.umons.ac.be\/app\/uploads\/sites\/35\/2017\/07\/ambroise_pare-80x80.jpg 80w, https:\/\/web.umons.ac.be\/app\/uploads\/sites\/35\/2017\/07\/ambroise_pare-200x200.jpg 200w\" sizes=\"auto, (max-width: 150px) 100vw, 150px\" \/><\/p>\n<p>In 2012, UMONS and CHU Ambroise Par\u00e9 created a university and clinical research centre called<strong><em>\u00ab UMHAP Medical\u00a0Research Center \u00bb<\/em><\/strong>.<\/p>\n<p><img loading=\"lazy\" decoding=\"async\" class=\"alignright wp-image-253 size-full\" src=\"https:\/\/web.umons.ac.be\/app\/uploads\/sites\/35\/2017\/07\/Brochure_IR_FR_web.pdf-Adobe-Acrobat-Pro-DC.jpg\" alt=\"\" width=\"187\" height=\"46\" srcset=\"https:\/\/web.umons.ac.be\/app\/uploads\/sites\/35\/2017\/07\/Brochure_IR_FR_web.pdf-Adobe-Acrobat-Pro-DC.jpg 187w, https:\/\/web.umons.ac.be\/app\/uploads\/sites\/35\/2017\/07\/Brochure_IR_FR_web.pdf-Adobe-Acrobat-Pro-DC-30x7.jpg 30w, https:\/\/web.umons.ac.be\/app\/uploads\/sites\/35\/2017\/07\/Brochure_IR_FR_web.pdf-Adobe-Acrobat-Pro-DC-60x15.jpg 60w\" sizes=\"auto, (max-width: 187px) 100vw, 187px\" \/><\/p>\n<p>&nbsp;<\/p>\n<p>&nbsp;<\/p>\n<p>&nbsp;<\/p>\n<p>This partnership covers the development of research projects, the carrying out of scientific and clinical studies, the sharing of equipment and materials, the sharing of data and knowledge for the implementation of research, the hosting students and researchers, etc.<\/p>\n<p>Three joint research units were created:<\/p>\n<ul>\n<li>The BioMedical Profiling Unit<\/li>\n<li>The Language Unit<\/li>\n<li>The Research unit in experimental psychopathology.<\/li>\n<\/ul>\n            \t<\/div>\n            <\/div>\n        <\/div>\n                <div class=\"accordion-inner\">\n            <div class=\"accordion-bellow\">\n                <button class=\"accordion-bellow-toggle scheme-background-hover\" data-target=\"#accordion-content-6318736b81423\">\n                    <span class=\"icon umons-icon-chevron-down\" aria-hidden=\"true\"><\/span> UMONS | Epicura                <\/button>\n            <\/div>\n            <div id=\"accordion-content-6318736b81423\" class=\"accordion-content\">\n            \t<div class=\"inner editor-front\">\n            \t\t<p><img loading=\"lazy\" decoding=\"async\" class=\"alignleft wp-image-254 size-thumbnail\" src=\"https:\/\/web.umons.ac.be\/app\/uploads\/sites\/35\/2017\/07\/epicura_ath-150x150.jpg\" alt=\"UMONS - Epicura En 2016, L\u2019UMONS et le centre hospitalier EpiCURA ont mis sur pied une plateforme scientifique commune d\u00e9di\u00e9e \u00e0 la recherche dans le domaine m\u00e9dical et dans les disciplines li\u00e9es \u00e0 la vie hospitali\u00e8re. En plus de consolider et \u00e9largir les collaborations existantes, les deux partenaires ont \u00e9galement d\u00e9cid\u00e9 de tisser d\u2019autres projets pour le futur: &gt;&gt; L\u2019UMONS apportera ses comp\u00e9tences et son expertise en mati\u00e8re de recherche et d\u2019enseignement, notamment dans les domaines trait\u00e9s par ses Instituts de Recherches et par ses Facult\u00e9s. &gt;&gt; De son c\u00f4t\u00e9, le CH EpiCURA entend apporter ses comp\u00e9tences et son expertise op\u00e9rationnelle dans les diff\u00e9rents domaines de l\u2019action hospitali\u00e8re (m\u00e9dical, soins infirmiers, soins param\u00e9dicaux,) et, plus largement, dans toutes les mati\u00e8res int\u00e9ressant une grande entreprise.\" width=\"150\" height=\"150\" srcset=\"https:\/\/web.umons.ac.be\/app\/uploads\/sites\/35\/2017\/07\/epicura_ath-150x150.jpg 150w, https:\/\/web.umons.ac.be\/app\/uploads\/sites\/35\/2017\/07\/epicura_ath-80x80.jpg 80w, https:\/\/web.umons.ac.be\/app\/uploads\/sites\/35\/2017\/07\/epicura_ath-200x200.jpg 200w\" sizes=\"auto, (max-width: 150px) 100vw, 150px\" \/><\/p>\n<p>&nbsp;<\/p>\n<p>In 2016, UMONS and EpiCURA set up a common scientific platform dedicated to research in the medical field and in disciplines related to hospital life. In addition to consolidating and expanding existing collaborations, the two partners also decided to forge other projects for the future:<\/p>\n<p>&nbsp;<\/p>\n<ul>\n<li>UMONS contributes its expertise in research and teaching, particularly in the fields covered by its Research Institutes and its Faculties.<\/li>\n<li>CH EpiCURA contributes its skills and operational expertise in the various fields of hospital action (medical, nursing, paramedical) and, more broadly, in all matters of interest to a large company.<\/li>\n<\/ul>\n            \t<\/div>\n            <\/div>\n        <\/div>\n                <div class=\"accordion-inner\">\n            <div class=\"accordion-bellow\">\n                <button class=\"accordion-bellow-toggle scheme-background-hover\" data-target=\"#accordion-content-6318736b8151f\">\n                    <span class=\"icon umons-icon-chevron-down\" aria-hidden=\"true\"><\/span> UMONS | CHwapi                <\/button>\n            <\/div>\n            <div id=\"accordion-content-6318736b8151f\" class=\"accordion-content\">\n            \t<div class=\"inner editor-front\">\n            \t\t<p><img loading=\"lazy\" decoding=\"async\" class=\"alignleft size-thumbnail wp-image-621\" src=\"https:\/\/web.umons.ac.be\/app\/uploads\/sites\/35\/2021\/12\/website-template-preview-307500-150x150.jpg\" alt=\"\" width=\"150\" height=\"150\" srcset=\"https:\/\/web.umons.ac.be\/app\/uploads\/sites\/35\/2021\/12\/website-template-preview-307500-150x150.jpg 150w, https:\/\/web.umons.ac.be\/app\/uploads\/sites\/35\/2021\/12\/website-template-preview-307500-80x80.jpg 80w, https:\/\/web.umons.ac.be\/app\/uploads\/sites\/35\/2021\/12\/website-template-preview-307500-200x200.jpg 200w\" sizes=\"auto, (max-width: 150px) 100vw, 150px\" \/><\/p>\n            \t<\/div>\n            <\/div>\n        <\/div>\n                <div class=\"accordion-inner\">\n            <div class=\"accordion-bellow\">\n                <button class=\"accordion-bellow-toggle scheme-background-hover\" data-target=\"#accordion-content-6318736b815f6\">\n                    <span class=\"icon umons-icon-chevron-down\" aria-hidden=\"true\"><\/span> UMONS | CHU Charleroi                <\/button>\n            <\/div>\n            <div id=\"accordion-content-6318736b815f6\" class=\"accordion-content\">\n            \t<div class=\"inner editor-front\">\n            \t\t<p><img loading=\"lazy\" decoding=\"async\" class=\"alignleft size-thumbnail wp-image-621\" src=\"https:\/\/web.umons.ac.be\/app\/uploads\/sites\/35\/2021\/12\/website-template-preview-307500-150x150.jpg\" alt=\"\" width=\"150\" height=\"150\" srcset=\"https:\/\/web.umons.ac.be\/app\/uploads\/sites\/35\/2021\/12\/website-template-preview-307500-150x150.jpg 150w, https:\/\/web.umons.ac.be\/app\/uploads\/sites\/35\/2021\/12\/website-template-preview-307500-80x80.jpg 80w, https:\/\/web.umons.ac.be\/app\/uploads\/sites\/35\/2021\/12\/website-template-preview-307500-200x200.jpg 200w\" sizes=\"auto, (max-width: 150px) 100vw, 150px\" \/><\/p>\n            \t<\/div>\n            <\/div>\n        <\/div>\n            <\/div>\n<end-cask-shortcode-wrapper>\n<p>&nbsp;<\/p>\n<p>&nbsp;<\/p>\n<h2>Other partners<\/h2>\n<p><img loading=\"lazy\" decoding=\"async\" class=\"alignleft wp-image-621 size-medium\" src=\"https:\/\/web.umons.ac.be\/app\/uploads\/sites\/35\/2021\/12\/website-template-preview-307500-300x140.jpg\" alt=\"\" width=\"300\" height=\"140\" srcset=\"https:\/\/web.umons.ac.be\/app\/uploads\/sites\/35\/2021\/12\/website-template-preview-307500-300x140.jpg 300w, https:\/\/web.umons.ac.be\/app\/uploads\/sites\/35\/2021\/12\/website-template-preview-307500-30x14.jpg 30w, https:\/\/web.umons.ac.be\/app\/uploads\/sites\/35\/2021\/12\/website-template-preview-307500-60x28.jpg 60w, https:\/\/web.umons.ac.be\/app\/uploads\/sites\/35\/2021\/12\/website-template-preview-307500-360x168.jpg 360w, https:\/\/web.umons.ac.be\/app\/uploads\/sites\/35\/2021\/12\/website-template-preview-307500.jpg 750w\" sizes=\"auto, (max-width: 300px) 100vw, 300px\" \/><\/p>\n","protected":false},"excerpt":{"rendered":"<p>Collaboration with hospitals The Health Institute collaborates with the following hospitals in the region: &nbsp; &nbsp; &nbsp; &nbsp; &nbsp; Other partners<\/p>\n","protected":false},"author":2,"featured_media":0,"parent":0,"menu_order":3,"comment_status":"closed","ping_status":"closed","template":"","meta":{"footnotes":""},"class_list":["post-251","page","type-page","status-publish","hentry"],"yoast_head":"<!-- This site is optimized with the Yoast SEO plugin v27.2 - https:\/\/yoast.com\/product\/yoast-seo-wordpress\/ -->\n<title>Partners - Institut \/ Sant\u00e9<\/title>\n<meta name=\"robots\" content=\"index, follow, max-snippet:-1, max-image-preview:large, max-video-preview:-1\" \/>\n<link rel=\"canonical\" href=\"https:\/\/web.umons.ac.be\/sante\/en\/partners\/\" \/>\n<meta property=\"og:locale\" content=\"fr_FR\" \/>\n<meta property=\"og:type\" content=\"article\" \/>\n<meta property=\"og:title\" content=\"Partners - Institut \/ Sant\u00e9\" \/>\n<meta property=\"og:description\" content=\"Collaboration with hospitals The Health Institute collaborates with the following hospitals in the region: &nbsp; &nbsp; &nbsp; &nbsp; &nbsp; Other partners\" \/>\n<meta property=\"og:url\" content=\"https:\/\/web.umons.ac.be\/sante\/en\/partners\/\" \/>\n<meta property=\"og:site_name\" content=\"Institut \/ Sant\u00e9\" \/>\n<meta property=\"article:modified_time\" content=\"2022-09-07T10:46:50+00:00\" \/>\n<meta property=\"og:image\" content=\"https:\/\/web.umons.ac.be\/app\/uploads\/sites\/35\/2022\/09\/ambpare.png\" \/>\n<meta name=\"twitter:card\" content=\"summary_large_image\" \/>\n<meta name=\"twitter:label1\" content=\"Dur\u00e9e de lecture estim\u00e9e\" \/>\n\t<meta name=\"twitter:data1\" content=\"2 minutes\" \/>\n<script type=\"application\/ld+json\" class=\"yoast-schema-graph\">{\"@context\":\"https:\/\/schema.org\",\"@graph\":[{\"@type\":\"WebPage\",\"@id\":\"https:\/\/web.umons.ac.be\/sante\/en\/partners\/\",\"url\":\"https:\/\/web.umons.ac.be\/sante\/en\/partners\/\",\"name\":\"Partners - Institut \/ Sant\u00e9\",\"isPartOf\":{\"@id\":\"https:\/\/web.umons.ac.be\/sante\/#website\"},\"primaryImageOfPage\":{\"@id\":\"https:\/\/web.umons.ac.be\/sante\/en\/partners\/#primaryimage\"},\"image\":{\"@id\":\"https:\/\/web.umons.ac.be\/sante\/en\/partners\/#primaryimage\"},\"thumbnailUrl\":\"https:\/\/web.umons.ac.be\/app\/uploads\/sites\/35\/2022\/09\/ambpare.png\",\"datePublished\":\"2017-11-10T16:02:45+00:00\",\"dateModified\":\"2022-09-07T10:46:50+00:00\",\"breadcrumb\":{\"@id\":\"https:\/\/web.umons.ac.be\/sante\/en\/partners\/#breadcrumb\"},\"inLanguage\":\"fr-FR\",\"potentialAction\":[{\"@type\":\"ReadAction\",\"target\":[\"https:\/\/web.umons.ac.be\/sante\/en\/partners\/\"]}]},{\"@type\":\"ImageObject\",\"inLanguage\":\"fr-FR\",\"@id\":\"https:\/\/web.umons.ac.be\/sante\/en\/partners\/#primaryimage\",\"url\":\"https:\/\/web.umons.ac.be\/app\/uploads\/sites\/35\/2022\/09\/ambpare.png\",\"contentUrl\":\"https:\/\/web.umons.ac.be\/app\/uploads\/sites\/35\/2022\/09\/ambpare.png\"},{\"@type\":\"BreadcrumbList\",\"@id\":\"https:\/\/web.umons.ac.be\/sante\/en\/partners\/#breadcrumb\",\"itemListElement\":[{\"@type\":\"ListItem\",\"position\":1,\"name\":\"Accueil\",\"item\":\"https:\/\/web.umons.ac.be\/sante\/fr\/\"},{\"@type\":\"ListItem\",\"position\":2,\"name\":\"Partners\"}]},{\"@type\":\"WebSite\",\"@id\":\"https:\/\/web.umons.ac.be\/sante\/#website\",\"url\":\"https:\/\/web.umons.ac.be\/sante\/\",\"name\":\"Institut \/ Sant\u00e9\",\"description\":\"Un site utilisant Universit\u00e9 de Mons \u2013 UMONS\",\"potentialAction\":[{\"@type\":\"SearchAction\",\"target\":{\"@type\":\"EntryPoint\",\"urlTemplate\":\"https:\/\/web.umons.ac.be\/sante\/?s={search_term_string}\"},\"query-input\":{\"@type\":\"PropertyValueSpecification\",\"valueRequired\":true,\"valueName\":\"search_term_string\"}}],\"inLanguage\":\"fr-FR\"}]}<\/script>\n<!-- \/ Yoast SEO plugin. -->","yoast_head_json":{"title":"Partners - Institut \/ Sant\u00e9","robots":{"index":"index","follow":"follow","max-snippet":"max-snippet:-1","max-image-preview":"max-image-preview:large","max-video-preview":"max-video-preview:-1"},"canonical":"https:\/\/web.umons.ac.be\/sante\/en\/partners\/","og_locale":"fr_FR","og_type":"article","og_title":"Partners - Institut \/ Sant\u00e9","og_description":"Collaboration with hospitals The Health Institute collaborates with the following hospitals in the region: &nbsp; &nbsp; &nbsp; &nbsp; &nbsp; Other partners","og_url":"https:\/\/web.umons.ac.be\/sante\/en\/partners\/","og_site_name":"Institut \/ Sant\u00e9","article_modified_time":"2022-09-07T10:46:50+00:00","og_image":[{"url":"https:\/\/web.umons.ac.be\/app\/uploads\/sites\/35\/2022\/09\/ambpare.png","type":"","width":"","height":""}],"twitter_card":"summary_large_image","twitter_misc":{"Dur\u00e9e de lecture estim\u00e9e":"2 minutes"},"schema":{"@context":"https:\/\/schema.org","@graph":[{"@type":"WebPage","@id":"https:\/\/web.umons.ac.be\/sante\/en\/partners\/","url":"https:\/\/web.umons.ac.be\/sante\/en\/partners\/","name":"Partners - Institut \/ Sant\u00e9","isPartOf":{"@id":"https:\/\/web.umons.ac.be\/sante\/#website"},"primaryImageOfPage":{"@id":"https:\/\/web.umons.ac.be\/sante\/en\/partners\/#primaryimage"},"image":{"@id":"https:\/\/web.umons.ac.be\/sante\/en\/partners\/#primaryimage"},"thumbnailUrl":"https:\/\/web.umons.ac.be\/app\/uploads\/sites\/35\/2022\/09\/ambpare.png","datePublished":"2017-11-10T16:02:45+00:00","dateModified":"2022-09-07T10:46:50+00:00","breadcrumb":{"@id":"https:\/\/web.umons.ac.be\/sante\/en\/partners\/#breadcrumb"},"inLanguage":"fr-FR","potentialAction":[{"@type":"ReadAction","target":["https:\/\/web.umons.ac.be\/sante\/en\/partners\/"]}]},{"@type":"ImageObject","inLanguage":"fr-FR","@id":"https:\/\/web.umons.ac.be\/sante\/en\/partners\/#primaryimage","url":"https:\/\/web.umons.ac.be\/app\/uploads\/sites\/35\/2022\/09\/ambpare.png","contentUrl":"https:\/\/web.umons.ac.be\/app\/uploads\/sites\/35\/2022\/09\/ambpare.png"},{"@type":"BreadcrumbList","@id":"https:\/\/web.umons.ac.be\/sante\/en\/partners\/#breadcrumb","itemListElement":[{"@type":"ListItem","position":1,"name":"Accueil","item":"https:\/\/web.umons.ac.be\/sante\/fr\/"},{"@type":"ListItem","position":2,"name":"Partners"}]},{"@type":"WebSite","@id":"https:\/\/web.umons.ac.be\/sante\/#website","url":"https:\/\/web.umons.ac.be\/sante\/","name":"Institut \/ Sant\u00e9","description":"Un site utilisant Universit\u00e9 de Mons \u2013 UMONS","potentialAction":[{"@type":"SearchAction","target":{"@type":"EntryPoint","urlTemplate":"https:\/\/web.umons.ac.be\/sante\/?s={search_term_string}"},"query-input":{"@type":"PropertyValueSpecification","valueRequired":true,"valueName":"search_term_string"}}],"inLanguage":"fr-FR"}]}},"lang":"en","translations":{"en":251,"fr":78},"pll_sync_post":[],"_links":{"self":[{"href":"https:\/\/web.umons.ac.be\/sante\/wp-json\/wp\/v2\/pages\/251","targetHints":{"allow":["GET"]}}],"collection":[{"href":"https:\/\/web.umons.ac.be\/sante\/wp-json\/wp\/v2\/pages"}],"about":[{"href":"https:\/\/web.umons.ac.be\/sante\/wp-json\/wp\/v2\/types\/page"}],"author":[{"embeddable":true,"href":"https:\/\/web.umons.ac.be\/sante\/wp-json\/wp\/v2\/users\/2"}],"replies":[{"embeddable":true,"href":"https:\/\/web.umons.ac.be\/sante\/wp-json\/wp\/v2\/comments?post=251"}],"version-history":[{"count":3,"href":"https:\/\/web.umons.ac.be\/sante\/wp-json\/wp\/v2\/pages\/251\/revisions"}],"predecessor-version":[{"id":816,"href":"https:\/\/web.umons.ac.be\/sante\/wp-json\/wp\/v2\/pages\/251\/revisions\/816"}],"wp:attachment":[{"href":"https:\/\/web.umons.ac.be\/sante\/wp-json\/wp\/v2\/media?parent=251"}],"curies":[{"name":"wp","href":"https:\/\/api.w.org\/{rel}","templated":true}]}}