{"id":81,"date":"2017-07-20T17:45:47","date_gmt":"2017-07-20T15:45:47","guid":{"rendered":"https:\/\/web.umons.ac.be\/sante\/?page_id=81"},"modified":"2026-01-26T14:17:13","modified_gmt":"2026-01-26T13:17:13","slug":"cmmi","status":"publish","type":"page","link":"https:\/\/web.umons.ac.be\/sante\/fr\/plateformes\/cmmi\/","title":{"rendered":"CMMI"},"content":{"rendered":"<h2><img loading=\"lazy\" decoding=\"async\" class=\"alignright wp-image-186 size-medium\" src=\"https:\/\/web.umons.ac.be\/app\/uploads\/sites\/35\/2017\/11\/634308619706093750-300x126.jpg\" alt=\"\" width=\"300\" height=\"126\" srcset=\"https:\/\/web.umons.ac.be\/app\/uploads\/sites\/35\/2017\/11\/634308619706093750-300x126.jpg 300w, https:\/\/web.umons.ac.be\/app\/uploads\/sites\/35\/2017\/11\/634308619706093750.jpg 768w, https:\/\/web.umons.ac.be\/app\/uploads\/sites\/35\/2017\/11\/634308619706093750-30x13.jpg 30w, https:\/\/web.umons.ac.be\/app\/uploads\/sites\/35\/2017\/11\/634308619706093750-60x25.jpg 60w, https:\/\/web.umons.ac.be\/app\/uploads\/sites\/35\/2017\/11\/634308619706093750-360x151.jpg 360w\" sizes=\"auto, (max-width: 300px) 100vw, 300px\" \/><\/h2>\n<h2>Centre de Microscopie et\u00a0d\u2019Imagerie Mol\u00e9culaire<\/h2>\n<p>&nbsp;<\/p>\n<p>Le Centre de Microscopie et d\u2019Imagerie Mol\u00e9culaire (en abr\u00e9g\u00e9\u00a0CMMI, pour \u00abCenter for Microscopy and Molecular Imaging\u00bb) est\u00a0un centre rattach\u00e9 \u00e0 l\u2019Institut Sant\u00e9 qui a vu le jour en 2011 gr\u00e2ce\u00a0au <strong>soutien financier de l\u2019Union europ\u00e9enne et de la R\u00e9gion\u00a0wallonne (fonds FEDER).<\/strong><\/p>\n<div class=\"file-attachment\">\n<p><a href=\"https:\/\/web.umons.ac.be\/app\/uploads\/sites\/35\/2026\/01\/CMMI_flyer_2026.pdf\" target=\"_blank\" rel=\"noopener\">T\u00e9l\u00e9chargez le flyer du CMMI (\u00e9dition 2026).<\/a>.<\/p>\n<\/div>\n<p>Le CMMI r\u00e9pond au souhait de l\u2019Universit\u00e9 de Mons et l\u2019Universit\u00e9\u00a0Libre de Bruxelles de mutualiser et de compl\u00e9ter \u00e9quipements\u00a0et comp\u00e9tences remarquables afin d\u2019offrir \u00e0 la communaut\u00e9\u00a0scientifique une<strong> plateforme d\u2019imagerie biom\u00e9dicale pr\u00e9clinique\u00a0int\u00e9gr\u00e9e et performante.<\/strong><\/p>\n<p><img loading=\"lazy\" decoding=\"async\" class=\"alignleft size-thumbnail wp-image-189\" src=\"https:\/\/web.umons.ac.be\/app\/uploads\/sites\/35\/2017\/07\/Brochure_IR_FR_web.pdf-Adobe-Acrobat-Pro-DC-1-150x150.jpg\" alt=\"\" width=\"150\" height=\"150\" srcset=\"https:\/\/web.umons.ac.be\/app\/uploads\/sites\/35\/2017\/07\/Brochure_IR_FR_web.pdf-Adobe-Acrobat-Pro-DC-1-150x150.jpg 150w, https:\/\/web.umons.ac.be\/app\/uploads\/sites\/35\/2017\/07\/Brochure_IR_FR_web.pdf-Adobe-Acrobat-Pro-DC-1-30x30.jpg 30w, https:\/\/web.umons.ac.be\/app\/uploads\/sites\/35\/2017\/07\/Brochure_IR_FR_web.pdf-Adobe-Acrobat-Pro-DC-1-80x80.jpg 80w, https:\/\/web.umons.ac.be\/app\/uploads\/sites\/35\/2017\/07\/Brochure_IR_FR_web.pdf-Adobe-Acrobat-Pro-DC-1-60x60.jpg 60w, https:\/\/web.umons.ac.be\/app\/uploads\/sites\/35\/2017\/07\/Brochure_IR_FR_web.pdf-Adobe-Acrobat-Pro-DC-1-200x200.jpg 200w, https:\/\/web.umons.ac.be\/app\/uploads\/sites\/35\/2017\/07\/Brochure_IR_FR_web.pdf-Adobe-Acrobat-Pro-DC-1.jpg 211w\" sizes=\"auto, (max-width: 150px) 100vw, 150px\" \/>Install\u00e9 sur le Biopark Charleroi Brussels\u00a0South, le CMMI est une <strong>plateforme\u00a0interuniversitaire qui propose aux\u00a0chercheurs des mondes industriel et\u00a0acad\u00e9mique des services en imagerie\u00a0pr\u00e9clinique<\/strong>. Il r\u00e9alise dans ce domaine\u00a0des d\u00e9veloppements techniques et\u00a0m\u00e9thodologiques avec une haute valeur\u00a0a j o u t \u00e9 e , gr\u00e2ce \u00e0 l\u2019expertise scientifique pr\u00e9sente au sein de\u00a0l\u2019\u00e9quipe des responsables acad\u00e9miques. Les objectifs du CMMI\u00a0sont d\u2019accro\u00eetre quantitativement et qualitativement la productivit\u00e9\u00a0scientifique de ses collaborateurs et de se profiler comme un\u00a0partenaire incontournable dans le montage de projets impliquant\u00a0l\u2019imagerie pr\u00e9clinique.<\/p>\n<p>Le CMMI offre un tr\u00e8s <strong>large \u00e9ventail d\u2019instrumentations et\u00a0de m\u00e9thodologies modernes s\u2019\u00e9tendant de la microscopie\u00a0\u00e9lectronique \u00e0 l\u2019imagerie in vivo de l\u2019animal.<\/strong><\/p>\n<h3>Domaines d&rsquo;applications<\/h3>\n<p>Le CMMI est structur\u00e9 en quatre P\u00f4les: 3 de ces P\u00f4les\u00a0correspondent \u00e0 des modalit\u00e9s d\u2019imagerie (In vivo, DIAPath,\u00a0Microscopie) tandis que le quatri\u00e8me, le MIP (Multimodal\u00a0Image Processing), est un p\u00f4le transversal d\u00e9di\u00e9 au\u00a0traitement et \u00e0 l\u2019analyse d\u2019images.<\/p>\n<table>\n<tbody>\n<tr>\n<td style=\"background-color: #ffffff;\"><img loading=\"lazy\" decoding=\"async\" class=\"alignleft size-thumbnail wp-image-198\" src=\"https:\/\/web.umons.ac.be\/app\/uploads\/sites\/35\/2017\/07\/Brochure_IR_FR_web.pdf-Adobe-Acrobat-Pro-DC-5-150x150.jpg\" alt=\"\" width=\"150\" height=\"150\" srcset=\"https:\/\/web.umons.ac.be\/app\/uploads\/sites\/35\/2017\/07\/Brochure_IR_FR_web.pdf-Adobe-Acrobat-Pro-DC-5-150x150.jpg 150w, https:\/\/web.umons.ac.be\/app\/uploads\/sites\/35\/2017\/07\/Brochure_IR_FR_web.pdf-Adobe-Acrobat-Pro-DC-5-30x30.jpg 30w, https:\/\/web.umons.ac.be\/app\/uploads\/sites\/35\/2017\/07\/Brochure_IR_FR_web.pdf-Adobe-Acrobat-Pro-DC-5-80x80.jpg 80w, https:\/\/web.umons.ac.be\/app\/uploads\/sites\/35\/2017\/07\/Brochure_IR_FR_web.pdf-Adobe-Acrobat-Pro-DC-5-60x60.jpg 60w, https:\/\/web.umons.ac.be\/app\/uploads\/sites\/35\/2017\/07\/Brochure_IR_FR_web.pdf-Adobe-Acrobat-Pro-DC-5-200x200.jpg 200w, https:\/\/web.umons.ac.be\/app\/uploads\/sites\/35\/2017\/07\/Brochure_IR_FR_web.pdf-Adobe-Acrobat-Pro-DC-5.jpg 228w\" sizes=\"auto, (max-width: 150px) 100vw, 150px\" \/><\/td>\n<td style=\"background-color: #ffffff;\">\n<h6>In vivo<\/h6>\n<p>PET \/ SPECT \/ CT, Autoradiographie,\u00a0IRM, Imagerie optique et imagerie\u00a0photoacoustique in vivo<\/td>\n<\/tr>\n<tr>\n<td style=\"background-color: #ffffff;\"><img loading=\"lazy\" decoding=\"async\" class=\"alignleft size-thumbnail wp-image-197\" src=\"https:\/\/web.umons.ac.be\/app\/uploads\/sites\/35\/2017\/07\/Brochure_IR_FR_web.pdf-Adobe-Acrobat-Pro-DC-4-150x150.jpg\" alt=\"\" width=\"150\" height=\"150\" srcset=\"https:\/\/web.umons.ac.be\/app\/uploads\/sites\/35\/2017\/07\/Brochure_IR_FR_web.pdf-Adobe-Acrobat-Pro-DC-4-150x150.jpg 150w, https:\/\/web.umons.ac.be\/app\/uploads\/sites\/35\/2017\/07\/Brochure_IR_FR_web.pdf-Adobe-Acrobat-Pro-DC-4-30x30.jpg 30w, https:\/\/web.umons.ac.be\/app\/uploads\/sites\/35\/2017\/07\/Brochure_IR_FR_web.pdf-Adobe-Acrobat-Pro-DC-4-80x80.jpg 80w, https:\/\/web.umons.ac.be\/app\/uploads\/sites\/35\/2017\/07\/Brochure_IR_FR_web.pdf-Adobe-Acrobat-Pro-DC-4-60x60.jpg 60w, https:\/\/web.umons.ac.be\/app\/uploads\/sites\/35\/2017\/07\/Brochure_IR_FR_web.pdf-Adobe-Acrobat-Pro-DC-4.jpg 152w\" sizes=\"auto, (max-width: 150px) 100vw, 150px\" \/><\/td>\n<td style=\"background-color: #ffffff;\">\n<h6>DIAPath (Digital Image Analysis in\u00a0Pathology)<\/h6>\n<p>Histologie, Immunohistochimie, Pathologie\u00a0num\u00e9rique, Analyse des images associ\u00e9es<\/td>\n<\/tr>\n<tr>\n<td style=\"background-color: #ffffff;\"><img loading=\"lazy\" decoding=\"async\" class=\"alignleft size-thumbnail wp-image-196\" src=\"https:\/\/web.umons.ac.be\/app\/uploads\/sites\/35\/2017\/07\/Brochure_IR_FR_web.pdf-Adobe-Acrobat-Pro-DC-3-150x150.jpg\" alt=\"\" width=\"150\" height=\"150\" srcset=\"https:\/\/web.umons.ac.be\/app\/uploads\/sites\/35\/2017\/07\/Brochure_IR_FR_web.pdf-Adobe-Acrobat-Pro-DC-3-150x150.jpg 150w, https:\/\/web.umons.ac.be\/app\/uploads\/sites\/35\/2017\/07\/Brochure_IR_FR_web.pdf-Adobe-Acrobat-Pro-DC-3-30x30.jpg 30w, https:\/\/web.umons.ac.be\/app\/uploads\/sites\/35\/2017\/07\/Brochure_IR_FR_web.pdf-Adobe-Acrobat-Pro-DC-3-80x80.jpg 80w, https:\/\/web.umons.ac.be\/app\/uploads\/sites\/35\/2017\/07\/Brochure_IR_FR_web.pdf-Adobe-Acrobat-Pro-DC-3-60x60.jpg 60w, https:\/\/web.umons.ac.be\/app\/uploads\/sites\/35\/2017\/07\/Brochure_IR_FR_web.pdf-Adobe-Acrobat-Pro-DC-3.jpg 152w\" sizes=\"auto, (max-width: 150px) 100vw, 150px\" \/><\/td>\n<td style=\"background-color: #ffffff;\">\n<h6>Microscopie<\/h6>\n<p>Microscopie \u00e9lectronique \u00e0 balayage et \u00e0\u00a0transmission, Automation et morphom\u00e9trie\u00a0quantitative, Microscopie holographique,\u00a0Microscopie \u00e0 fluorescence<\/td>\n<\/tr>\n<tr>\n<td style=\"background-color: #ffffff;\"><img loading=\"lazy\" decoding=\"async\" class=\"alignleft size-thumbnail wp-image-195\" src=\"https:\/\/web.umons.ac.be\/app\/uploads\/sites\/35\/2017\/07\/Brochure_IR_FR_web.pdf-Adobe-Acrobat-Pro-DC-2-150x150.jpg\" alt=\"\" width=\"150\" height=\"150\" srcset=\"https:\/\/web.umons.ac.be\/app\/uploads\/sites\/35\/2017\/07\/Brochure_IR_FR_web.pdf-Adobe-Acrobat-Pro-DC-2-150x150.jpg 150w, https:\/\/web.umons.ac.be\/app\/uploads\/sites\/35\/2017\/07\/Brochure_IR_FR_web.pdf-Adobe-Acrobat-Pro-DC-2-30x30.jpg 30w, https:\/\/web.umons.ac.be\/app\/uploads\/sites\/35\/2017\/07\/Brochure_IR_FR_web.pdf-Adobe-Acrobat-Pro-DC-2-80x80.jpg 80w, https:\/\/web.umons.ac.be\/app\/uploads\/sites\/35\/2017\/07\/Brochure_IR_FR_web.pdf-Adobe-Acrobat-Pro-DC-2-60x60.jpg 60w, https:\/\/web.umons.ac.be\/app\/uploads\/sites\/35\/2017\/07\/Brochure_IR_FR_web.pdf-Adobe-Acrobat-Pro-DC-2.jpg 152w\" sizes=\"auto, (max-width: 150px) 100vw, 150px\" \/><\/td>\n<td style=\"background-color: #ffffff;\">\n<h6>Traitement d\u2019image<\/h6>\n<p>Traitement et analyse d\u2019images, Partage,\u00a0Visualisation, Annotation<\/td>\n<\/tr>\n<\/tbody>\n<\/table>\n<p><strong>Les techniques et les \u00e9quipements<\/strong> disponibles sont\u00a0donc vari\u00e9es et <strong>permettent l\u2019imagerie d\u2019\u00e9chantillons\u00a0biologiques de l\u2019\u00e9chelle subcellulaire jusqu\u2019\u00e0 celle de\u00a0l\u2019animal entier.<\/strong><\/p>\n<p>La gamme des expertises est aussi tr\u00e8s large, de la pr\u00e9paration\u00a0des \u00e9chantillons jusqu\u2019\u00e0 l\u2019analyse quantitative des images et\u00a0l\u2019interpr\u00e9tation des r\u00e9sultats dans leur contexte biologique.\u00a0Des formations en imagerie sont \u00e9galement organis\u00e9es.<\/p>\n<h3>Contact<\/h3>\n<p>+32 (0)2 650 97 89<br \/>\n<a href=\"mailto:info@cmmi.be\">info@cmmi.be<\/a><br \/>\n<a href=\"http:\/\/cmmi.be\">cmmi.be<\/a><\/p>\n","protected":false},"excerpt":{"rendered":"<p>Centre de Microscopie et\u00a0d\u2019Imagerie Mol\u00e9culaire &nbsp; Le Centre de Microscopie et d\u2019Imagerie Mol\u00e9culaire (en abr\u00e9g\u00e9\u00a0CMMI, pour \u00abCenter for Microscopy and Molecular Imaging\u00bb) est\u00a0un centre rattach\u00e9 \u00e0 l\u2019Institut Sant\u00e9 qui a vu le jour en 2011 gr\u00e2ce\u00a0au soutien financier de l\u2019Union europ\u00e9enne et de la R\u00e9gion\u00a0wallonne (fonds FEDER). T\u00e9l\u00e9chargez le flyer du CMMI (\u00e9dition 2026).. Le [&hellip;]<\/p>\n","protected":false},"author":2,"featured_media":0,"parent":633,"menu_order":1,"comment_status":"closed","ping_status":"closed","template":"","meta":{"footnotes":""},"class_list":["post-81","page","type-page","status-publish","hentry"],"yoast_head":"<!-- This site is optimized with the Yoast SEO plugin v27.2 - https:\/\/yoast.com\/product\/yoast-seo-wordpress\/ -->\n<title>CMMI - Institut \/ Sant\u00e9<\/title>\n<meta name=\"robots\" content=\"index, follow, max-snippet:-1, max-image-preview:large, max-video-preview:-1\" \/>\n<link rel=\"canonical\" href=\"https:\/\/web.umons.ac.be\/sante\/fr\/plateformes\/cmmi\/\" \/>\n<meta property=\"og:locale\" content=\"fr_FR\" \/>\n<meta property=\"og:type\" content=\"article\" \/>\n<meta property=\"og:title\" content=\"CMMI - Institut \/ Sant\u00e9\" \/>\n<meta property=\"og:description\" content=\"Centre de Microscopie et\u00a0d\u2019Imagerie Mol\u00e9culaire &nbsp; Le Centre de Microscopie et d\u2019Imagerie Mol\u00e9culaire (en abr\u00e9g\u00e9\u00a0CMMI, pour \u00abCenter for Microscopy and Molecular Imaging\u00bb) est\u00a0un centre rattach\u00e9 \u00e0 l\u2019Institut Sant\u00e9 qui a vu le jour en 2011 gr\u00e2ce\u00a0au soutien financier de l\u2019Union europ\u00e9enne et de la R\u00e9gion\u00a0wallonne (fonds FEDER). T\u00e9l\u00e9chargez le flyer du CMMI (\u00e9dition 2026).. Le [&hellip;]\" \/>\n<meta property=\"og:url\" content=\"https:\/\/web.umons.ac.be\/sante\/fr\/plateformes\/cmmi\/\" \/>\n<meta property=\"og:site_name\" content=\"Institut \/ Sant\u00e9\" \/>\n<meta property=\"article:modified_time\" content=\"2026-01-26T13:17:13+00:00\" \/>\n<meta property=\"og:image\" content=\"https:\/\/web.umons.ac.be\/app\/uploads\/sites\/35\/2017\/11\/634308619706093750.jpg\" \/>\n\t<meta property=\"og:image:width\" content=\"768\" \/>\n\t<meta property=\"og:image:height\" content=\"323\" \/>\n\t<meta property=\"og:image:type\" content=\"image\/jpeg\" \/>\n<meta name=\"twitter:card\" content=\"summary_large_image\" \/>\n<meta name=\"twitter:label1\" content=\"Dur\u00e9e de lecture estim\u00e9e\" \/>\n\t<meta name=\"twitter:data1\" content=\"4 minutes\" \/>\n<script type=\"application\/ld+json\" class=\"yoast-schema-graph\">{\"@context\":\"https:\/\/schema.org\",\"@graph\":[{\"@type\":\"WebPage\",\"@id\":\"https:\/\/web.umons.ac.be\/sante\/fr\/plateformes\/cmmi\/\",\"url\":\"https:\/\/web.umons.ac.be\/sante\/fr\/plateformes\/cmmi\/\",\"name\":\"CMMI - Institut \/ Sant\u00e9\",\"isPartOf\":{\"@id\":\"https:\/\/web.umons.ac.be\/sante\/#website\"},\"primaryImageOfPage\":{\"@id\":\"https:\/\/web.umons.ac.be\/sante\/fr\/plateformes\/cmmi\/#primaryimage\"},\"image\":{\"@id\":\"https:\/\/web.umons.ac.be\/sante\/fr\/plateformes\/cmmi\/#primaryimage\"},\"thumbnailUrl\":\"https:\/\/web.umons.ac.be\/app\/uploads\/sites\/35\/2017\/11\/634308619706093750-300x126.jpg\",\"datePublished\":\"2017-07-20T15:45:47+00:00\",\"dateModified\":\"2026-01-26T13:17:13+00:00\",\"breadcrumb\":{\"@id\":\"https:\/\/web.umons.ac.be\/sante\/fr\/plateformes\/cmmi\/#breadcrumb\"},\"inLanguage\":\"fr-FR\",\"potentialAction\":[{\"@type\":\"ReadAction\",\"target\":[\"https:\/\/web.umons.ac.be\/sante\/fr\/plateformes\/cmmi\/\"]}]},{\"@type\":\"ImageObject\",\"inLanguage\":\"fr-FR\",\"@id\":\"https:\/\/web.umons.ac.be\/sante\/fr\/plateformes\/cmmi\/#primaryimage\",\"url\":\"https:\/\/web.umons.ac.be\/app\/uploads\/sites\/35\/2017\/11\/634308619706093750-300x126.jpg\",\"contentUrl\":\"https:\/\/web.umons.ac.be\/app\/uploads\/sites\/35\/2017\/11\/634308619706093750-300x126.jpg\"},{\"@type\":\"BreadcrumbList\",\"@id\":\"https:\/\/web.umons.ac.be\/sante\/fr\/plateformes\/cmmi\/#breadcrumb\",\"itemListElement\":[{\"@type\":\"ListItem\",\"position\":1,\"name\":\"Accueil\",\"item\":\"https:\/\/web.umons.ac.be\/sante\/fr\/\"},{\"@type\":\"ListItem\",\"position\":2,\"name\":\"Plateformes\",\"item\":\"https:\/\/web.umons.ac.be\/sante\/fr\/plateformes\/\"},{\"@type\":\"ListItem\",\"position\":3,\"name\":\"CMMI\"}]},{\"@type\":\"WebSite\",\"@id\":\"https:\/\/web.umons.ac.be\/sante\/#website\",\"url\":\"https:\/\/web.umons.ac.be\/sante\/\",\"name\":\"Institut \/ Sant\u00e9\",\"description\":\"Un site utilisant Universit\u00e9 de Mons \u2013 UMONS\",\"potentialAction\":[{\"@type\":\"SearchAction\",\"target\":{\"@type\":\"EntryPoint\",\"urlTemplate\":\"https:\/\/web.umons.ac.be\/sante\/?s={search_term_string}\"},\"query-input\":{\"@type\":\"PropertyValueSpecification\",\"valueRequired\":true,\"valueName\":\"search_term_string\"}}],\"inLanguage\":\"fr-FR\"}]}<\/script>\n<!-- \/ Yoast SEO plugin. -->","yoast_head_json":{"title":"CMMI - Institut \/ Sant\u00e9","robots":{"index":"index","follow":"follow","max-snippet":"max-snippet:-1","max-image-preview":"max-image-preview:large","max-video-preview":"max-video-preview:-1"},"canonical":"https:\/\/web.umons.ac.be\/sante\/fr\/plateformes\/cmmi\/","og_locale":"fr_FR","og_type":"article","og_title":"CMMI - Institut \/ Sant\u00e9","og_description":"Centre de Microscopie et\u00a0d\u2019Imagerie Mol\u00e9culaire &nbsp; Le Centre de Microscopie et d\u2019Imagerie Mol\u00e9culaire (en abr\u00e9g\u00e9\u00a0CMMI, pour \u00abCenter for Microscopy and Molecular Imaging\u00bb) est\u00a0un centre rattach\u00e9 \u00e0 l\u2019Institut Sant\u00e9 qui a vu le jour en 2011 gr\u00e2ce\u00a0au soutien financier de l\u2019Union europ\u00e9enne et de la R\u00e9gion\u00a0wallonne (fonds FEDER). T\u00e9l\u00e9chargez le flyer du CMMI (\u00e9dition 2026).. Le [&hellip;]","og_url":"https:\/\/web.umons.ac.be\/sante\/fr\/plateformes\/cmmi\/","og_site_name":"Institut \/ Sant\u00e9","article_modified_time":"2026-01-26T13:17:13+00:00","og_image":[{"width":768,"height":323,"url":"https:\/\/web.umons.ac.be\/app\/uploads\/sites\/35\/2017\/11\/634308619706093750.jpg","type":"image\/jpeg"}],"twitter_card":"summary_large_image","twitter_misc":{"Dur\u00e9e de lecture estim\u00e9e":"4 minutes"},"schema":{"@context":"https:\/\/schema.org","@graph":[{"@type":"WebPage","@id":"https:\/\/web.umons.ac.be\/sante\/fr\/plateformes\/cmmi\/","url":"https:\/\/web.umons.ac.be\/sante\/fr\/plateformes\/cmmi\/","name":"CMMI - Institut \/ Sant\u00e9","isPartOf":{"@id":"https:\/\/web.umons.ac.be\/sante\/#website"},"primaryImageOfPage":{"@id":"https:\/\/web.umons.ac.be\/sante\/fr\/plateformes\/cmmi\/#primaryimage"},"image":{"@id":"https:\/\/web.umons.ac.be\/sante\/fr\/plateformes\/cmmi\/#primaryimage"},"thumbnailUrl":"https:\/\/web.umons.ac.be\/app\/uploads\/sites\/35\/2017\/11\/634308619706093750-300x126.jpg","datePublished":"2017-07-20T15:45:47+00:00","dateModified":"2026-01-26T13:17:13+00:00","breadcrumb":{"@id":"https:\/\/web.umons.ac.be\/sante\/fr\/plateformes\/cmmi\/#breadcrumb"},"inLanguage":"fr-FR","potentialAction":[{"@type":"ReadAction","target":["https:\/\/web.umons.ac.be\/sante\/fr\/plateformes\/cmmi\/"]}]},{"@type":"ImageObject","inLanguage":"fr-FR","@id":"https:\/\/web.umons.ac.be\/sante\/fr\/plateformes\/cmmi\/#primaryimage","url":"https:\/\/web.umons.ac.be\/app\/uploads\/sites\/35\/2017\/11\/634308619706093750-300x126.jpg","contentUrl":"https:\/\/web.umons.ac.be\/app\/uploads\/sites\/35\/2017\/11\/634308619706093750-300x126.jpg"},{"@type":"BreadcrumbList","@id":"https:\/\/web.umons.ac.be\/sante\/fr\/plateformes\/cmmi\/#breadcrumb","itemListElement":[{"@type":"ListItem","position":1,"name":"Accueil","item":"https:\/\/web.umons.ac.be\/sante\/fr\/"},{"@type":"ListItem","position":2,"name":"Plateformes","item":"https:\/\/web.umons.ac.be\/sante\/fr\/plateformes\/"},{"@type":"ListItem","position":3,"name":"CMMI"}]},{"@type":"WebSite","@id":"https:\/\/web.umons.ac.be\/sante\/#website","url":"https:\/\/web.umons.ac.be\/sante\/","name":"Institut \/ Sant\u00e9","description":"Un site utilisant Universit\u00e9 de Mons \u2013 UMONS","potentialAction":[{"@type":"SearchAction","target":{"@type":"EntryPoint","urlTemplate":"https:\/\/web.umons.ac.be\/sante\/?s={search_term_string}"},"query-input":{"@type":"PropertyValueSpecification","valueRequired":true,"valueName":"search_term_string"}}],"inLanguage":"fr-FR"}]}},"lang":"fr","translations":{"fr":81,"en":257},"pll_sync_post":[],"_links":{"self":[{"href":"https:\/\/web.umons.ac.be\/sante\/wp-json\/wp\/v2\/pages\/81","targetHints":{"allow":["GET"]}}],"collection":[{"href":"https:\/\/web.umons.ac.be\/sante\/wp-json\/wp\/v2\/pages"}],"about":[{"href":"https:\/\/web.umons.ac.be\/sante\/wp-json\/wp\/v2\/types\/page"}],"author":[{"embeddable":true,"href":"https:\/\/web.umons.ac.be\/sante\/wp-json\/wp\/v2\/users\/2"}],"replies":[{"embeddable":true,"href":"https:\/\/web.umons.ac.be\/sante\/wp-json\/wp\/v2\/comments?post=81"}],"version-history":[{"count":4,"href":"https:\/\/web.umons.ac.be\/sante\/wp-json\/wp\/v2\/pages\/81\/revisions"}],"predecessor-version":[{"id":1201,"href":"https:\/\/web.umons.ac.be\/sante\/wp-json\/wp\/v2\/pages\/81\/revisions\/1201"}],"up":[{"embeddable":true,"href":"https:\/\/web.umons.ac.be\/sante\/wp-json\/wp\/v2\/pages\/633"}],"wp:attachment":[{"href":"https:\/\/web.umons.ac.be\/sante\/wp-json\/wp\/v2\/media?parent=81"}],"curies":[{"name":"wp","href":"https:\/\/api.w.org\/{rel}","templated":true}]}}