{"id":15,"date":"2021-11-04T15:57:40","date_gmt":"2021-11-04T14:57:40","guid":{"rendered":"https:\/\/web.umons.ac.be\/scmn\/activites-de-recherche\/"},"modified":"2026-03-12T11:37:39","modified_gmt":"2026-03-12T10:37:39","slug":"activites-de-recherche","status":"publish","type":"page","link":"https:\/\/web.umons.ac.be\/scmn\/activites-de-recherche\/","title":{"rendered":"Activit\u00e9s de recherche"},"content":{"rendered":"<p>Les activit\u00e9s de recherche du Service de Chimie des Mat\u00e9riaux Nouveaux reposent sur une approche conjointe th\u00e9orique et exp\u00e9rimentale, au coeur de laquelle:<\/p>\n<ul>\n<li>La mod\u00e9lisation multi\u00e9chelle des mat\u00e9riaux et des processus opto-\u00e9lectroniques (voir\u00a0<a href=\"http:\/\/cmn.umons.ac.be\/hybrid-materials\/\"> http:\/\/cmn.umons.ac.be\/hybrid-materials\/<\/a>)<\/li>\n<li>La mod\u00e9lisation et la caract\u00e9risation d\u2019assemblages supramol\u00e9culaires bio-inspir\u00e9s (voir <a href=\"http:\/\/cmn.umons.ac.be\/biomaterials\/\">http:\/\/cmn.umons.ac.be\/biomaterials\/<\/a>)<\/li>\n<li>La caract\u00e9risation et la mod\u00e9lisation de l\u2019organisation supramol\u00e9culaire aux surfaces et interfaces (voir <a href=\"http:\/\/cmn.umons.ac.be\/self-assembled-materials\/\">http:\/\/cmn.umons.ac.be\/self-assembled-materials\/<\/a>)<\/li>\n<li>La fabrication de dispositifs \u00e9lectroniques organiques (voir<a href=\"http:\/\/cmn.umons.ac.be\/interfaces\/\"> http:\/\/cmn.umons.ac.be\/interfaces\/<\/a>)<\/li>\n<\/ul>\n<p>sont r\u00e9alis\u00e9es \u00e0 Mons, en collaboration \u00e9troite avec des laboratoires de chimie de synth\u00e8se organique\/polym\u00e8re, des laboratoires de chimie th\u00e9orique, de spectroscopie et de science des mat\u00e9riaux situ\u00e9s en Belgique, en Europe, aux Etats-Unis et en Asie. Parmi ces collaborations, des interactions particuli\u00e8rement intenses se sont d\u00e9velopp\u00e9es avec le groupe de Jean-Luc Br\u00e9das \u00e0 l\u2019Universit\u00e9 d\u2019Arizona (voir <a href=\"https:\/\/bredators.arizona.edu\/\">https:\/\/bredators.arizona.edu\/<\/a>).<\/p>\n<p>Au sein de l\u2019Universit\u00e9 de Mons, le laboratoire est parmi les membres fondateurs du Centre d\u2019Innovation et de Recherche en Mat\u00e9riaux Polym\u00e8res (CIRMAP) et de l\u2019Institut de Recherche en Science et Ing\u00e9nierie des Mat\u00e9riaux (voir <a href=\"https:\/\/web.umons.ac.be\/materiaux\/fr\/\">https:\/\/web.umons.ac.be\/materiaux\/fr\/<\/a>). Les activit\u00e9s du CIRMAP, qui rassemble environ 160 chercheurs, couvrent la mod\u00e9lisation, la synth\u00e8se contr\u00f4l\u00e9e, la caract\u00e9risation structurale, morphologique et physico-chimique, la structuration de films minces et les technologies de mise en oeuvre des mat\u00e9riaux organiques et polym\u00e8res.<\/p>\n<p>Le laboratoire est \u00e9galement membre fondateur de Materia Nova, en tant qu\u2019UMONS Innovation Center (voir<a href=\"https:\/\/www.materianova.be\/fr\/\"> https:\/\/www.materianova.be\/fr\/<\/a>). Fort d\u2019environ 80 chercheurs, le Centre Materia Nova a pour vocation d\u2019\u00e9tendre les recherches men\u00e9es au sein de l\u2019UMONS vers des technologies et applications industrielles, ce qui passe par un r\u00e9seau dense d\u2019interactions avec des entreprises \u00e0 l\u2019\u00e9chelle r\u00e9gionale et internationale dans les domaines de la chimie, des mat\u00e9riaux, de l\u2019\u00e9nergie et de la sant\u00e9.<\/p>\n<hr \/>\n<p>Notre service est, par ailleurs rattach\u00e9 \u00e0 un institut de recherche de l\u2019UMONS :<\/p>\n<start-cask-shortcode-wrapper>\t\t<div class=\"associated-institutes content-block scheme-fs\">\n\t\t\t<ul class=\"institutes-list\">\n\t\t\t\t\t\t\t\t\t\t<li>\n\t\t\t\t\t\t\t<a href=\"https:\/\/web.umons.ac.be\/complexys\" title=\"Acc\u00e9der au site web de : Institut \/ Complexys\" class=\"associated-institute\">\n\t\t\t\t\t\t\t\t<img loading=\"lazy\" decoding=\"async\" width=\"1\" height=\"1\" src=\"https:\/\/web.umons.ac.be\/app\/uploads\/sites\/31\/2017\/11\/complexys_logo_fr.svg\" class=\"attachment-thumbnail size-thumbnail\" alt=\"\" \/>\t\t\t\t\t\t\t<\/a>\t\t\t\n\t\t\t\t\t\t<\/li>\n\t\t\t\t\t\t\t\t\t\t<li>\n\t\t\t\t\t\t\t<a href=\"https:\/\/web.umons.ac.be\/materiaux\" title=\"Acc\u00e9der au site web de : Institut \/ Mat\u00e9riaux\" class=\"associated-institute\">\n\t\t\t\t\t\t\t\t<img loading=\"lazy\" decoding=\"async\" width=\"1\" height=\"1\" src=\"https:\/\/web.umons.ac.be\/app\/uploads\/sites\/38\/2017\/12\/materiaux_logo_fr.svg\" class=\"attachment-thumbnail size-thumbnail\" alt=\"\" \/>\t\t\t\t\t\t\t<\/a>\t\t\t\n\t\t\t\t\t\t<\/li>\n\t\t\t\t\t\t\t<\/ul>\n\t\t<\/div>\n <end-cask-shortcode-wrapper>\n","protected":false},"excerpt":{"rendered":"<p>Les activit\u00e9s de recherche du Service de Chimie des Mat\u00e9riaux Nouveaux reposent sur une approche conjointe th\u00e9orique et exp\u00e9rimentale, au coeur de laquelle: La mod\u00e9lisation multi\u00e9chelle des mat\u00e9riaux et des processus opto-\u00e9lectroniques (voir\u00a0 http:\/\/cmn.umons.ac.be\/hybrid-materials\/) La mod\u00e9lisation et la caract\u00e9risation d\u2019assemblages supramol\u00e9culaires bio-inspir\u00e9s (voir http:\/\/cmn.umons.ac.be\/biomaterials\/) La caract\u00e9risation et la mod\u00e9lisation de l\u2019organisation supramol\u00e9culaire aux surfaces et [&hellip;]<\/p>\n","protected":false},"author":4,"featured_media":0,"parent":0,"menu_order":0,"comment_status":"closed","ping_status":"closed","template":"","meta":{"footnotes":""},"class_list":["post-15","page","type-page","status-publish","hentry"],"yoast_head":"<!-- This site is optimized with the Yoast SEO plugin v27.2 - https:\/\/yoast.com\/product\/yoast-seo-wordpress\/ -->\n<title>Activit\u00e9s de recherche - Service \/ FS - Chimie des Mat\u00e9riaux Nouveaux<\/title>\n<meta name=\"robots\" content=\"index, follow, max-snippet:-1, max-image-preview:large, max-video-preview:-1\" \/>\n<link rel=\"canonical\" href=\"https:\/\/web.umons.ac.be\/scmn\/activites-de-recherche\/\" \/>\n<meta property=\"og:locale\" content=\"fr_FR\" \/>\n<meta property=\"og:type\" content=\"article\" \/>\n<meta property=\"og:title\" content=\"Activit\u00e9s de recherche - Service \/ FS - Chimie des Mat\u00e9riaux Nouveaux\" \/>\n<meta property=\"og:description\" content=\"Les activit\u00e9s de recherche du Service de Chimie des Mat\u00e9riaux Nouveaux reposent sur une approche conjointe th\u00e9orique et exp\u00e9rimentale, au coeur de laquelle: La mod\u00e9lisation multi\u00e9chelle des mat\u00e9riaux et des processus opto-\u00e9lectroniques (voir\u00a0 http:\/\/cmn.umons.ac.be\/hybrid-materials\/) La mod\u00e9lisation et la caract\u00e9risation d\u2019assemblages supramol\u00e9culaires bio-inspir\u00e9s (voir http:\/\/cmn.umons.ac.be\/biomaterials\/) La caract\u00e9risation et la mod\u00e9lisation de l\u2019organisation supramol\u00e9culaire aux surfaces et [&hellip;]\" \/>\n<meta property=\"og:url\" content=\"https:\/\/web.umons.ac.be\/scmn\/activites-de-recherche\/\" \/>\n<meta property=\"og:site_name\" content=\"Service \/ FS - Chimie des Mat\u00e9riaux Nouveaux\" \/>\n<meta property=\"article:modified_time\" content=\"2026-03-12T10:37:39+00:00\" \/>\n<meta name=\"twitter:card\" content=\"summary_large_image\" \/>\n<meta name=\"twitter:label1\" content=\"Dur\u00e9e de lecture estim\u00e9e\" \/>\n\t<meta name=\"twitter:data1\" content=\"2 minutes\" \/>\n<script type=\"application\/ld+json\" class=\"yoast-schema-graph\">{\"@context\":\"https:\/\/schema.org\",\"@graph\":[{\"@type\":\"WebPage\",\"@id\":\"https:\/\/web.umons.ac.be\/scmn\/activites-de-recherche\/\",\"url\":\"https:\/\/web.umons.ac.be\/scmn\/activites-de-recherche\/\",\"name\":\"Activit\u00e9s de recherche - Service \/ FS - Chimie des Mat\u00e9riaux Nouveaux\",\"isPartOf\":{\"@id\":\"https:\/\/web.umons.ac.be\/scmn\/#website\"},\"datePublished\":\"2021-11-04T14:57:40+00:00\",\"dateModified\":\"2026-03-12T10:37:39+00:00\",\"breadcrumb\":{\"@id\":\"https:\/\/web.umons.ac.be\/scmn\/activites-de-recherche\/#breadcrumb\"},\"inLanguage\":\"fr-FR\",\"potentialAction\":[{\"@type\":\"ReadAction\",\"target\":[\"https:\/\/web.umons.ac.be\/scmn\/activites-de-recherche\/\"]}]},{\"@type\":\"BreadcrumbList\",\"@id\":\"https:\/\/web.umons.ac.be\/scmn\/activites-de-recherche\/#breadcrumb\",\"itemListElement\":[{\"@type\":\"ListItem\",\"position\":1,\"name\":\"Home\",\"item\":\"https:\/\/web.umons.ac.be\/scmn\/\"},{\"@type\":\"ListItem\",\"position\":2,\"name\":\"Activit\u00e9s de recherche\"}]},{\"@type\":\"WebSite\",\"@id\":\"https:\/\/web.umons.ac.be\/scmn\/#website\",\"url\":\"https:\/\/web.umons.ac.be\/scmn\/\",\"name\":\"Service \/ FS - Chimie des Mat\u00e9riaux Nouveaux\",\"description\":\"\",\"potentialAction\":[{\"@type\":\"SearchAction\",\"target\":{\"@type\":\"EntryPoint\",\"urlTemplate\":\"https:\/\/web.umons.ac.be\/scmn\/?s={search_term_string}\"},\"query-input\":{\"@type\":\"PropertyValueSpecification\",\"valueRequired\":true,\"valueName\":\"search_term_string\"}}],\"inLanguage\":\"fr-FR\"}]}<\/script>\n<!-- \/ Yoast SEO plugin. -->","yoast_head_json":{"title":"Activit\u00e9s de recherche - Service \/ FS - Chimie des Mat\u00e9riaux Nouveaux","robots":{"index":"index","follow":"follow","max-snippet":"max-snippet:-1","max-image-preview":"max-image-preview:large","max-video-preview":"max-video-preview:-1"},"canonical":"https:\/\/web.umons.ac.be\/scmn\/activites-de-recherche\/","og_locale":"fr_FR","og_type":"article","og_title":"Activit\u00e9s de recherche - Service \/ FS - Chimie des Mat\u00e9riaux Nouveaux","og_description":"Les activit\u00e9s de recherche du Service de Chimie des Mat\u00e9riaux Nouveaux reposent sur une approche conjointe th\u00e9orique et exp\u00e9rimentale, au coeur de laquelle: La mod\u00e9lisation multi\u00e9chelle des mat\u00e9riaux et des processus opto-\u00e9lectroniques (voir\u00a0 http:\/\/cmn.umons.ac.be\/hybrid-materials\/) La mod\u00e9lisation et la caract\u00e9risation d\u2019assemblages supramol\u00e9culaires bio-inspir\u00e9s (voir http:\/\/cmn.umons.ac.be\/biomaterials\/) La caract\u00e9risation et la mod\u00e9lisation de l\u2019organisation supramol\u00e9culaire aux surfaces et [&hellip;]","og_url":"https:\/\/web.umons.ac.be\/scmn\/activites-de-recherche\/","og_site_name":"Service \/ FS - Chimie des Mat\u00e9riaux Nouveaux","article_modified_time":"2026-03-12T10:37:39+00:00","twitter_card":"summary_large_image","twitter_misc":{"Dur\u00e9e de lecture estim\u00e9e":"2 minutes"},"schema":{"@context":"https:\/\/schema.org","@graph":[{"@type":"WebPage","@id":"https:\/\/web.umons.ac.be\/scmn\/activites-de-recherche\/","url":"https:\/\/web.umons.ac.be\/scmn\/activites-de-recherche\/","name":"Activit\u00e9s de recherche - Service \/ FS - Chimie des Mat\u00e9riaux Nouveaux","isPartOf":{"@id":"https:\/\/web.umons.ac.be\/scmn\/#website"},"datePublished":"2021-11-04T14:57:40+00:00","dateModified":"2026-03-12T10:37:39+00:00","breadcrumb":{"@id":"https:\/\/web.umons.ac.be\/scmn\/activites-de-recherche\/#breadcrumb"},"inLanguage":"fr-FR","potentialAction":[{"@type":"ReadAction","target":["https:\/\/web.umons.ac.be\/scmn\/activites-de-recherche\/"]}]},{"@type":"BreadcrumbList","@id":"https:\/\/web.umons.ac.be\/scmn\/activites-de-recherche\/#breadcrumb","itemListElement":[{"@type":"ListItem","position":1,"name":"Home","item":"https:\/\/web.umons.ac.be\/scmn\/"},{"@type":"ListItem","position":2,"name":"Activit\u00e9s de recherche"}]},{"@type":"WebSite","@id":"https:\/\/web.umons.ac.be\/scmn\/#website","url":"https:\/\/web.umons.ac.be\/scmn\/","name":"Service \/ FS - Chimie des Mat\u00e9riaux Nouveaux","description":"","potentialAction":[{"@type":"SearchAction","target":{"@type":"EntryPoint","urlTemplate":"https:\/\/web.umons.ac.be\/scmn\/?s={search_term_string}"},"query-input":{"@type":"PropertyValueSpecification","valueRequired":true,"valueName":"search_term_string"}}],"inLanguage":"fr-FR"}]}},"lang":"fr","translations":{"fr":15,"en":17},"pll_sync_post":[],"_links":{"self":[{"href":"https:\/\/web.umons.ac.be\/scmn\/wp-json\/wp\/v2\/pages\/15","targetHints":{"allow":["GET"]}}],"collection":[{"href":"https:\/\/web.umons.ac.be\/scmn\/wp-json\/wp\/v2\/pages"}],"about":[{"href":"https:\/\/web.umons.ac.be\/scmn\/wp-json\/wp\/v2\/types\/page"}],"author":[{"embeddable":true,"href":"https:\/\/web.umons.ac.be\/scmn\/wp-json\/wp\/v2\/users\/4"}],"replies":[{"embeddable":true,"href":"https:\/\/web.umons.ac.be\/scmn\/wp-json\/wp\/v2\/comments?post=15"}],"version-history":[{"count":3,"href":"https:\/\/web.umons.ac.be\/scmn\/wp-json\/wp\/v2\/pages\/15\/revisions"}],"predecessor-version":[{"id":70,"href":"https:\/\/web.umons.ac.be\/scmn\/wp-json\/wp\/v2\/pages\/15\/revisions\/70"}],"wp:attachment":[{"href":"https:\/\/web.umons.ac.be\/scmn\/wp-json\/wp\/v2\/media?parent=15"}],"curies":[{"name":"wp","href":"https:\/\/api.w.org\/{rel}","templated":true}]}}