{"id":351,"date":"2022-06-22T12:11:05","date_gmt":"2022-06-22T10:11:05","guid":{"rendered":"https:\/\/web.umons.ac.be\/sdht\/?page_id=351"},"modified":"2022-08-29T17:23:56","modified_gmt":"2022-08-29T15:23:56","slug":"diversite-liee-au-handicap","status":"publish","type":"page","link":"https:\/\/web.umons.ac.be\/sdht\/memoires-2\/memoires-defendus\/diversite-liee-au-handicap\/","title":{"rendered":"Diversit\u00e9 li\u00e9e au handicap"},"content":{"rendered":"<ul>\n<li>Devos St\u00e9phanie, <em>Contribution \u00e0 l&rsquo;\u00e9tude de l&rsquo;appropriation de la lecture par des enfants \u00e0 audition d\u00e9ficiente<\/em>, M\u00e9moire de licence, Facult\u00e9 de psychologie et des sciences de l&rsquo;\u00e9ducation, 1998.<\/li>\n<li>Lumia Ga\u00ebtan, <em>D\u00e9veloppement en contexte multilingue : facteurs de motivations et de d\u00e9motivations des parents \u00ab\u00a0entendants\u00a0\u00bb amen\u00e9s \u00e0 acqu\u00e9rir la langue des signes<\/em>, M\u00e9moire de licence, Facult\u00e9 de psychologie et des sciences de l&rsquo;\u00e9ducation, 2004.<\/li>\n<li>Boudart Steve,<em> Etudiants \u00e0 particularit\u00e9s visuelles et \u00e9tudes universitaires. Contribution \u00e0 l&rsquo;analyse des facteurs de r\u00e9ussite<\/em>, M\u00e9moire de licence, Facult\u00e9 de psychologie et des sciences de l&rsquo;\u00e9ducation, 2006.<\/li>\n<li>Robert No\u00e9mie,<em> Etudiants \u00e0 particularit\u00e9s auditives et \u00e9tudes sup\u00e9rieures. Contribution \u00e0 l&rsquo;analyse des facteurs de r\u00e9ussite,<\/em> Facult\u00e9 de psychologie et des sciences de l&rsquo;\u00e9ducation, 2006.<\/li>\n<li>Mairesse P\u00e9tronille, <em>Le scoutisme comme soci\u00e9t\u00e9 inclusive? Le comportement des animateurs face \u00e0 des demandes de parents d&rsquo;enfants diff\u00e9rents<\/em>, Travail de fin d\u2019\u00e9tudes de master, Facult\u00e9 de psychologie et des sciences de l&rsquo;\u00e9ducation, 2012.<\/li>\n<li>R\u00e9gnier Maud,<em> La d\u00e9marche inclusive au sein de deux cr\u00e8ches communales dont l&rsquo;op\u00e9rateur est le CPAS de Mons : v\u00e9cu des acteurs de l&rsquo;accueil de b\u00e9b\u00e9s \u00e0 besoins sp\u00e9cifiques<\/em>, M\u00e9moire de master, Facult\u00e9 de psychologie et des sciences de l&rsquo;\u00e9ducation, 2018.<\/li>\n<li>Leroy Elise, <em>Les avantages li\u00e9s \u00e0 l&rsquo;utilisation d&rsquo;un chien d&rsquo;assistance pour les personnes malvoyantes ou atteintes de c\u00e9cit\u00e9<\/em>, M\u00e9moire de master, Facult\u00e9 de psychologie et des sciences de l&rsquo;\u00e9ducation, 2019.<\/li>\n<li>Coulon Sixtine, <em>Effets et enjeux de la pr\u00e9sence d&rsquo;un chien sur la gestion d&rsquo;une classe d&rsquo;adolescents de l&rsquo;enseignement sp\u00e9cialis\u00e9 de type 2 et de forme 2<\/em>, M\u00e9moire de master, Facult\u00e9 de psychologie et des sciences de l&rsquo;\u00e9ducation, 2020.<\/li>\n<li>Brieven Isabelle, <i>Enseigner la danse inclusive Comment favoriser la rencontre artistique entre danseurs valides et danseurs en situation de handicap? <\/i>M\u00e9moire de master, Facult\u00e9 de psychologie et des sciences de l&rsquo;\u00e9ducation, 2022.<\/li>\n<li>Fagel Thomas, <em>Enseigner l&rsquo;\u00e9ducation physique \u00e0 des \u00e9l\u00e8ves issus de l&rsquo;enseignement sp\u00e9cialis\u00e9 de forme I: mise au point sur la formation initiale et les pratiques d&rsquo;enseignement<\/em>, M\u00e9moire de master, Facult\u00e9 de psychologie et des sciences de l&rsquo;\u00e9ducation, 2022.<\/li>\n<\/ul>\n","protected":false},"excerpt":{"rendered":"<p>Devos St\u00e9phanie, Contribution \u00e0 l&rsquo;\u00e9tude de l&rsquo;appropriation de la lecture par des enfants \u00e0 audition d\u00e9ficiente, M\u00e9moire de licence, Facult\u00e9 de psychologie et des sciences de l&rsquo;\u00e9ducation, 1998. Lumia Ga\u00ebtan, D\u00e9veloppement en contexte multilingue : facteurs de motivations et de d\u00e9motivations des parents \u00ab\u00a0entendants\u00a0\u00bb amen\u00e9s \u00e0 acqu\u00e9rir la langue des signes, M\u00e9moire de licence, Facult\u00e9 [&hellip;]<\/p>\n","protected":false},"author":118,"featured_media":0,"parent":123,"menu_order":0,"comment_status":"closed","ping_status":"closed","template":"","meta":{"footnotes":""},"class_list":["post-351","page","type-page","status-publish","hentry"],"yoast_head":"<!-- This site is optimized with the Yoast SEO plugin v27.2 - https:\/\/yoast.com\/product\/yoast-seo-wordpress\/ -->\n<title>Diversit\u00e9 li\u00e9e au handicap - Service \/ FPSE - D\u00e9veloppement humain et traitement des donn\u00e9es<\/title>\n<meta name=\"robots\" content=\"index, follow, max-snippet:-1, max-image-preview:large, max-video-preview:-1\" \/>\n<link rel=\"canonical\" href=\"https:\/\/web.umons.ac.be\/sdht\/memoires-2\/memoires-defendus\/diversite-liee-au-handicap\/\" \/>\n<meta property=\"og:locale\" content=\"fr_FR\" \/>\n<meta property=\"og:type\" content=\"article\" \/>\n<meta property=\"og:title\" content=\"Diversit\u00e9 li\u00e9e au handicap - Service \/ FPSE - D\u00e9veloppement humain et traitement des donn\u00e9es\" \/>\n<meta property=\"og:description\" content=\"Devos St\u00e9phanie, Contribution \u00e0 l&rsquo;\u00e9tude de l&rsquo;appropriation de la lecture par des enfants \u00e0 audition d\u00e9ficiente, M\u00e9moire de licence, Facult\u00e9 de psychologie et des sciences de l&rsquo;\u00e9ducation, 1998. Lumia Ga\u00ebtan, D\u00e9veloppement en contexte multilingue : facteurs de motivations et de d\u00e9motivations des parents \u00ab\u00a0entendants\u00a0\u00bb amen\u00e9s \u00e0 acqu\u00e9rir la langue des signes, M\u00e9moire de licence, Facult\u00e9 [&hellip;]\" \/>\n<meta property=\"og:url\" content=\"https:\/\/web.umons.ac.be\/sdht\/memoires-2\/memoires-defendus\/diversite-liee-au-handicap\/\" \/>\n<meta property=\"og:site_name\" content=\"Service \/ FPSE - D\u00e9veloppement humain et traitement des donn\u00e9es\" \/>\n<meta property=\"article:modified_time\" content=\"2022-08-29T15:23:56+00:00\" \/>\n<meta name=\"twitter:card\" content=\"summary_large_image\" \/>\n<meta name=\"twitter:label1\" content=\"Dur\u00e9e de lecture estim\u00e9e\" \/>\n\t<meta name=\"twitter:data1\" content=\"2 minutes\" \/>\n<script type=\"application\/ld+json\" class=\"yoast-schema-graph\">{\"@context\":\"https:\/\/schema.org\",\"@graph\":[{\"@type\":\"WebPage\",\"@id\":\"https:\/\/web.umons.ac.be\/sdht\/memoires-2\/memoires-defendus\/diversite-liee-au-handicap\/\",\"url\":\"https:\/\/web.umons.ac.be\/sdht\/memoires-2\/memoires-defendus\/diversite-liee-au-handicap\/\",\"name\":\"Diversit\u00e9 li\u00e9e au handicap - Service \/ FPSE - D\u00e9veloppement humain et traitement des donn\u00e9es\",\"isPartOf\":{\"@id\":\"https:\/\/web.umons.ac.be\/sdht\/#website\"},\"datePublished\":\"2022-06-22T10:11:05+00:00\",\"dateModified\":\"2022-08-29T15:23:56+00:00\",\"breadcrumb\":{\"@id\":\"https:\/\/web.umons.ac.be\/sdht\/memoires-2\/memoires-defendus\/diversite-liee-au-handicap\/#breadcrumb\"},\"inLanguage\":\"fr-FR\",\"potentialAction\":[{\"@type\":\"ReadAction\",\"target\":[\"https:\/\/web.umons.ac.be\/sdht\/memoires-2\/memoires-defendus\/diversite-liee-au-handicap\/\"]}]},{\"@type\":\"BreadcrumbList\",\"@id\":\"https:\/\/web.umons.ac.be\/sdht\/memoires-2\/memoires-defendus\/diversite-liee-au-handicap\/#breadcrumb\",\"itemListElement\":[{\"@type\":\"ListItem\",\"position\":1,\"name\":\"Home\",\"item\":\"https:\/\/web.umons.ac.be\/sdht\/\"},{\"@type\":\"ListItem\",\"position\":2,\"name\":\"M\u00e9moires\",\"item\":\"https:\/\/web.umons.ac.be\/sdht\/memoires-2\/\"},{\"@type\":\"ListItem\",\"position\":3,\"name\":\"M\u00e9moires d\u00e9fendus\",\"item\":\"https:\/\/web.umons.ac.be\/sdht\/memoires-2\/memoires-defendus\/\"},{\"@type\":\"ListItem\",\"position\":4,\"name\":\"Diversit\u00e9 li\u00e9e au handicap\"}]},{\"@type\":\"WebSite\",\"@id\":\"https:\/\/web.umons.ac.be\/sdht\/#website\",\"url\":\"https:\/\/web.umons.ac.be\/sdht\/\",\"name\":\"Service \/ FPSE - D\u00e9veloppement humain et traitement des donn\u00e9es\",\"description\":\"\",\"potentialAction\":[{\"@type\":\"SearchAction\",\"target\":{\"@type\":\"EntryPoint\",\"urlTemplate\":\"https:\/\/web.umons.ac.be\/sdht\/?s={search_term_string}\"},\"query-input\":{\"@type\":\"PropertyValueSpecification\",\"valueRequired\":true,\"valueName\":\"search_term_string\"}}],\"inLanguage\":\"fr-FR\"}]}<\/script>\n<!-- \/ Yoast SEO plugin. -->","yoast_head_json":{"title":"Diversit\u00e9 li\u00e9e au handicap - Service \/ FPSE - D\u00e9veloppement humain et traitement des donn\u00e9es","robots":{"index":"index","follow":"follow","max-snippet":"max-snippet:-1","max-image-preview":"max-image-preview:large","max-video-preview":"max-video-preview:-1"},"canonical":"https:\/\/web.umons.ac.be\/sdht\/memoires-2\/memoires-defendus\/diversite-liee-au-handicap\/","og_locale":"fr_FR","og_type":"article","og_title":"Diversit\u00e9 li\u00e9e au handicap - Service \/ FPSE - D\u00e9veloppement humain et traitement des donn\u00e9es","og_description":"Devos St\u00e9phanie, Contribution \u00e0 l&rsquo;\u00e9tude de l&rsquo;appropriation de la lecture par des enfants \u00e0 audition d\u00e9ficiente, M\u00e9moire de licence, Facult\u00e9 de psychologie et des sciences de l&rsquo;\u00e9ducation, 1998. Lumia Ga\u00ebtan, D\u00e9veloppement en contexte multilingue : facteurs de motivations et de d\u00e9motivations des parents \u00ab\u00a0entendants\u00a0\u00bb amen\u00e9s \u00e0 acqu\u00e9rir la langue des signes, M\u00e9moire de licence, Facult\u00e9 [&hellip;]","og_url":"https:\/\/web.umons.ac.be\/sdht\/memoires-2\/memoires-defendus\/diversite-liee-au-handicap\/","og_site_name":"Service \/ FPSE - D\u00e9veloppement humain et traitement des donn\u00e9es","article_modified_time":"2022-08-29T15:23:56+00:00","twitter_card":"summary_large_image","twitter_misc":{"Dur\u00e9e de lecture estim\u00e9e":"2 minutes"},"schema":{"@context":"https:\/\/schema.org","@graph":[{"@type":"WebPage","@id":"https:\/\/web.umons.ac.be\/sdht\/memoires-2\/memoires-defendus\/diversite-liee-au-handicap\/","url":"https:\/\/web.umons.ac.be\/sdht\/memoires-2\/memoires-defendus\/diversite-liee-au-handicap\/","name":"Diversit\u00e9 li\u00e9e au handicap - Service \/ FPSE - D\u00e9veloppement humain et traitement des donn\u00e9es","isPartOf":{"@id":"https:\/\/web.umons.ac.be\/sdht\/#website"},"datePublished":"2022-06-22T10:11:05+00:00","dateModified":"2022-08-29T15:23:56+00:00","breadcrumb":{"@id":"https:\/\/web.umons.ac.be\/sdht\/memoires-2\/memoires-defendus\/diversite-liee-au-handicap\/#breadcrumb"},"inLanguage":"fr-FR","potentialAction":[{"@type":"ReadAction","target":["https:\/\/web.umons.ac.be\/sdht\/memoires-2\/memoires-defendus\/diversite-liee-au-handicap\/"]}]},{"@type":"BreadcrumbList","@id":"https:\/\/web.umons.ac.be\/sdht\/memoires-2\/memoires-defendus\/diversite-liee-au-handicap\/#breadcrumb","itemListElement":[{"@type":"ListItem","position":1,"name":"Home","item":"https:\/\/web.umons.ac.be\/sdht\/"},{"@type":"ListItem","position":2,"name":"M\u00e9moires","item":"https:\/\/web.umons.ac.be\/sdht\/memoires-2\/"},{"@type":"ListItem","position":3,"name":"M\u00e9moires d\u00e9fendus","item":"https:\/\/web.umons.ac.be\/sdht\/memoires-2\/memoires-defendus\/"},{"@type":"ListItem","position":4,"name":"Diversit\u00e9 li\u00e9e au handicap"}]},{"@type":"WebSite","@id":"https:\/\/web.umons.ac.be\/sdht\/#website","url":"https:\/\/web.umons.ac.be\/sdht\/","name":"Service \/ FPSE - D\u00e9veloppement humain et traitement des donn\u00e9es","description":"","potentialAction":[{"@type":"SearchAction","target":{"@type":"EntryPoint","urlTemplate":"https:\/\/web.umons.ac.be\/sdht\/?s={search_term_string}"},"query-input":{"@type":"PropertyValueSpecification","valueRequired":true,"valueName":"search_term_string"}}],"inLanguage":"fr-FR"}]}},"lang":"fr","translations":{"fr":351},"pll_sync_post":[],"_links":{"self":[{"href":"https:\/\/web.umons.ac.be\/sdht\/wp-json\/wp\/v2\/pages\/351","targetHints":{"allow":["GET"]}}],"collection":[{"href":"https:\/\/web.umons.ac.be\/sdht\/wp-json\/wp\/v2\/pages"}],"about":[{"href":"https:\/\/web.umons.ac.be\/sdht\/wp-json\/wp\/v2\/types\/page"}],"author":[{"embeddable":true,"href":"https:\/\/web.umons.ac.be\/sdht\/wp-json\/wp\/v2\/users\/118"}],"replies":[{"embeddable":true,"href":"https:\/\/web.umons.ac.be\/sdht\/wp-json\/wp\/v2\/comments?post=351"}],"version-history":[{"count":3,"href":"https:\/\/web.umons.ac.be\/sdht\/wp-json\/wp\/v2\/pages\/351\/revisions"}],"predecessor-version":[{"id":521,"href":"https:\/\/web.umons.ac.be\/sdht\/wp-json\/wp\/v2\/pages\/351\/revisions\/521"}],"up":[{"embeddable":true,"href":"https:\/\/web.umons.ac.be\/sdht\/wp-json\/wp\/v2\/pages\/123"}],"wp:attachment":[{"href":"https:\/\/web.umons.ac.be\/sdht\/wp-json\/wp\/v2\/media?parent=351"}],"curies":[{"name":"wp","href":"https:\/\/api.w.org\/{rel}","templated":true}]}}