{"id":360,"date":"2022-06-22T12:17:02","date_gmt":"2022-06-22T10:17:02","guid":{"rendered":"https:\/\/web.umons.ac.be\/sdht\/?page_id=360"},"modified":"2025-07-02T09:02:34","modified_gmt":"2025-07-02T07:02:34","slug":"education-au-travail-de-memoire","status":"publish","type":"page","link":"https:\/\/web.umons.ac.be\/sdht\/memoires-2\/memoires-defendus\/education-au-travail-de-memoire\/","title":{"rendered":"Education \u00e0 la paix et au travail de m\u00e9moire"},"content":{"rendered":"<ul>\n<li>Denis Oph\u00e9lie, <em>Reconstruction post-conflit et \u00e9ducation \u00e0 la paix. Contribution au travail d&rsquo;accueil de migrants r\u00e9cents originaires de pays des Grands lacs,<\/em> M\u00e9moire de licence, Facult\u00e9 de psychologie et des sciences de l&rsquo;\u00e9ducation, 2006.<\/li>\n<li>Baltramonaitis C\u00e9line, <em>Evaluation d&rsquo;un outil d&rsquo;\u00e9ducation \u00e0 la paix au Rwanda<\/em>, M\u00e9moire de licence, Facult\u00e9 de psychologie et des sciences de l&rsquo;\u00e9ducation, 2008.<\/li>\n<li>Demoustiez Marijke, <em>Visite des lieux de m\u00e9moire: entre \u00e9motions et acquisitions de connaissances. Le cas du Fort National de Breendonk<\/em>, M\u00e9moire de master, Facult\u00e9 de psychologie et des sciences de l&rsquo;\u00e9ducation, 2020.<\/li>\n<li>Nyiratuza Marie, <em>Les visites p\u00e9dagogiques et \u00e9ducatives des lieux de m\u00e9moire contribuent- elles au d\u00e9veloppement du \u00ab devoir de m\u00e9moire \u00bb chez les \u00e9l\u00e8ves ? Le cas du Bastogne War Museum<\/em>, M\u00e9moire de master, Facult\u00e9 de psychologie et des sciences de l&rsquo;\u00e9ducation, 2020.<\/li>\n<li>Eppe Oc\u00e9ane, <em>Comment les instituteurs primaires int\u00e8grent-ils une visite scolaire au Mons Memorial Museum au sein de leur travail p\u00e9dagogique ?<\/em>, M\u00e9moire de master, Facult\u00e9 de psychologie et des sciences de l&rsquo;\u00e9ducation, 2023.<\/li>\n<li>Lambert Anne, <em>Formation des enseignants et travail de m\u00e9moire envers la Shoah : participation des enseignants de la F\u00e9d\u00e9ration Wallonie-Bruxelles aux voyages d\u2019\u00e9tudes en Pologne organis\u00e9s par l\u2019ASBL m\u00e9moire d\u2019Auschwitz,<\/em> M\u00e9moire de master, Facult\u00e9 de psychologie et des sciences de l&rsquo;\u00e9ducation, 2023.<\/li>\n<li>Nihoul Alice, <em>La transmission de l\u2019histoire et des valeurs du scoutisme<\/em>,\u00a0M\u00e9moire de master, Facult\u00e9 de psychologie et des sciences de l&rsquo;\u00e9ducation, 2023.<\/li>\n<li>Vandenbosch Aur\u00e9lie, <em>Les enfants et la guerre. Avant et apr\u00e8s une visite guid\u00e9e au Mons Memorial Museum<\/em>, M\u00e9moire de master, Facult\u00e9 de psychologie et des sciences de l&rsquo;\u00e9ducation, 2024.<\/li>\n<li>De Sy Lo\u00efc,<em> Les guides \u00e9tudiants canadiens aux m\u00e9moriaux de Vimy et de Beaumont-Hamel : Formation historique et m\u00e9diation culturelle<\/em>, M\u00e9moire de master, Facult\u00e9 de psychologie et des sciences de l\u2019\u00e9ducation, 2025.<\/li>\n<li>Mertens Lucie, <em>Les guides \u00e9tudiants canadiens aux m\u00e9moriaux de Vimy et de Beaumont-Hamel : analyse du v\u00e9cu des \u00e9tudiants participant au Programme<\/em>, M\u00e9moire de master, Facult\u00e9 de psychologie et des sciences de l\u2019\u00e9ducation, 2025.<\/li>\n<\/ul>\n","protected":false},"excerpt":{"rendered":"<p>Denis Oph\u00e9lie, Reconstruction post-conflit et \u00e9ducation \u00e0 la paix. Contribution au travail d&rsquo;accueil de migrants r\u00e9cents originaires de pays des Grands lacs, M\u00e9moire de licence, Facult\u00e9 de psychologie et des sciences de l&rsquo;\u00e9ducation, 2006. Baltramonaitis C\u00e9line, Evaluation d&rsquo;un outil d&rsquo;\u00e9ducation \u00e0 la paix au Rwanda, M\u00e9moire de licence, Facult\u00e9 de psychologie et des sciences de [&hellip;]<\/p>\n","protected":false},"author":118,"featured_media":0,"parent":123,"menu_order":0,"comment_status":"closed","ping_status":"closed","template":"","meta":{"footnotes":""},"class_list":["post-360","page","type-page","status-publish","hentry"],"yoast_head":"<!-- This site is optimized with the Yoast SEO plugin v27.2 - https:\/\/yoast.com\/product\/yoast-seo-wordpress\/ -->\n<title>Education \u00e0 la paix et au travail de m\u00e9moire - Service \/ FPSE - D\u00e9veloppement humain et traitement des donn\u00e9es<\/title>\n<meta name=\"robots\" content=\"index, follow, max-snippet:-1, max-image-preview:large, max-video-preview:-1\" \/>\n<link rel=\"canonical\" href=\"https:\/\/web.umons.ac.be\/sdht\/memoires-2\/memoires-defendus\/education-au-travail-de-memoire\/\" \/>\n<meta property=\"og:locale\" content=\"fr_FR\" \/>\n<meta property=\"og:type\" content=\"article\" \/>\n<meta property=\"og:title\" content=\"Education \u00e0 la paix et au travail de m\u00e9moire - Service \/ FPSE - D\u00e9veloppement humain et traitement des donn\u00e9es\" \/>\n<meta property=\"og:description\" content=\"Denis Oph\u00e9lie, Reconstruction post-conflit et \u00e9ducation \u00e0 la paix. Contribution au travail d&rsquo;accueil de migrants r\u00e9cents originaires de pays des Grands lacs, M\u00e9moire de licence, Facult\u00e9 de psychologie et des sciences de l&rsquo;\u00e9ducation, 2006. Baltramonaitis C\u00e9line, Evaluation d&rsquo;un outil d&rsquo;\u00e9ducation \u00e0 la paix au Rwanda, M\u00e9moire de licence, Facult\u00e9 de psychologie et des sciences de [&hellip;]\" \/>\n<meta property=\"og:url\" content=\"https:\/\/web.umons.ac.be\/sdht\/memoires-2\/memoires-defendus\/education-au-travail-de-memoire\/\" \/>\n<meta property=\"og:site_name\" content=\"Service \/ FPSE - D\u00e9veloppement humain et traitement des donn\u00e9es\" \/>\n<meta property=\"article:modified_time\" content=\"2025-07-02T07:02:34+00:00\" \/>\n<meta name=\"twitter:card\" content=\"summary_large_image\" \/>\n<meta name=\"twitter:label1\" content=\"Dur\u00e9e de lecture estim\u00e9e\" \/>\n\t<meta name=\"twitter:data1\" content=\"2 minutes\" \/>\n<script type=\"application\/ld+json\" class=\"yoast-schema-graph\">{\"@context\":\"https:\/\/schema.org\",\"@graph\":[{\"@type\":\"WebPage\",\"@id\":\"https:\/\/web.umons.ac.be\/sdht\/memoires-2\/memoires-defendus\/education-au-travail-de-memoire\/\",\"url\":\"https:\/\/web.umons.ac.be\/sdht\/memoires-2\/memoires-defendus\/education-au-travail-de-memoire\/\",\"name\":\"Education \u00e0 la paix et au travail de m\u00e9moire - Service \/ FPSE - D\u00e9veloppement humain et traitement des donn\u00e9es\",\"isPartOf\":{\"@id\":\"https:\/\/web.umons.ac.be\/sdht\/#website\"},\"datePublished\":\"2022-06-22T10:17:02+00:00\",\"dateModified\":\"2025-07-02T07:02:34+00:00\",\"breadcrumb\":{\"@id\":\"https:\/\/web.umons.ac.be\/sdht\/memoires-2\/memoires-defendus\/education-au-travail-de-memoire\/#breadcrumb\"},\"inLanguage\":\"fr-FR\",\"potentialAction\":[{\"@type\":\"ReadAction\",\"target\":[\"https:\/\/web.umons.ac.be\/sdht\/memoires-2\/memoires-defendus\/education-au-travail-de-memoire\/\"]}]},{\"@type\":\"BreadcrumbList\",\"@id\":\"https:\/\/web.umons.ac.be\/sdht\/memoires-2\/memoires-defendus\/education-au-travail-de-memoire\/#breadcrumb\",\"itemListElement\":[{\"@type\":\"ListItem\",\"position\":1,\"name\":\"Home\",\"item\":\"https:\/\/web.umons.ac.be\/sdht\/\"},{\"@type\":\"ListItem\",\"position\":2,\"name\":\"M\u00e9moires\",\"item\":\"https:\/\/web.umons.ac.be\/sdht\/memoires-2\/\"},{\"@type\":\"ListItem\",\"position\":3,\"name\":\"M\u00e9moires d\u00e9fendus\",\"item\":\"https:\/\/web.umons.ac.be\/sdht\/memoires-2\/memoires-defendus\/\"},{\"@type\":\"ListItem\",\"position\":4,\"name\":\"Education \u00e0 la paix et au travail de m\u00e9moire\"}]},{\"@type\":\"WebSite\",\"@id\":\"https:\/\/web.umons.ac.be\/sdht\/#website\",\"url\":\"https:\/\/web.umons.ac.be\/sdht\/\",\"name\":\"Service \/ FPSE - D\u00e9veloppement humain et traitement des donn\u00e9es\",\"description\":\"\",\"potentialAction\":[{\"@type\":\"SearchAction\",\"target\":{\"@type\":\"EntryPoint\",\"urlTemplate\":\"https:\/\/web.umons.ac.be\/sdht\/?s={search_term_string}\"},\"query-input\":{\"@type\":\"PropertyValueSpecification\",\"valueRequired\":true,\"valueName\":\"search_term_string\"}}],\"inLanguage\":\"fr-FR\"}]}<\/script>\n<!-- \/ Yoast SEO plugin. -->","yoast_head_json":{"title":"Education \u00e0 la paix et au travail de m\u00e9moire - Service \/ FPSE - D\u00e9veloppement humain et traitement des donn\u00e9es","robots":{"index":"index","follow":"follow","max-snippet":"max-snippet:-1","max-image-preview":"max-image-preview:large","max-video-preview":"max-video-preview:-1"},"canonical":"https:\/\/web.umons.ac.be\/sdht\/memoires-2\/memoires-defendus\/education-au-travail-de-memoire\/","og_locale":"fr_FR","og_type":"article","og_title":"Education \u00e0 la paix et au travail de m\u00e9moire - Service \/ FPSE - D\u00e9veloppement humain et traitement des donn\u00e9es","og_description":"Denis Oph\u00e9lie, Reconstruction post-conflit et \u00e9ducation \u00e0 la paix. Contribution au travail d&rsquo;accueil de migrants r\u00e9cents originaires de pays des Grands lacs, M\u00e9moire de licence, Facult\u00e9 de psychologie et des sciences de l&rsquo;\u00e9ducation, 2006. Baltramonaitis C\u00e9line, Evaluation d&rsquo;un outil d&rsquo;\u00e9ducation \u00e0 la paix au Rwanda, M\u00e9moire de licence, Facult\u00e9 de psychologie et des sciences de [&hellip;]","og_url":"https:\/\/web.umons.ac.be\/sdht\/memoires-2\/memoires-defendus\/education-au-travail-de-memoire\/","og_site_name":"Service \/ FPSE - D\u00e9veloppement humain et traitement des donn\u00e9es","article_modified_time":"2025-07-02T07:02:34+00:00","twitter_card":"summary_large_image","twitter_misc":{"Dur\u00e9e de lecture estim\u00e9e":"2 minutes"},"schema":{"@context":"https:\/\/schema.org","@graph":[{"@type":"WebPage","@id":"https:\/\/web.umons.ac.be\/sdht\/memoires-2\/memoires-defendus\/education-au-travail-de-memoire\/","url":"https:\/\/web.umons.ac.be\/sdht\/memoires-2\/memoires-defendus\/education-au-travail-de-memoire\/","name":"Education \u00e0 la paix et au travail de m\u00e9moire - Service \/ FPSE - D\u00e9veloppement humain et traitement des donn\u00e9es","isPartOf":{"@id":"https:\/\/web.umons.ac.be\/sdht\/#website"},"datePublished":"2022-06-22T10:17:02+00:00","dateModified":"2025-07-02T07:02:34+00:00","breadcrumb":{"@id":"https:\/\/web.umons.ac.be\/sdht\/memoires-2\/memoires-defendus\/education-au-travail-de-memoire\/#breadcrumb"},"inLanguage":"fr-FR","potentialAction":[{"@type":"ReadAction","target":["https:\/\/web.umons.ac.be\/sdht\/memoires-2\/memoires-defendus\/education-au-travail-de-memoire\/"]}]},{"@type":"BreadcrumbList","@id":"https:\/\/web.umons.ac.be\/sdht\/memoires-2\/memoires-defendus\/education-au-travail-de-memoire\/#breadcrumb","itemListElement":[{"@type":"ListItem","position":1,"name":"Home","item":"https:\/\/web.umons.ac.be\/sdht\/"},{"@type":"ListItem","position":2,"name":"M\u00e9moires","item":"https:\/\/web.umons.ac.be\/sdht\/memoires-2\/"},{"@type":"ListItem","position":3,"name":"M\u00e9moires d\u00e9fendus","item":"https:\/\/web.umons.ac.be\/sdht\/memoires-2\/memoires-defendus\/"},{"@type":"ListItem","position":4,"name":"Education \u00e0 la paix et au travail de m\u00e9moire"}]},{"@type":"WebSite","@id":"https:\/\/web.umons.ac.be\/sdht\/#website","url":"https:\/\/web.umons.ac.be\/sdht\/","name":"Service \/ FPSE - D\u00e9veloppement humain et traitement des donn\u00e9es","description":"","potentialAction":[{"@type":"SearchAction","target":{"@type":"EntryPoint","urlTemplate":"https:\/\/web.umons.ac.be\/sdht\/?s={search_term_string}"},"query-input":{"@type":"PropertyValueSpecification","valueRequired":true,"valueName":"search_term_string"}}],"inLanguage":"fr-FR"}]}},"lang":"fr","translations":{"fr":360},"pll_sync_post":[],"_links":{"self":[{"href":"https:\/\/web.umons.ac.be\/sdht\/wp-json\/wp\/v2\/pages\/360","targetHints":{"allow":["GET"]}}],"collection":[{"href":"https:\/\/web.umons.ac.be\/sdht\/wp-json\/wp\/v2\/pages"}],"about":[{"href":"https:\/\/web.umons.ac.be\/sdht\/wp-json\/wp\/v2\/types\/page"}],"author":[{"embeddable":true,"href":"https:\/\/web.umons.ac.be\/sdht\/wp-json\/wp\/v2\/users\/118"}],"replies":[{"embeddable":true,"href":"https:\/\/web.umons.ac.be\/sdht\/wp-json\/wp\/v2\/comments?post=360"}],"version-history":[{"count":3,"href":"https:\/\/web.umons.ac.be\/sdht\/wp-json\/wp\/v2\/pages\/360\/revisions"}],"predecessor-version":[{"id":1225,"href":"https:\/\/web.umons.ac.be\/sdht\/wp-json\/wp\/v2\/pages\/360\/revisions\/1225"}],"up":[{"embeddable":true,"href":"https:\/\/web.umons.ac.be\/sdht\/wp-json\/wp\/v2\/pages\/123"}],"wp:attachment":[{"href":"https:\/\/web.umons.ac.be\/sdht\/wp-json\/wp\/v2\/media?parent=360"}],"curies":[{"name":"wp","href":"https:\/\/api.w.org\/{rel}","templated":true}]}}