{"id":423,"date":"2022-06-22T15:21:10","date_gmt":"2022-06-22T13:21:10","guid":{"rendered":"https:\/\/web.umons.ac.be\/sdht\/?page_id=423"},"modified":"2022-06-22T15:29:25","modified_gmt":"2022-06-22T13:29:25","slug":"sante-et-sport","status":"publish","type":"page","link":"https:\/\/web.umons.ac.be\/sdht\/memoires-2\/memoires-defendus\/sante-et-sport\/","title":{"rendered":"Sant\u00e9 et sport"},"content":{"rendered":"<ul>\n<li>Bodart Madisson, <em>Le choix des \u00e9tudes en \u00e9ducation physique: analyse des motivations, du sentiment d&rsquo;efficacit\u00e9 personnelle et des repr\u00e9sentations sociales des \u00e9tudiants en formation<\/em>, M\u00e9moire de master, Facult\u00e9 de psychologie et des sciences de l&rsquo;\u00e9ducation, 2015.<\/li>\n<li>Musch Emilie, <em>La blessure dans le sport de haut niveau, Etudes de cas dans le milieu du rugby<\/em>, M\u00e9moire de master, Facult\u00e9 de psychologie et des sciences de l&rsquo;\u00e9ducation, 2015.<\/li>\n<li>Legrand Marie,<em> La reconstruction personnelle et l&rsquo;\u00e9volution du lien entre un cavalier et son cheval apr\u00e8s une chute<\/em>, M\u00e9moire de master, Facult\u00e9 de psychologie et des sciences de l&rsquo;\u00e9ducation, 2018.<\/li>\n<li>Gaspar Emilie, <em>Motivation et recherche de bien-\u00eatre \u00e0 travers la pratique collective de la course \u00e0 pied<\/em>, M\u00e9moire de master, Facult\u00e9 de psychologie et des sciences de l&rsquo;\u00e9ducation, 2019.<\/li>\n<li>Delcroix Sophie, <em>La recherche de bien-\u00eatre \u00e0 travers la pratique d&rsquo;un sport \u00e0 risques : le cas de l&rsquo;acrobatie a\u00e9rienne<\/em>, M\u00e9moire de master, Facult\u00e9 de psychologie et des sciences de l&rsquo;\u00e9ducation, 2019.<\/li>\n<li>Remacly Justin, <em>La pratique sportive de type libre : effets sur le sentiment d&rsquo;efficacit\u00e9 personnelle et l&rsquo;estime de soi,<\/em> M\u00e9moire de master, Facult\u00e9 de psychologie et des sciences de l&rsquo;\u00e9ducation, 2019.<\/li>\n<li>Jullien Florent, <em>Perception et appr\u00e9hension du m\u00e9tier de Personal Trainer selon le parcours de formation<\/em>, M\u00e9moire de master, Facult\u00e9 de psychologie et des sciences de l&rsquo;\u00e9ducation, 2020.<\/li>\n<li>Serifi Youssef, <em>La boxe tha\u00ef : motivations et effets<\/em>, M\u00e9moire de master, Facult\u00e9 de psychologie et des sciences de l&rsquo;\u00e9ducation, 2020.<\/li>\n<li>Pana Olga, <em>Analyse des aspects psychologiques d\u2019un sport extr\u00eame: vue sur la plong\u00e9e sous-marine technique<\/em>, Facult\u00e9 de psychologie et des sciences de l&rsquo;\u00e9ducation, 2021.<\/li>\n<li>Verdier M\u00e9lanie, <em>\u00c9tudiants en m\u00e9decine et activit\u00e9 physique : repr\u00e9sentations, connaissances et perception du r\u00f4le du m\u00e9decin dans la promotion de la sant\u00e9<\/em>, M\u00e9moire de Master, Facult\u00e9 de psychologie et des sciences de l&rsquo;\u00e9ducation, 2021.<\/li>\n<\/ul>\n","protected":false},"excerpt":{"rendered":"<p>Bodart Madisson, Le choix des \u00e9tudes en \u00e9ducation physique: analyse des motivations, du sentiment d&rsquo;efficacit\u00e9 personnelle et des repr\u00e9sentations sociales des \u00e9tudiants en formation, M\u00e9moire de master, Facult\u00e9 de psychologie et des sciences de l&rsquo;\u00e9ducation, 2015. Musch Emilie, La blessure dans le sport de haut niveau, Etudes de cas dans le milieu du rugby, M\u00e9moire [&hellip;]<\/p>\n","protected":false},"author":118,"featured_media":0,"parent":123,"menu_order":0,"comment_status":"closed","ping_status":"closed","template":"","meta":{"footnotes":""},"class_list":["post-423","page","type-page","status-publish","hentry"],"yoast_head":"<!-- This site is optimized with the Yoast SEO plugin v27.2 - https:\/\/yoast.com\/product\/yoast-seo-wordpress\/ -->\n<title>Sant\u00e9 et sport - Service \/ FPSE - D\u00e9veloppement humain et traitement des donn\u00e9es<\/title>\n<meta name=\"robots\" content=\"index, follow, max-snippet:-1, max-image-preview:large, max-video-preview:-1\" \/>\n<link rel=\"canonical\" href=\"https:\/\/web.umons.ac.be\/sdht\/memoires-2\/memoires-defendus\/sante-et-sport\/\" \/>\n<meta property=\"og:locale\" content=\"fr_FR\" \/>\n<meta property=\"og:type\" content=\"article\" \/>\n<meta property=\"og:title\" content=\"Sant\u00e9 et sport - Service \/ FPSE - D\u00e9veloppement humain et traitement des donn\u00e9es\" \/>\n<meta property=\"og:description\" content=\"Bodart Madisson, Le choix des \u00e9tudes en \u00e9ducation physique: analyse des motivations, du sentiment d&rsquo;efficacit\u00e9 personnelle et des repr\u00e9sentations sociales des \u00e9tudiants en formation, M\u00e9moire de master, Facult\u00e9 de psychologie et des sciences de l&rsquo;\u00e9ducation, 2015. Musch Emilie, La blessure dans le sport de haut niveau, Etudes de cas dans le milieu du rugby, M\u00e9moire [&hellip;]\" \/>\n<meta property=\"og:url\" content=\"https:\/\/web.umons.ac.be\/sdht\/memoires-2\/memoires-defendus\/sante-et-sport\/\" \/>\n<meta property=\"og:site_name\" content=\"Service \/ FPSE - D\u00e9veloppement humain et traitement des donn\u00e9es\" \/>\n<meta property=\"article:modified_time\" content=\"2022-06-22T13:29:25+00:00\" \/>\n<meta name=\"twitter:card\" content=\"summary_large_image\" \/>\n<meta name=\"twitter:label1\" content=\"Dur\u00e9e de lecture estim\u00e9e\" \/>\n\t<meta name=\"twitter:data1\" content=\"2 minutes\" \/>\n<script type=\"application\/ld+json\" class=\"yoast-schema-graph\">{\"@context\":\"https:\/\/schema.org\",\"@graph\":[{\"@type\":\"WebPage\",\"@id\":\"https:\/\/web.umons.ac.be\/sdht\/memoires-2\/memoires-defendus\/sante-et-sport\/\",\"url\":\"https:\/\/web.umons.ac.be\/sdht\/memoires-2\/memoires-defendus\/sante-et-sport\/\",\"name\":\"Sant\u00e9 et sport - Service \/ FPSE - D\u00e9veloppement humain et traitement des donn\u00e9es\",\"isPartOf\":{\"@id\":\"https:\/\/web.umons.ac.be\/sdht\/#website\"},\"datePublished\":\"2022-06-22T13:21:10+00:00\",\"dateModified\":\"2022-06-22T13:29:25+00:00\",\"breadcrumb\":{\"@id\":\"https:\/\/web.umons.ac.be\/sdht\/memoires-2\/memoires-defendus\/sante-et-sport\/#breadcrumb\"},\"inLanguage\":\"fr-FR\",\"potentialAction\":[{\"@type\":\"ReadAction\",\"target\":[\"https:\/\/web.umons.ac.be\/sdht\/memoires-2\/memoires-defendus\/sante-et-sport\/\"]}]},{\"@type\":\"BreadcrumbList\",\"@id\":\"https:\/\/web.umons.ac.be\/sdht\/memoires-2\/memoires-defendus\/sante-et-sport\/#breadcrumb\",\"itemListElement\":[{\"@type\":\"ListItem\",\"position\":1,\"name\":\"Home\",\"item\":\"https:\/\/web.umons.ac.be\/sdht\/\"},{\"@type\":\"ListItem\",\"position\":2,\"name\":\"M\u00e9moires\",\"item\":\"https:\/\/web.umons.ac.be\/sdht\/memoires-2\/\"},{\"@type\":\"ListItem\",\"position\":3,\"name\":\"M\u00e9moires d\u00e9fendus\",\"item\":\"https:\/\/web.umons.ac.be\/sdht\/memoires-2\/memoires-defendus\/\"},{\"@type\":\"ListItem\",\"position\":4,\"name\":\"Sant\u00e9 et sport\"}]},{\"@type\":\"WebSite\",\"@id\":\"https:\/\/web.umons.ac.be\/sdht\/#website\",\"url\":\"https:\/\/web.umons.ac.be\/sdht\/\",\"name\":\"Service \/ FPSE - D\u00e9veloppement humain et traitement des donn\u00e9es\",\"description\":\"\",\"potentialAction\":[{\"@type\":\"SearchAction\",\"target\":{\"@type\":\"EntryPoint\",\"urlTemplate\":\"https:\/\/web.umons.ac.be\/sdht\/?s={search_term_string}\"},\"query-input\":{\"@type\":\"PropertyValueSpecification\",\"valueRequired\":true,\"valueName\":\"search_term_string\"}}],\"inLanguage\":\"fr-FR\"}]}<\/script>\n<!-- \/ Yoast SEO plugin. -->","yoast_head_json":{"title":"Sant\u00e9 et sport - Service \/ FPSE - D\u00e9veloppement humain et traitement des donn\u00e9es","robots":{"index":"index","follow":"follow","max-snippet":"max-snippet:-1","max-image-preview":"max-image-preview:large","max-video-preview":"max-video-preview:-1"},"canonical":"https:\/\/web.umons.ac.be\/sdht\/memoires-2\/memoires-defendus\/sante-et-sport\/","og_locale":"fr_FR","og_type":"article","og_title":"Sant\u00e9 et sport - Service \/ FPSE - D\u00e9veloppement humain et traitement des donn\u00e9es","og_description":"Bodart Madisson, Le choix des \u00e9tudes en \u00e9ducation physique: analyse des motivations, du sentiment d&rsquo;efficacit\u00e9 personnelle et des repr\u00e9sentations sociales des \u00e9tudiants en formation, M\u00e9moire de master, Facult\u00e9 de psychologie et des sciences de l&rsquo;\u00e9ducation, 2015. Musch Emilie, La blessure dans le sport de haut niveau, Etudes de cas dans le milieu du rugby, M\u00e9moire [&hellip;]","og_url":"https:\/\/web.umons.ac.be\/sdht\/memoires-2\/memoires-defendus\/sante-et-sport\/","og_site_name":"Service \/ FPSE - D\u00e9veloppement humain et traitement des donn\u00e9es","article_modified_time":"2022-06-22T13:29:25+00:00","twitter_card":"summary_large_image","twitter_misc":{"Dur\u00e9e de lecture estim\u00e9e":"2 minutes"},"schema":{"@context":"https:\/\/schema.org","@graph":[{"@type":"WebPage","@id":"https:\/\/web.umons.ac.be\/sdht\/memoires-2\/memoires-defendus\/sante-et-sport\/","url":"https:\/\/web.umons.ac.be\/sdht\/memoires-2\/memoires-defendus\/sante-et-sport\/","name":"Sant\u00e9 et sport - Service \/ FPSE - D\u00e9veloppement humain et traitement des donn\u00e9es","isPartOf":{"@id":"https:\/\/web.umons.ac.be\/sdht\/#website"},"datePublished":"2022-06-22T13:21:10+00:00","dateModified":"2022-06-22T13:29:25+00:00","breadcrumb":{"@id":"https:\/\/web.umons.ac.be\/sdht\/memoires-2\/memoires-defendus\/sante-et-sport\/#breadcrumb"},"inLanguage":"fr-FR","potentialAction":[{"@type":"ReadAction","target":["https:\/\/web.umons.ac.be\/sdht\/memoires-2\/memoires-defendus\/sante-et-sport\/"]}]},{"@type":"BreadcrumbList","@id":"https:\/\/web.umons.ac.be\/sdht\/memoires-2\/memoires-defendus\/sante-et-sport\/#breadcrumb","itemListElement":[{"@type":"ListItem","position":1,"name":"Home","item":"https:\/\/web.umons.ac.be\/sdht\/"},{"@type":"ListItem","position":2,"name":"M\u00e9moires","item":"https:\/\/web.umons.ac.be\/sdht\/memoires-2\/"},{"@type":"ListItem","position":3,"name":"M\u00e9moires d\u00e9fendus","item":"https:\/\/web.umons.ac.be\/sdht\/memoires-2\/memoires-defendus\/"},{"@type":"ListItem","position":4,"name":"Sant\u00e9 et sport"}]},{"@type":"WebSite","@id":"https:\/\/web.umons.ac.be\/sdht\/#website","url":"https:\/\/web.umons.ac.be\/sdht\/","name":"Service \/ FPSE - D\u00e9veloppement humain et traitement des donn\u00e9es","description":"","potentialAction":[{"@type":"SearchAction","target":{"@type":"EntryPoint","urlTemplate":"https:\/\/web.umons.ac.be\/sdht\/?s={search_term_string}"},"query-input":{"@type":"PropertyValueSpecification","valueRequired":true,"valueName":"search_term_string"}}],"inLanguage":"fr-FR"}]}},"lang":"fr","translations":{"fr":423},"pll_sync_post":[],"_links":{"self":[{"href":"https:\/\/web.umons.ac.be\/sdht\/wp-json\/wp\/v2\/pages\/423","targetHints":{"allow":["GET"]}}],"collection":[{"href":"https:\/\/web.umons.ac.be\/sdht\/wp-json\/wp\/v2\/pages"}],"about":[{"href":"https:\/\/web.umons.ac.be\/sdht\/wp-json\/wp\/v2\/types\/page"}],"author":[{"embeddable":true,"href":"https:\/\/web.umons.ac.be\/sdht\/wp-json\/wp\/v2\/users\/118"}],"replies":[{"embeddable":true,"href":"https:\/\/web.umons.ac.be\/sdht\/wp-json\/wp\/v2\/comments?post=423"}],"version-history":[{"count":3,"href":"https:\/\/web.umons.ac.be\/sdht\/wp-json\/wp\/v2\/pages\/423\/revisions"}],"predecessor-version":[{"id":428,"href":"https:\/\/web.umons.ac.be\/sdht\/wp-json\/wp\/v2\/pages\/423\/revisions\/428"}],"up":[{"embeddable":true,"href":"https:\/\/web.umons.ac.be\/sdht\/wp-json\/wp\/v2\/pages\/123"}],"wp:attachment":[{"href":"https:\/\/web.umons.ac.be\/sdht\/wp-json\/wp\/v2\/media?parent=423"}],"curies":[{"name":"wp","href":"https:\/\/api.w.org\/{rel}","templated":true}]}}

Santé et sport

<ul>
<li>Bodart Madisson, <em>Le choix des études en éducation physique: analyse des motivations, du sentiment d&rsquo;efficacité personnelle et des représentations sociales des étudiants en formation</em>, Mémoire de master, Faculté de psychologie et des sciences de l&rsquo;éducation, 2015.</li>
<li>Musch Emilie, <em>La blessure dans le sport de haut niveau, Etudes de cas dans le milieu du rugby</em>, Mémoire de master, Faculté de psychologie et des sciences de l&rsquo;éducation, 2015.</li>
<li>Legrand Marie,<em> La reconstruction personnelle et l&rsquo;évolution du lien entre un cavalier et son cheval après une chute</em>, Mémoire de master, Faculté de psychologie et des sciences de l&rsquo;éducation, 2018.</li>
<li>Gaspar Emilie, <em>Motivation et recherche de bien-être à travers la pratique collective de la course à pied</em>, Mémoire de master, Faculté de psychologie et des sciences de l&rsquo;éducation, 2019.</li>
<li>Delcroix Sophie, <em>La recherche de bien-être à travers la pratique d&rsquo;un sport à risques : le cas de l&rsquo;acrobatie aérienne</em>, Mémoire de master, Faculté de psychologie et des sciences de l&rsquo;éducation, 2019.</li>
<li>Remacly Justin, <em>La pratique sportive de type libre : effets sur le sentiment d&rsquo;efficacité personnelle et l&rsquo;estime de soi,</em> Mémoire de master, Faculté de psychologie et des sciences de l&rsquo;éducation, 2019.</li>
<li>Jullien Florent, <em>Perception et appréhension du métier de Personal Trainer selon le parcours de formation</em>, Mémoire de master, Faculté de psychologie et des sciences de l&rsquo;éducation, 2020.</li>
<li>Serifi Youssef, <em>La boxe thaï : motivations et effets</em>, Mémoire de master, Faculté de psychologie et des sciences de l&rsquo;éducation, 2020.</li>
<li>Pana Olga, <em>Analyse des aspects psychologiques d’un sport extrême: vue sur la plongée sous-marine technique</em>, Faculté de psychologie et des sciences de l&rsquo;éducation, 2021.</li>
<li>Verdier Mélanie, <em>Étudiants en médecine et activité physique : représentations, connaissances et perception du rôle du médecin dans la promotion de la santé</em>, Mémoire de Master, Faculté de psychologie et des sciences de l&rsquo;éducation, 2021.</li>
</ul>

<p>Bodart Madisson, Le choix des études en éducation physique: analyse des motivations, du sentiment d&rsquo;efficacité personnelle et des représentations sociales des étudiants en formation, Mémoire de master, Faculté de psychologie et des sciences de l&rsquo;éducation, 2015. Musch Emilie, La blessure dans le sport de haut niveau, Etudes de cas dans le milieu du rugby, Mémoire [&hellip;]</p>

<!-- This site is optimized with the Yoast SEO plugin v27.2 - https://yoast.com/product/yoast-seo-wordpress/ -->
<title>Santé et sport - Service / FPSE - Développement humain et traitement des données</title>
<meta name="robots" content="index, follow, max-snippet:-1, max-image-preview:large, max-video-preview:-1" />
<link rel="canonical" href="https://web.umons.ac.be/sdht/memoires-2/memoires-defendus/sante-et-sport/" />
<meta property="og:locale" content="fr_FR" />
<meta property="og:type" content="article" />
<meta property="og:title" content="Santé et sport - Service / FPSE - Développement humain et traitement des données" />
<meta property="og:description" content="Bodart Madisson, Le choix des études en éducation physique: analyse des motivations, du sentiment d&rsquo;efficacité personnelle et des représentations sociales des étudiants en formation, Mémoire de master, Faculté de psychologie et des sciences de l&rsquo;éducation, 2015. Musch Emilie, La blessure dans le sport de haut niveau, Etudes de cas dans le milieu du rugby, Mémoire [&hellip;]" />
<meta property="og:url" content="https://web.umons.ac.be/sdht/memoires-2/memoires-defendus/sante-et-sport/" />
<meta property="og:site_name" content="Service / FPSE - Développement humain et traitement des données" />
<meta property="article:modified_time" content="2022-06-22T13:29:25+00:00" />
<meta name="twitter:card" content="summary_large_image" />
<meta name="twitter:label1" content="Durée de lecture estimée" />
	<meta name="twitter:data1" content="2 minutes" />
<script type="application/ld+json" class="yoast-schema-graph">{"@context":"https://schema.org","@graph":[{"@type":"WebPage","@id":"https://web.umons.ac.be/sdht/memoires-2/memoires-defendus/sante-et-sport/","url":"https://web.umons.ac.be/sdht/memoires-2/memoires-defendus/sante-et-sport/","name":"Santé et sport - Service / FPSE - Développement humain et traitement des données","isPartOf":{"@id":"https://web.umons.ac.be/sdht/#website"},"datePublished":"2022-06-22T13:21:10+00:00","dateModified":"2022-06-22T13:29:25+00:00","breadcrumb":{"@id":"https://web.umons.ac.be/sdht/memoires-2/memoires-defendus/sante-et-sport/#breadcrumb"},"inLanguage":"fr-FR","potentialAction":[{"@type":"ReadAction","target":["https://web.umons.ac.be/sdht/memoires-2/memoires-defendus/sante-et-sport/"]}]},{"@type":"BreadcrumbList","@id":"https://web.umons.ac.be/sdht/memoires-2/memoires-defendus/sante-et-sport/#breadcrumb","itemListElement":[{"@type":"ListItem","position":1,"name":"Home","item":"https://web.umons.ac.be/sdht/"},{"@type":"ListItem","position":2,"name":"Mémoires","item":"https://web.umons.ac.be/sdht/memoires-2/"},{"@type":"ListItem","position":3,"name":"Mémoires défendus","item":"https://web.umons.ac.be/sdht/memoires-2/memoires-defendus/"},{"@type":"ListItem","position":4,"name":"Santé et sport"}]},{"@type":"WebSite","@id":"https://web.umons.ac.be/sdht/#website","url":"https://web.umons.ac.be/sdht/","name":"Service / FPSE - Développement humain et traitement des données","description":"","potentialAction":[{"@type":"SearchAction","target":{"@type":"EntryPoint","urlTemplate":"https://web.umons.ac.be/sdht/?s={search_term_string}"},"query-input":{"@type":"PropertyValueSpecification","valueRequired":true,"valueName":"search_term_string"}}],"inLanguage":"fr-FR"}]}</script>
<!-- / Yoast SEO plugin. -->

Santé et sport - Service / FPSE - Développement humain et traitement des données

Bodart Madisson, Le choix des études en éducation physique: analyse des motivations, du sentiment d&rsquo;efficacité personnelle et des représentations sociales des étudiants en formation, Mémoire de master, Faculté de psychologie et des sciences de l&rsquo;éducation, 2015. Musch Emilie, La blessure dans le sport de haut niveau, Etudes de cas dans le milieu du rugby, Mémoire [&hellip;]

Service / FPSE - Développement humain et traitement des données

Mémoires

Mémoires défendus
