{"id":237,"date":"2022-05-20T11:59:56","date_gmt":"2022-05-20T09:59:56","guid":{"rendered":"https:\/\/web.umons.ac.be\/seco\/?page_id=237"},"modified":"2022-05-20T11:59:56","modified_gmt":"2022-05-20T09:59:56","slug":"references","status":"publish","type":"page","link":"https:\/\/web.umons.ac.be\/seco\/references\/","title":{"rendered":"References"},"content":{"rendered":"<p><span style=\"text-decoration: underline\"><span class=\"style_text\">Simulation of Distributed Parameter Systems Using a Matlab- Based Method of Lines Toolbox <\/span><\/span><\/p>\n<p class=\"style_gauche\">Chemical Engineering Applications<\/p>\n<p class=\"style_gauche\">Alain Vande Wouwer, P. Saucez, and W. E. Schiesser<\/p>\n<p class=\"style_gauche\">Ind. Eng. Chem. Res.; 2004; 43(14) pp 3469 &#8211; 3477;<\/p>\n<p class=\"style_gauche\">Article DOI: <a href=\"http:\/\/pubs3.acs.org\/acs\/journals\/doilookup?in_doi=10.1021\/ie0302894\" target=\"_blank\" rel=\"noopener\">10.1021\/ie0302894<\/a><\/p>\n<p class=\"style_gauche\">\n<p><span style=\"text-decoration: underline\">A MATLAB Implementation of Upwind Finite Differences and Adaptive Grids in the Method of Lines <\/span><\/p>\n<p>A. Vande Wouwer, P. Saucez, W.E. Schiesser, S. Thompson<\/p>\n<p>Journal of Computational and Applied Mathematics 183 (2005), 245-258.<\/p>\n<p>&nbsp;<\/p>\n<p><span style=\"text-decoration: underline\">Matlab Implementation of a Moving grid Algorithm based on the Equidistribution Principle<\/span><\/p>\n<p>P. Saucez, L. Some, A. Vande Wouwer<\/p>\n<p>Applied Mathematics and Computation 215 (2009), 1821-1829.<\/p>\n<p>&nbsp;<\/p>\n<p><span style=\"text-decoration: underline\">Simulation of (Bio)chemical Processes with Distributed Parameters using Matlab<\/span><\/p>\n<p>F. Logist, P. Saucez, J. Van Impe, A. Vande Wouwer<\/p>\n<p>Chemical Engineering Journal, 155 (3), 603-616.<\/p>\n","protected":false},"excerpt":{"rendered":"<p>Simulation of Distributed Parameter Systems Using a Matlab- Based Method of Lines Toolbox Chemical Engineering Applications Alain Vande Wouwer, P. Saucez, and W. E. Schiesser Ind. Eng. Chem. Res.; 2004; 43(14) pp 3469 &#8211; 3477; Article DOI: 10.1021\/ie0302894 A MATLAB Implementation of Upwind Finite Differences and Adaptive Grids in the Method of Lines A. Vande [&hellip;]<\/p>\n","protected":false},"author":95,"featured_media":0,"parent":0,"menu_order":0,"comment_status":"closed","ping_status":"closed","template":"","meta":{"footnotes":""},"class_list":["post-237","page","type-page","status-publish","hentry"],"yoast_head":"<!-- This site is optimized with the Yoast SEO plugin v27.2 - https:\/\/yoast.com\/product\/yoast-seo-wordpress\/ -->\n<title>References - Service \/ FPMS - Syst\u00e8mes, Estimation, Commande et Optimisation<\/title>\n<meta name=\"robots\" content=\"index, follow, max-snippet:-1, max-image-preview:large, max-video-preview:-1\" \/>\n<link rel=\"canonical\" href=\"https:\/\/web.umons.ac.be\/seco\/references\/\" \/>\n<meta property=\"og:locale\" content=\"fr_FR\" \/>\n<meta property=\"og:type\" content=\"article\" \/>\n<meta property=\"og:title\" content=\"References - Service \/ FPMS - Syst\u00e8mes, Estimation, Commande et Optimisation\" \/>\n<meta property=\"og:description\" content=\"Simulation of Distributed Parameter Systems Using a Matlab- Based Method of Lines Toolbox Chemical Engineering Applications Alain Vande Wouwer, P. Saucez, and W. E. Schiesser Ind. Eng. Chem. Res.; 2004; 43(14) pp 3469 &#8211; 3477; Article DOI: 10.1021\/ie0302894 A MATLAB Implementation of Upwind Finite Differences and Adaptive Grids in the Method of Lines A. Vande [&hellip;]\" \/>\n<meta property=\"og:url\" content=\"https:\/\/web.umons.ac.be\/seco\/references\/\" \/>\n<meta property=\"og:site_name\" content=\"Service \/ FPMS - Syst\u00e8mes, Estimation, Commande et Optimisation\" \/>\n<meta name=\"twitter:card\" content=\"summary_large_image\" \/>\n<meta name=\"twitter:label1\" content=\"Dur\u00e9e de lecture estim\u00e9e\" \/>\n\t<meta name=\"twitter:data1\" content=\"1 minute\" \/>\n<script type=\"application\/ld+json\" class=\"yoast-schema-graph\">{\"@context\":\"https:\/\/schema.org\",\"@graph\":[{\"@type\":\"WebPage\",\"@id\":\"https:\/\/web.umons.ac.be\/seco\/references\/\",\"url\":\"https:\/\/web.umons.ac.be\/seco\/references\/\",\"name\":\"References - Service \/ FPMS - Syst\u00e8mes, Estimation, Commande et Optimisation\",\"isPartOf\":{\"@id\":\"https:\/\/web.umons.ac.be\/seco\/#website\"},\"datePublished\":\"2022-05-20T09:59:56+00:00\",\"breadcrumb\":{\"@id\":\"https:\/\/web.umons.ac.be\/seco\/references\/#breadcrumb\"},\"inLanguage\":\"fr-FR\",\"potentialAction\":[{\"@type\":\"ReadAction\",\"target\":[\"https:\/\/web.umons.ac.be\/seco\/references\/\"]}]},{\"@type\":\"BreadcrumbList\",\"@id\":\"https:\/\/web.umons.ac.be\/seco\/references\/#breadcrumb\",\"itemListElement\":[{\"@type\":\"ListItem\",\"position\":1,\"name\":\"Home\",\"item\":\"https:\/\/web.umons.ac.be\/seco\/\"},{\"@type\":\"ListItem\",\"position\":2,\"name\":\"References\"}]},{\"@type\":\"WebSite\",\"@id\":\"https:\/\/web.umons.ac.be\/seco\/#website\",\"url\":\"https:\/\/web.umons.ac.be\/seco\/\",\"name\":\"Service \/ FPMS - Syst\u00e8mes, Estimation, Commande et Optimisation\",\"description\":\"\",\"potentialAction\":[{\"@type\":\"SearchAction\",\"target\":{\"@type\":\"EntryPoint\",\"urlTemplate\":\"https:\/\/web.umons.ac.be\/seco\/?s={search_term_string}\"},\"query-input\":{\"@type\":\"PropertyValueSpecification\",\"valueRequired\":true,\"valueName\":\"search_term_string\"}}],\"inLanguage\":\"fr-FR\"}]}<\/script>\n<!-- \/ Yoast SEO plugin. -->","yoast_head_json":{"title":"References - Service \/ FPMS - Syst\u00e8mes, Estimation, Commande et Optimisation","robots":{"index":"index","follow":"follow","max-snippet":"max-snippet:-1","max-image-preview":"max-image-preview:large","max-video-preview":"max-video-preview:-1"},"canonical":"https:\/\/web.umons.ac.be\/seco\/references\/","og_locale":"fr_FR","og_type":"article","og_title":"References - Service \/ FPMS - Syst\u00e8mes, Estimation, Commande et Optimisation","og_description":"Simulation of Distributed Parameter Systems Using a Matlab- Based Method of Lines Toolbox Chemical Engineering Applications Alain Vande Wouwer, P. Saucez, and W. E. Schiesser Ind. Eng. Chem. Res.; 2004; 43(14) pp 3469 &#8211; 3477; Article DOI: 10.1021\/ie0302894 A MATLAB Implementation of Upwind Finite Differences and Adaptive Grids in the Method of Lines A. Vande [&hellip;]","og_url":"https:\/\/web.umons.ac.be\/seco\/references\/","og_site_name":"Service \/ FPMS - Syst\u00e8mes, Estimation, Commande et Optimisation","twitter_card":"summary_large_image","twitter_misc":{"Dur\u00e9e de lecture estim\u00e9e":"1 minute"},"schema":{"@context":"https:\/\/schema.org","@graph":[{"@type":"WebPage","@id":"https:\/\/web.umons.ac.be\/seco\/references\/","url":"https:\/\/web.umons.ac.be\/seco\/references\/","name":"References - Service \/ FPMS - Syst\u00e8mes, Estimation, Commande et Optimisation","isPartOf":{"@id":"https:\/\/web.umons.ac.be\/seco\/#website"},"datePublished":"2022-05-20T09:59:56+00:00","breadcrumb":{"@id":"https:\/\/web.umons.ac.be\/seco\/references\/#breadcrumb"},"inLanguage":"fr-FR","potentialAction":[{"@type":"ReadAction","target":["https:\/\/web.umons.ac.be\/seco\/references\/"]}]},{"@type":"BreadcrumbList","@id":"https:\/\/web.umons.ac.be\/seco\/references\/#breadcrumb","itemListElement":[{"@type":"ListItem","position":1,"name":"Home","item":"https:\/\/web.umons.ac.be\/seco\/"},{"@type":"ListItem","position":2,"name":"References"}]},{"@type":"WebSite","@id":"https:\/\/web.umons.ac.be\/seco\/#website","url":"https:\/\/web.umons.ac.be\/seco\/","name":"Service \/ FPMS - Syst\u00e8mes, Estimation, Commande et Optimisation","description":"","potentialAction":[{"@type":"SearchAction","target":{"@type":"EntryPoint","urlTemplate":"https:\/\/web.umons.ac.be\/seco\/?s={search_term_string}"},"query-input":{"@type":"PropertyValueSpecification","valueRequired":true,"valueName":"search_term_string"}}],"inLanguage":"fr-FR"}]}},"lang":"en","translations":{"en":237},"pll_sync_post":[],"_links":{"self":[{"href":"https:\/\/web.umons.ac.be\/seco\/wp-json\/wp\/v2\/pages\/237","targetHints":{"allow":["GET"]}}],"collection":[{"href":"https:\/\/web.umons.ac.be\/seco\/wp-json\/wp\/v2\/pages"}],"about":[{"href":"https:\/\/web.umons.ac.be\/seco\/wp-json\/wp\/v2\/types\/page"}],"author":[{"embeddable":true,"href":"https:\/\/web.umons.ac.be\/seco\/wp-json\/wp\/v2\/users\/95"}],"replies":[{"embeddable":true,"href":"https:\/\/web.umons.ac.be\/seco\/wp-json\/wp\/v2\/comments?post=237"}],"version-history":[{"count":1,"href":"https:\/\/web.umons.ac.be\/seco\/wp-json\/wp\/v2\/pages\/237\/revisions"}],"predecessor-version":[{"id":238,"href":"https:\/\/web.umons.ac.be\/seco\/wp-json\/wp\/v2\/pages\/237\/revisions\/238"}],"wp:attachment":[{"href":"https:\/\/web.umons.ac.be\/seco\/wp-json\/wp\/v2\/media?parent=237"}],"curies":[{"name":"wp","href":"https:\/\/api.w.org\/{rel}","templated":true}]}}