{"version":"1.0","provider_name":"Service \/ FPSE - Sciences de l&#039;Enseignement et de la Formation","provider_url":"https:\/\/web.umons.ac.be\/semf","author_name":"Anne Senecal","author_url":"https:\/\/web.umons.ac.be\/semf\/author\/asenecal\/","title":"- Service \/ FPSE - Sciences de l&#039;Enseignement et de la Formation","type":"rich","width":600,"height":338,"html":"<blockquote class=\"wp-embedded-content\" data-secret=\"1V3sYQdNXv\"><a href=\"https:\/\/web.umons.ac.be\/semf\/2026\/04\/23\/3346\/\"><\/a><\/blockquote><iframe sandbox=\"allow-scripts\" security=\"restricted\" src=\"https:\/\/web.umons.ac.be\/semf\/2026\/04\/23\/3346\/embed\/#?secret=1V3sYQdNXv\" width=\"600\" height=\"338\" title=\"\u00ab\u00a0\u00a0\u00bb &#8212; Service \/ FPSE - Sciences de l&#039;Enseignement et de la Formation\" data-secret=\"1V3sYQdNXv\" frameborder=\"0\" marginwidth=\"0\" marginheight=\"0\" scrolling=\"no\" class=\"wp-embedded-content\"><\/iframe><script type=\"text\/javascript\">\n\/* <![CDATA[ *\/\n\/*! This file is auto-generated *\/\n!function(d,l){\"use strict\";l.querySelector&&d.addEventListener&&\"undefined\"!=typeof URL&&(d.wp=d.wp||{},d.wp.receiveEmbedMessage||(d.wp.receiveEmbedMessage=function(e){var t=e.data;if((t||t.secret||t.message||t.value)&&!\/[^a-zA-Z0-9]\/.test(t.secret)){for(var s,r,n,a=l.querySelectorAll('iframe[data-secret=\"'+t.secret+'\"]'),o=l.querySelectorAll('blockquote[data-secret=\"'+t.secret+'\"]'),c=new RegExp(\"^https?:$\",\"i\"),i=0;i<o.length;i++)o[i].style.display=\"none\";for(i=0;i<a.length;i++)s=a[i],e.source===s.contentWindow&&(s.removeAttribute(\"style\"),\"height\"===t.message?(1e3<(r=parseInt(t.value,10))?r=1e3:~~r<200&&(r=200),s.height=r):\"link\"===t.message&&(r=new URL(s.getAttribute(\"src\")),n=new URL(t.value),c.test(n.protocol))&&n.host===r.host&&l.activeElement===s&&(d.top.location.href=t.value))}},d.addEventListener(\"message\",d.wp.receiveEmbedMessage,!1),l.addEventListener(\"DOMContentLoaded\",function(){for(var e,t,s=l.querySelectorAll(\"iframe.wp-embedded-content\"),r=0;r<s.length;r++)(t=(e=s[r]).getAttribute(\"data-secret\"))||(t=Math.random().toString(36).substring(2,12),e.src+=\"#?secret=\"+t,e.setAttribute(\"data-secret\",t)),e.contentWindow.postMessage({message:\"ready\",secret:t},\"*\")},!1)))}(window,document);\n\/\/# sourceURL=https:\/\/web.umons.ac.be\/semf\/wp-includes\/js\/wp-embed.min.js\n\/* ]]> *\/\n<\/script>\n","thumbnail_url":"https:\/\/web.umons.ac.be\/app\/uploads\/sites\/103\/2026\/04\/20260421_120528-scaled.jpg","thumbnail_width":2560,"thumbnail_height":1441,"description":"La\u00ebtitia Delbart a d\u00e9fendu avec brio son travail doctoral intitul\u00e9 \u00ab\u00a0Former \u00e0 la gestion de classe. Analyse des repr\u00e9sentations pr\u00e9professionnelles, des pratiques effectives et du d\u00e9veloppement de la r\u00e9flexivit\u00e9 en formation initiale des enseignants\u00a0\u00bb ce mardi 21 avril 2026 et a obtenu le grade acad\u00e9mique de Docteure en sciences de l\u2019\u00e9ducation et enseignement."}

Laëtitia Delbart a défendu avec brio son travail doctoral intitulé « Former à la gestion de classe. Analyse des représentations préprofessionnelles, des pratiques effectives et du développement de la réflexivité en formation initiale des enseignants » ce mardi 21 avril 2026 et a obtenu le grade académique de Docteure en sciences de l’éducation et enseignement.
