{"id":139,"date":"2021-12-13T11:04:05","date_gmt":"2021-12-13T10:04:05","guid":{"rendered":"https:\/\/web.umons.ac.be\/semf\/?page_id=139"},"modified":"2022-09-22T17:00:40","modified_gmt":"2022-09-22T15:00:40","slug":"laurie-simon","status":"publish","type":"page","link":"https:\/\/web.umons.ac.be\/semf\/laurie-simon\/","title":{"rendered":"Laurie SIMON"},"content":{"rendered":"<div class=\"welcomeImage\">\n<div id=\"ctl00_PlaceHolderMain_PageImage__ControlWrapper_RichImageField\"><span style=\"font-size: 14px\"><img loading=\"lazy\" decoding=\"async\" class=\"size-thumbnail wp-image-697 alignleft\" src=\"https:\/\/web.umons.ac.be\/app\/uploads\/sites\/103\/2022\/09\/SimonLaurie-150x150.jpg\" alt=\"\" width=\"150\" height=\"150\" srcset=\"https:\/\/web.umons.ac.be\/app\/uploads\/sites\/103\/2022\/09\/SimonLaurie-150x150.jpg 150w, https:\/\/web.umons.ac.be\/app\/uploads\/sites\/103\/2022\/09\/SimonLaurie-300x300.jpg 300w, https:\/\/web.umons.ac.be\/app\/uploads\/sites\/103\/2022\/09\/SimonLaurie-768x765.jpg 768w, https:\/\/web.umons.ac.be\/app\/uploads\/sites\/103\/2022\/09\/SimonLaurie-663x660.jpg 663w, https:\/\/web.umons.ac.be\/app\/uploads\/sites\/103\/2022\/09\/SimonLaurie-30x30.jpg 30w, https:\/\/web.umons.ac.be\/app\/uploads\/sites\/103\/2022\/09\/SimonLaurie-80x80.jpg 80w, https:\/\/web.umons.ac.be\/app\/uploads\/sites\/103\/2022\/09\/SimonLaurie-60x60.jpg 60w, https:\/\/web.umons.ac.be\/app\/uploads\/sites\/103\/2022\/09\/SimonLaurie-360x359.jpg 360w, https:\/\/web.umons.ac.be\/app\/uploads\/sites\/103\/2022\/09\/SimonLaurie-400x400.jpg 400w, https:\/\/web.umons.ac.be\/app\/uploads\/sites\/103\/2022\/09\/SimonLaurie-200x200.jpg 200w, https:\/\/web.umons.ac.be\/app\/uploads\/sites\/103\/2022\/09\/SimonLaurie.jpg 960w\" sizes=\"auto, (max-width: 150px) 100vw, 150px\" \/>Titulaire d\u2019un bachelier d\u2019institutrice primaire (2015), Laurie Simon a enseign\u00e9 de 2015 \u00e0 2017 dans toutes les classes de l\u2019enseignement primaire, en tant que titulaire, polyvalente et rem\u00e9diatrice. R\u00e9alisant actuellement sa deuxi\u00e8me et derni\u00e8re ann\u00e9e de Master en Sciences de l\u2019\u00c9ducation, elle a int\u00e9gr\u00e9 en septembre 2019 l\u2019Institut d\u2019Administration scolaire, afin d\u2019effectuer des travaux de recherche sur la diff\u00e9renciation dans le premier degr\u00e9 de l\u2019enseignement secondaire. Durant son ann\u00e9e de Master 1, elle a eu l\u2019occasion d\u2019effectuer un stage aux c\u00f4t\u00e9s de Madame Eveline Zuanon, psychop\u00e9dagogue de la HELha de Loverval, et a construit une grille d\u2019observation des gestes de diff\u00e9renciation \u00e0 destination des \u00e9tudiants futurs r\u00e9gents de 3e ann\u00e9e de bac.<\/span><\/div>\n<\/div>\n<div class=\"pageContent\">\n<div id=\"ctl00_PlaceHolderMain_Content__ControlWrapper_RichHtmlField\">\n<p>Cette ann\u00e9e, elle effectue un stage au Pass \u00e0 Frameries, pour lequel elle cr\u00e9e une valise p\u00e9dagogique num\u00e9rique pour les enseignants, dans le cadre de leur visite de l\u2019exposition \u00ab Mon corps, ma sant\u00e9 \u00bb. Pour finir, la gestion de classe constituant une difficult\u00e9 majeure pour les enseignants aussi bien novices que plus exp\u00e9riment\u00e9s, elle questionne ce th\u00e8me \u00e0 travers la litt\u00e9rature et le cin\u00e9ma, en effectuant une analyse de l\u2019\u0153uvre de fiction Harry Potter pour son m\u00e9moire de Master.<\/p>\n<\/div>\n<\/div>\n","protected":false},"excerpt":{"rendered":"<p>Titulaire d\u2019un bachelier d\u2019institutrice primaire (2015), Laurie Simon a enseign\u00e9 de 2015 \u00e0 2017 dans toutes les classes de l\u2019enseignement primaire, en tant que titulaire, polyvalente et rem\u00e9diatrice. R\u00e9alisant actuellement sa deuxi\u00e8me et derni\u00e8re ann\u00e9e de Master en Sciences de l\u2019\u00c9ducation, elle a int\u00e9gr\u00e9 en septembre 2019 l\u2019Institut d\u2019Administration scolaire, afin d\u2019effectuer des travaux de [&hellip;]<\/p>\n","protected":false},"author":121,"featured_media":0,"parent":0,"menu_order":0,"comment_status":"closed","ping_status":"closed","template":"","meta":{"footnotes":""},"class_list":["post-139","page","type-page","status-publish","hentry"],"yoast_head":"<!-- This site is optimized with the Yoast SEO plugin v27.2 - https:\/\/yoast.com\/product\/yoast-seo-wordpress\/ -->\n<title>Laurie SIMON - Service \/ FPSE - Sciences de l&#039;Enseignement et de la Formation<\/title>\n<meta name=\"robots\" content=\"index, follow, max-snippet:-1, max-image-preview:large, max-video-preview:-1\" \/>\n<link rel=\"canonical\" href=\"https:\/\/web.umons.ac.be\/semf\/laurie-simon\/\" \/>\n<meta property=\"og:locale\" content=\"fr_FR\" \/>\n<meta property=\"og:type\" content=\"article\" \/>\n<meta property=\"og:title\" content=\"Laurie SIMON - Service \/ FPSE - Sciences de l&#039;Enseignement et de la Formation\" \/>\n<meta property=\"og:description\" content=\"Titulaire d\u2019un bachelier d\u2019institutrice primaire (2015), Laurie Simon a enseign\u00e9 de 2015 \u00e0 2017 dans toutes les classes de l\u2019enseignement primaire, en tant que titulaire, polyvalente et rem\u00e9diatrice. R\u00e9alisant actuellement sa deuxi\u00e8me et derni\u00e8re ann\u00e9e de Master en Sciences de l\u2019\u00c9ducation, elle a int\u00e9gr\u00e9 en septembre 2019 l\u2019Institut d\u2019Administration scolaire, afin d\u2019effectuer des travaux de [&hellip;]\" \/>\n<meta property=\"og:url\" content=\"https:\/\/web.umons.ac.be\/semf\/laurie-simon\/\" \/>\n<meta property=\"og:site_name\" content=\"Service \/ FPSE - Sciences de l&#039;Enseignement et de la Formation\" \/>\n<meta property=\"article:modified_time\" content=\"2022-09-22T15:00:40+00:00\" \/>\n<meta property=\"og:image\" content=\"https:\/\/web.umons.ac.be\/app\/uploads\/sites\/103\/2022\/09\/SimonLaurie-150x150.jpg\" \/>\n<meta name=\"twitter:card\" content=\"summary_large_image\" \/>\n<meta name=\"twitter:label1\" content=\"Dur\u00e9e de lecture estim\u00e9e\" \/>\n\t<meta name=\"twitter:data1\" content=\"1 minute\" \/>\n<script type=\"application\/ld+json\" class=\"yoast-schema-graph\">{\"@context\":\"https:\/\/schema.org\",\"@graph\":[{\"@type\":\"WebPage\",\"@id\":\"https:\/\/web.umons.ac.be\/semf\/laurie-simon\/\",\"url\":\"https:\/\/web.umons.ac.be\/semf\/laurie-simon\/\",\"name\":\"Laurie SIMON - Service \/ FPSE - Sciences de l&#039;Enseignement et de la Formation\",\"isPartOf\":{\"@id\":\"https:\/\/web.umons.ac.be\/semf\/#website\"},\"primaryImageOfPage\":{\"@id\":\"https:\/\/web.umons.ac.be\/semf\/laurie-simon\/#primaryimage\"},\"image\":{\"@id\":\"https:\/\/web.umons.ac.be\/semf\/laurie-simon\/#primaryimage\"},\"thumbnailUrl\":\"https:\/\/web.umons.ac.be\/app\/uploads\/sites\/103\/2022\/09\/SimonLaurie-150x150.jpg\",\"datePublished\":\"2021-12-13T10:04:05+00:00\",\"dateModified\":\"2022-09-22T15:00:40+00:00\",\"breadcrumb\":{\"@id\":\"https:\/\/web.umons.ac.be\/semf\/laurie-simon\/#breadcrumb\"},\"inLanguage\":\"fr-FR\",\"potentialAction\":[{\"@type\":\"ReadAction\",\"target\":[\"https:\/\/web.umons.ac.be\/semf\/laurie-simon\/\"]}]},{\"@type\":\"ImageObject\",\"inLanguage\":\"fr-FR\",\"@id\":\"https:\/\/web.umons.ac.be\/semf\/laurie-simon\/#primaryimage\",\"url\":\"https:\/\/web.umons.ac.be\/app\/uploads\/sites\/103\/2022\/09\/SimonLaurie-150x150.jpg\",\"contentUrl\":\"https:\/\/web.umons.ac.be\/app\/uploads\/sites\/103\/2022\/09\/SimonLaurie-150x150.jpg\"},{\"@type\":\"BreadcrumbList\",\"@id\":\"https:\/\/web.umons.ac.be\/semf\/laurie-simon\/#breadcrumb\",\"itemListElement\":[{\"@type\":\"ListItem\",\"position\":1,\"name\":\"Home\",\"item\":\"https:\/\/web.umons.ac.be\/semf\/\"},{\"@type\":\"ListItem\",\"position\":2,\"name\":\"Laurie SIMON\"}]},{\"@type\":\"WebSite\",\"@id\":\"https:\/\/web.umons.ac.be\/semf\/#website\",\"url\":\"https:\/\/web.umons.ac.be\/semf\/\",\"name\":\"Service \/ FPSE - M\u00e9thodologie et formation\",\"description\":\"\",\"publisher\":{\"@id\":\"https:\/\/web.umons.ac.be\/semf\/#organization\"},\"potentialAction\":[{\"@type\":\"SearchAction\",\"target\":{\"@type\":\"EntryPoint\",\"urlTemplate\":\"https:\/\/web.umons.ac.be\/semf\/?s={search_term_string}\"},\"query-input\":{\"@type\":\"PropertyValueSpecification\",\"valueRequired\":true,\"valueName\":\"search_term_string\"}}],\"inLanguage\":\"fr-FR\"},{\"@type\":\"Organization\",\"@id\":\"https:\/\/web.umons.ac.be\/semf\/#organization\",\"name\":\"Service \/ FPSE - M\u00e9thodologie et formation\",\"url\":\"https:\/\/web.umons.ac.be\/semf\/\",\"logo\":{\"@type\":\"ImageObject\",\"inLanguage\":\"fr-FR\",\"@id\":\"https:\/\/web.umons.ac.be\/semf\/#\/schema\/logo\/image\/\",\"url\":\"https:\/\/web.umons.ac.be\/app\/uploads\/sites\/103\/2021\/11\/LOGOP316_Benoit-VANSCHOEBEKE.svg\",\"contentUrl\":\"https:\/\/web.umons.ac.be\/app\/uploads\/sites\/103\/2021\/11\/LOGOP316_Benoit-VANSCHOEBEKE.svg\",\"width\":1,\"height\":1,\"caption\":\"Service \/ FPSE - M\u00e9thodologie et formation\"},\"image\":{\"@id\":\"https:\/\/web.umons.ac.be\/semf\/#\/schema\/logo\/image\/\"}}]}<\/script>\n<!-- \/ Yoast SEO plugin. -->","yoast_head_json":{"title":"Laurie SIMON - Service \/ FPSE - Sciences de l&#039;Enseignement et de la Formation","robots":{"index":"index","follow":"follow","max-snippet":"max-snippet:-1","max-image-preview":"max-image-preview:large","max-video-preview":"max-video-preview:-1"},"canonical":"https:\/\/web.umons.ac.be\/semf\/laurie-simon\/","og_locale":"fr_FR","og_type":"article","og_title":"Laurie SIMON - Service \/ FPSE - Sciences de l&#039;Enseignement et de la Formation","og_description":"Titulaire d\u2019un bachelier d\u2019institutrice primaire (2015), Laurie Simon a enseign\u00e9 de 2015 \u00e0 2017 dans toutes les classes de l\u2019enseignement primaire, en tant que titulaire, polyvalente et rem\u00e9diatrice. R\u00e9alisant actuellement sa deuxi\u00e8me et derni\u00e8re ann\u00e9e de Master en Sciences de l\u2019\u00c9ducation, elle a int\u00e9gr\u00e9 en septembre 2019 l\u2019Institut d\u2019Administration scolaire, afin d\u2019effectuer des travaux de [&hellip;]","og_url":"https:\/\/web.umons.ac.be\/semf\/laurie-simon\/","og_site_name":"Service \/ FPSE - Sciences de l&#039;Enseignement et de la Formation","article_modified_time":"2022-09-22T15:00:40+00:00","og_image":[{"url":"https:\/\/web.umons.ac.be\/app\/uploads\/sites\/103\/2022\/09\/SimonLaurie-150x150.jpg","type":"","width":"","height":""}],"twitter_card":"summary_large_image","twitter_misc":{"Dur\u00e9e de lecture estim\u00e9e":"1 minute"},"schema":{"@context":"https:\/\/schema.org","@graph":[{"@type":"WebPage","@id":"https:\/\/web.umons.ac.be\/semf\/laurie-simon\/","url":"https:\/\/web.umons.ac.be\/semf\/laurie-simon\/","name":"Laurie SIMON - Service \/ FPSE - Sciences de l&#039;Enseignement et de la Formation","isPartOf":{"@id":"https:\/\/web.umons.ac.be\/semf\/#website"},"primaryImageOfPage":{"@id":"https:\/\/web.umons.ac.be\/semf\/laurie-simon\/#primaryimage"},"image":{"@id":"https:\/\/web.umons.ac.be\/semf\/laurie-simon\/#primaryimage"},"thumbnailUrl":"https:\/\/web.umons.ac.be\/app\/uploads\/sites\/103\/2022\/09\/SimonLaurie-150x150.jpg","datePublished":"2021-12-13T10:04:05+00:00","dateModified":"2022-09-22T15:00:40+00:00","breadcrumb":{"@id":"https:\/\/web.umons.ac.be\/semf\/laurie-simon\/#breadcrumb"},"inLanguage":"fr-FR","potentialAction":[{"@type":"ReadAction","target":["https:\/\/web.umons.ac.be\/semf\/laurie-simon\/"]}]},{"@type":"ImageObject","inLanguage":"fr-FR","@id":"https:\/\/web.umons.ac.be\/semf\/laurie-simon\/#primaryimage","url":"https:\/\/web.umons.ac.be\/app\/uploads\/sites\/103\/2022\/09\/SimonLaurie-150x150.jpg","contentUrl":"https:\/\/web.umons.ac.be\/app\/uploads\/sites\/103\/2022\/09\/SimonLaurie-150x150.jpg"},{"@type":"BreadcrumbList","@id":"https:\/\/web.umons.ac.be\/semf\/laurie-simon\/#breadcrumb","itemListElement":[{"@type":"ListItem","position":1,"name":"Home","item":"https:\/\/web.umons.ac.be\/semf\/"},{"@type":"ListItem","position":2,"name":"Laurie SIMON"}]},{"@type":"WebSite","@id":"https:\/\/web.umons.ac.be\/semf\/#website","url":"https:\/\/web.umons.ac.be\/semf\/","name":"Service \/ FPSE - M\u00e9thodologie et formation","description":"","publisher":{"@id":"https:\/\/web.umons.ac.be\/semf\/#organization"},"potentialAction":[{"@type":"SearchAction","target":{"@type":"EntryPoint","urlTemplate":"https:\/\/web.umons.ac.be\/semf\/?s={search_term_string}"},"query-input":{"@type":"PropertyValueSpecification","valueRequired":true,"valueName":"search_term_string"}}],"inLanguage":"fr-FR"},{"@type":"Organization","@id":"https:\/\/web.umons.ac.be\/semf\/#organization","name":"Service \/ FPSE - M\u00e9thodologie et formation","url":"https:\/\/web.umons.ac.be\/semf\/","logo":{"@type":"ImageObject","inLanguage":"fr-FR","@id":"https:\/\/web.umons.ac.be\/semf\/#\/schema\/logo\/image\/","url":"https:\/\/web.umons.ac.be\/app\/uploads\/sites\/103\/2021\/11\/LOGOP316_Benoit-VANSCHOEBEKE.svg","contentUrl":"https:\/\/web.umons.ac.be\/app\/uploads\/sites\/103\/2021\/11\/LOGOP316_Benoit-VANSCHOEBEKE.svg","width":1,"height":1,"caption":"Service \/ FPSE - M\u00e9thodologie et formation"},"image":{"@id":"https:\/\/web.umons.ac.be\/semf\/#\/schema\/logo\/image\/"}}]}},"lang":"fr","translations":{"fr":139},"pll_sync_post":[],"_links":{"self":[{"href":"https:\/\/web.umons.ac.be\/semf\/wp-json\/wp\/v2\/pages\/139","targetHints":{"allow":["GET"]}}],"collection":[{"href":"https:\/\/web.umons.ac.be\/semf\/wp-json\/wp\/v2\/pages"}],"about":[{"href":"https:\/\/web.umons.ac.be\/semf\/wp-json\/wp\/v2\/types\/page"}],"author":[{"embeddable":true,"href":"https:\/\/web.umons.ac.be\/semf\/wp-json\/wp\/v2\/users\/121"}],"replies":[{"embeddable":true,"href":"https:\/\/web.umons.ac.be\/semf\/wp-json\/wp\/v2\/comments?post=139"}],"version-history":[{"count":2,"href":"https:\/\/web.umons.ac.be\/semf\/wp-json\/wp\/v2\/pages\/139\/revisions"}],"predecessor-version":[{"id":698,"href":"https:\/\/web.umons.ac.be\/semf\/wp-json\/wp\/v2\/pages\/139\/revisions\/698"}],"wp:attachment":[{"href":"https:\/\/web.umons.ac.be\/semf\/wp-json\/wp\/v2\/media?parent=139"}],"curies":[{"name":"wp","href":"https:\/\/api.w.org\/{rel}","templated":true}]}}