{"id":170,"date":"2021-12-13T11:36:38","date_gmt":"2021-12-13T10:36:38","guid":{"rendered":"https:\/\/web.umons.ac.be\/semf\/?page_id=170"},"modified":"2021-12-13T11:36:38","modified_gmt":"2021-12-13T10:36:38","slug":"arnaud-dehon","status":"publish","type":"page","link":"https:\/\/web.umons.ac.be\/semf\/arnaud-dehon\/","title":{"rendered":"Arnaud DEHON\u00a0"},"content":{"rendered":"<div class=\"welcomeImage\">\n<div id=\"ctl00_PlaceHolderMain_PageImage__ControlWrapper_RichImageField\"><span dir=\"\"><img decoding=\"async\" class=\"alignleft\" src=\"https:\/\/sharepoint1.umons.ac.be\/FR\/universite\/facultes\/fpse\/serviceseetr\/methodo\/membres\/PublishingImages\/Arnaud.JPG\" alt=\"\" width=\"101\" border=\"0\" \/><\/span><\/div>\n<\/div>\n<div class=\"pageContent\">\n<div id=\"ctl00_PlaceHolderMain_Content__ControlWrapper_RichHtmlField\">\n<p>Instituteur primaire de 2004 \u00e0 2007, Arnaud Dehon a int\u00e9gr\u00e9 l\u2019INAS en septembre 2007. Titulaire d\u2019une licence en Sciences de l\u2019Education (2007), il a occup\u00e9 un poste d\u2019assistant de recherche de septembre 2007 \u00e0 septembre 2012. Les travaux de recherche qu\u2019il a r\u00e9alis\u00e9 portaient sur la p\u00e9dagogie\/didactique dans les classes en Belgique francophone : le diagnostic des difficult\u00e9s d\u2019apprentissage, cr\u00e9ation et mise en place de dispositifs et d\u2019outils de rem\u00e9diation imm\u00e9diate (recherches commandit\u00e9es par la Communaut\u00e9 fran\u00e7aise de Belgique \u00ab Mieux diagnostiquer pour mieux enseigner : d\u00e9veloppement d\u2019outils de diagnostic de la ma\u00eetrise par les \u00e9l\u00e8ves de comp\u00e9tences cibl\u00e9es \u00e0 l\u2019issue de l\u2019enseignement primaire \u00bb, \u00ab Mise \u00e0 l\u2019\u00e9preuve d\u2019outils de rem\u00e9diation imm\u00e9diate dans l\u2019enseignement primaire du r\u00e9seau de la Communaut\u00e9 fran\u00e7aise \u00bb, \u00ab d\u00e9veloppement d\u2019outils de diagnostic et de rem\u00e9diation imm\u00e9diate au travers d\u2019activit\u00e9s scientifiques au premier degr\u00e9 de l\u2019enseignement secondaire \u00bb).<\/p>\n<p>De janvier 2010 \u00e0 d\u00e9cembre 2012, il a travaill\u00e9 sur une recherche financ\u00e9e par le FNRS et qui portait sur la d\u00e9termination d\u2019indicateurs d\u2019efficacit\u00e9 dans les dispositifs p\u00e9dagogiques en formation initiale des enseignants.<\/p>\n<p>Depuis septembre 2012, il occupe un poste d\u2019assistant du Professeur Marc Demeuse. Son travail se compose d\u2019une charge li\u00e9e \u00e0 l\u2019encadrement des \u00e9tudiants : projets, stages, m\u00e9moires, formation pratique des agr\u00e9g\u00e9s, cours en master en sciences de l\u2019\u00e9ducation\u2026 ; et d\u2019une charge de recherche dans le cadre de la r\u00e9alisation d\u2019une th\u00e8se. Celle-ci porte sur le d\u00e9veloppement des gestes professionnels des futurs enseignants et sur les m\u00e9thodes d\u2019observation des enseignants via le recours \u00e0 des outils informatiques d\u2019observation des comportements.<\/p>\n<p><a title=\"\" href=\"http:\/\/applications.umons.ac.be\/webappspub\/wsxmlpubs\/GetList.aspx?matricule=503508&amp;output=html\" target=\"\" rel=\"noopener\">Liste des publications de Arnaud Dehon (DI de l&rsquo;UMONS)<\/a><\/p>\n<\/div>\n<\/div>\n","protected":false},"excerpt":{"rendered":"<p>Instituteur primaire de 2004 \u00e0 2007, Arnaud Dehon a int\u00e9gr\u00e9 l\u2019INAS en septembre 2007. Titulaire d\u2019une licence en Sciences de l\u2019Education (2007), il a occup\u00e9 un poste d\u2019assistant de recherche de septembre 2007 \u00e0 septembre 2012. Les travaux de recherche qu\u2019il a r\u00e9alis\u00e9 portaient sur la p\u00e9dagogie\/didactique dans les classes en Belgique francophone : le [&hellip;]<\/p>\n","protected":false},"author":121,"featured_media":0,"parent":0,"menu_order":0,"comment_status":"closed","ping_status":"closed","template":"","meta":{"footnotes":""},"class_list":["post-170","page","type-page","status-publish","hentry"],"yoast_head":"<!-- This site is optimized with the Yoast SEO plugin v27.2 - https:\/\/yoast.com\/product\/yoast-seo-wordpress\/ -->\n<title>Arnaud DEHON\u00a0 - Service \/ FPSE - Sciences de l&#039;Enseignement et de la Formation<\/title>\n<meta name=\"robots\" content=\"index, follow, max-snippet:-1, max-image-preview:large, max-video-preview:-1\" \/>\n<link rel=\"canonical\" href=\"https:\/\/web.umons.ac.be\/semf\/arnaud-dehon\/\" \/>\n<meta property=\"og:locale\" content=\"fr_FR\" \/>\n<meta property=\"og:type\" content=\"article\" \/>\n<meta property=\"og:title\" content=\"Arnaud DEHON\u00a0 - Service \/ FPSE - Sciences de l&#039;Enseignement et de la Formation\" \/>\n<meta property=\"og:description\" content=\"Instituteur primaire de 2004 \u00e0 2007, Arnaud Dehon a int\u00e9gr\u00e9 l\u2019INAS en septembre 2007. Titulaire d\u2019une licence en Sciences de l\u2019Education (2007), il a occup\u00e9 un poste d\u2019assistant de recherche de septembre 2007 \u00e0 septembre 2012. Les travaux de recherche qu\u2019il a r\u00e9alis\u00e9 portaient sur la p\u00e9dagogie\/didactique dans les classes en Belgique francophone : le [&hellip;]\" \/>\n<meta property=\"og:url\" content=\"https:\/\/web.umons.ac.be\/semf\/arnaud-dehon\/\" \/>\n<meta property=\"og:site_name\" content=\"Service \/ FPSE - Sciences de l&#039;Enseignement et de la Formation\" \/>\n<meta property=\"og:image\" content=\"https:\/\/sharepoint1.umons.ac.be\/FR\/universite\/facultes\/fpse\/serviceseetr\/methodo\/membres\/PublishingImages\/Arnaud.JPG\" \/>\n<meta name=\"twitter:card\" content=\"summary_large_image\" \/>\n<meta name=\"twitter:label1\" content=\"Dur\u00e9e de lecture estim\u00e9e\" \/>\n\t<meta name=\"twitter:data1\" content=\"2 minutes\" \/>\n<script type=\"application\/ld+json\" class=\"yoast-schema-graph\">{\"@context\":\"https:\/\/schema.org\",\"@graph\":[{\"@type\":\"WebPage\",\"@id\":\"https:\/\/web.umons.ac.be\/semf\/arnaud-dehon\/\",\"url\":\"https:\/\/web.umons.ac.be\/semf\/arnaud-dehon\/\",\"name\":\"Arnaud DEHON\u00a0 - Service \/ FPSE - Sciences de l&#039;Enseignement et de la Formation\",\"isPartOf\":{\"@id\":\"https:\/\/web.umons.ac.be\/semf\/#website\"},\"primaryImageOfPage\":{\"@id\":\"https:\/\/web.umons.ac.be\/semf\/arnaud-dehon\/#primaryimage\"},\"image\":{\"@id\":\"https:\/\/web.umons.ac.be\/semf\/arnaud-dehon\/#primaryimage\"},\"thumbnailUrl\":\"https:\/\/sharepoint1.umons.ac.be\/FR\/universite\/facultes\/fpse\/serviceseetr\/methodo\/membres\/PublishingImages\/Arnaud.JPG\",\"datePublished\":\"2021-12-13T10:36:38+00:00\",\"breadcrumb\":{\"@id\":\"https:\/\/web.umons.ac.be\/semf\/arnaud-dehon\/#breadcrumb\"},\"inLanguage\":\"fr-FR\",\"potentialAction\":[{\"@type\":\"ReadAction\",\"target\":[\"https:\/\/web.umons.ac.be\/semf\/arnaud-dehon\/\"]}]},{\"@type\":\"ImageObject\",\"inLanguage\":\"fr-FR\",\"@id\":\"https:\/\/web.umons.ac.be\/semf\/arnaud-dehon\/#primaryimage\",\"url\":\"https:\/\/sharepoint1.umons.ac.be\/FR\/universite\/facultes\/fpse\/serviceseetr\/methodo\/membres\/PublishingImages\/Arnaud.JPG\",\"contentUrl\":\"https:\/\/sharepoint1.umons.ac.be\/FR\/universite\/facultes\/fpse\/serviceseetr\/methodo\/membres\/PublishingImages\/Arnaud.JPG\"},{\"@type\":\"BreadcrumbList\",\"@id\":\"https:\/\/web.umons.ac.be\/semf\/arnaud-dehon\/#breadcrumb\",\"itemListElement\":[{\"@type\":\"ListItem\",\"position\":1,\"name\":\"Home\",\"item\":\"https:\/\/web.umons.ac.be\/semf\/\"},{\"@type\":\"ListItem\",\"position\":2,\"name\":\"Arnaud DEHON\u00a0\"}]},{\"@type\":\"WebSite\",\"@id\":\"https:\/\/web.umons.ac.be\/semf\/#website\",\"url\":\"https:\/\/web.umons.ac.be\/semf\/\",\"name\":\"Service \/ FPSE - M\u00e9thodologie et formation\",\"description\":\"\",\"publisher\":{\"@id\":\"https:\/\/web.umons.ac.be\/semf\/#organization\"},\"potentialAction\":[{\"@type\":\"SearchAction\",\"target\":{\"@type\":\"EntryPoint\",\"urlTemplate\":\"https:\/\/web.umons.ac.be\/semf\/?s={search_term_string}\"},\"query-input\":{\"@type\":\"PropertyValueSpecification\",\"valueRequired\":true,\"valueName\":\"search_term_string\"}}],\"inLanguage\":\"fr-FR\"},{\"@type\":\"Organization\",\"@id\":\"https:\/\/web.umons.ac.be\/semf\/#organization\",\"name\":\"Service \/ FPSE - M\u00e9thodologie et formation\",\"url\":\"https:\/\/web.umons.ac.be\/semf\/\",\"logo\":{\"@type\":\"ImageObject\",\"inLanguage\":\"fr-FR\",\"@id\":\"https:\/\/web.umons.ac.be\/semf\/#\/schema\/logo\/image\/\",\"url\":\"https:\/\/web.umons.ac.be\/app\/uploads\/sites\/103\/2021\/11\/LOGOP316_Benoit-VANSCHOEBEKE.svg\",\"contentUrl\":\"https:\/\/web.umons.ac.be\/app\/uploads\/sites\/103\/2021\/11\/LOGOP316_Benoit-VANSCHOEBEKE.svg\",\"width\":1,\"height\":1,\"caption\":\"Service \/ FPSE - M\u00e9thodologie et formation\"},\"image\":{\"@id\":\"https:\/\/web.umons.ac.be\/semf\/#\/schema\/logo\/image\/\"}}]}<\/script>\n<!-- \/ Yoast SEO plugin. -->","yoast_head_json":{"title":"Arnaud DEHON\u00a0 - Service \/ FPSE - Sciences de l&#039;Enseignement et de la Formation","robots":{"index":"index","follow":"follow","max-snippet":"max-snippet:-1","max-image-preview":"max-image-preview:large","max-video-preview":"max-video-preview:-1"},"canonical":"https:\/\/web.umons.ac.be\/semf\/arnaud-dehon\/","og_locale":"fr_FR","og_type":"article","og_title":"Arnaud DEHON\u00a0 - Service \/ FPSE - Sciences de l&#039;Enseignement et de la Formation","og_description":"Instituteur primaire de 2004 \u00e0 2007, Arnaud Dehon a int\u00e9gr\u00e9 l\u2019INAS en septembre 2007. Titulaire d\u2019une licence en Sciences de l\u2019Education (2007), il a occup\u00e9 un poste d\u2019assistant de recherche de septembre 2007 \u00e0 septembre 2012. Les travaux de recherche qu\u2019il a r\u00e9alis\u00e9 portaient sur la p\u00e9dagogie\/didactique dans les classes en Belgique francophone : le [&hellip;]","og_url":"https:\/\/web.umons.ac.be\/semf\/arnaud-dehon\/","og_site_name":"Service \/ FPSE - Sciences de l&#039;Enseignement et de la Formation","og_image":[{"url":"https:\/\/sharepoint1.umons.ac.be\/FR\/universite\/facultes\/fpse\/serviceseetr\/methodo\/membres\/PublishingImages\/Arnaud.JPG","type":"","width":"","height":""}],"twitter_card":"summary_large_image","twitter_misc":{"Dur\u00e9e de lecture estim\u00e9e":"2 minutes"},"schema":{"@context":"https:\/\/schema.org","@graph":[{"@type":"WebPage","@id":"https:\/\/web.umons.ac.be\/semf\/arnaud-dehon\/","url":"https:\/\/web.umons.ac.be\/semf\/arnaud-dehon\/","name":"Arnaud DEHON\u00a0 - Service \/ FPSE - Sciences de l&#039;Enseignement et de la Formation","isPartOf":{"@id":"https:\/\/web.umons.ac.be\/semf\/#website"},"primaryImageOfPage":{"@id":"https:\/\/web.umons.ac.be\/semf\/arnaud-dehon\/#primaryimage"},"image":{"@id":"https:\/\/web.umons.ac.be\/semf\/arnaud-dehon\/#primaryimage"},"thumbnailUrl":"https:\/\/sharepoint1.umons.ac.be\/FR\/universite\/facultes\/fpse\/serviceseetr\/methodo\/membres\/PublishingImages\/Arnaud.JPG","datePublished":"2021-12-13T10:36:38+00:00","breadcrumb":{"@id":"https:\/\/web.umons.ac.be\/semf\/arnaud-dehon\/#breadcrumb"},"inLanguage":"fr-FR","potentialAction":[{"@type":"ReadAction","target":["https:\/\/web.umons.ac.be\/semf\/arnaud-dehon\/"]}]},{"@type":"ImageObject","inLanguage":"fr-FR","@id":"https:\/\/web.umons.ac.be\/semf\/arnaud-dehon\/#primaryimage","url":"https:\/\/sharepoint1.umons.ac.be\/FR\/universite\/facultes\/fpse\/serviceseetr\/methodo\/membres\/PublishingImages\/Arnaud.JPG","contentUrl":"https:\/\/sharepoint1.umons.ac.be\/FR\/universite\/facultes\/fpse\/serviceseetr\/methodo\/membres\/PublishingImages\/Arnaud.JPG"},{"@type":"BreadcrumbList","@id":"https:\/\/web.umons.ac.be\/semf\/arnaud-dehon\/#breadcrumb","itemListElement":[{"@type":"ListItem","position":1,"name":"Home","item":"https:\/\/web.umons.ac.be\/semf\/"},{"@type":"ListItem","position":2,"name":"Arnaud DEHON\u00a0"}]},{"@type":"WebSite","@id":"https:\/\/web.umons.ac.be\/semf\/#website","url":"https:\/\/web.umons.ac.be\/semf\/","name":"Service \/ FPSE - M\u00e9thodologie et formation","description":"","publisher":{"@id":"https:\/\/web.umons.ac.be\/semf\/#organization"},"potentialAction":[{"@type":"SearchAction","target":{"@type":"EntryPoint","urlTemplate":"https:\/\/web.umons.ac.be\/semf\/?s={search_term_string}"},"query-input":{"@type":"PropertyValueSpecification","valueRequired":true,"valueName":"search_term_string"}}],"inLanguage":"fr-FR"},{"@type":"Organization","@id":"https:\/\/web.umons.ac.be\/semf\/#organization","name":"Service \/ FPSE - M\u00e9thodologie et formation","url":"https:\/\/web.umons.ac.be\/semf\/","logo":{"@type":"ImageObject","inLanguage":"fr-FR","@id":"https:\/\/web.umons.ac.be\/semf\/#\/schema\/logo\/image\/","url":"https:\/\/web.umons.ac.be\/app\/uploads\/sites\/103\/2021\/11\/LOGOP316_Benoit-VANSCHOEBEKE.svg","contentUrl":"https:\/\/web.umons.ac.be\/app\/uploads\/sites\/103\/2021\/11\/LOGOP316_Benoit-VANSCHOEBEKE.svg","width":1,"height":1,"caption":"Service \/ FPSE - M\u00e9thodologie et formation"},"image":{"@id":"https:\/\/web.umons.ac.be\/semf\/#\/schema\/logo\/image\/"}}]}},"lang":"fr","translations":{"fr":170},"pll_sync_post":[],"_links":{"self":[{"href":"https:\/\/web.umons.ac.be\/semf\/wp-json\/wp\/v2\/pages\/170","targetHints":{"allow":["GET"]}}],"collection":[{"href":"https:\/\/web.umons.ac.be\/semf\/wp-json\/wp\/v2\/pages"}],"about":[{"href":"https:\/\/web.umons.ac.be\/semf\/wp-json\/wp\/v2\/types\/page"}],"author":[{"embeddable":true,"href":"https:\/\/web.umons.ac.be\/semf\/wp-json\/wp\/v2\/users\/121"}],"replies":[{"embeddable":true,"href":"https:\/\/web.umons.ac.be\/semf\/wp-json\/wp\/v2\/comments?post=170"}],"version-history":[{"count":1,"href":"https:\/\/web.umons.ac.be\/semf\/wp-json\/wp\/v2\/pages\/170\/revisions"}],"predecessor-version":[{"id":171,"href":"https:\/\/web.umons.ac.be\/semf\/wp-json\/wp\/v2\/pages\/170\/revisions\/171"}],"wp:attachment":[{"href":"https:\/\/web.umons.ac.be\/semf\/wp-json\/wp\/v2\/media?parent=170"}],"curies":[{"name":"wp","href":"https:\/\/api.w.org\/{rel}","templated":true}]}}