{"id":183,"date":"2021-12-13T11:40:22","date_gmt":"2021-12-13T10:40:22","guid":{"rendered":"https:\/\/web.umons.ac.be\/semf\/?page_id=183"},"modified":"2021-12-13T11:40:35","modified_gmt":"2021-12-13T10:40:35","slug":"stephanie-malaise","status":"publish","type":"page","link":"https:\/\/web.umons.ac.be\/semf\/stephanie-malaise\/","title":{"rendered":"St\u00e9phanie Malaise"},"content":{"rendered":"<div class=\"welcomeImage\">\n<div id=\"ctl00_PlaceHolderMain_PageImage__ControlWrapper_RichImageField\"><span dir=\"\"><img decoding=\"async\" class=\"alignleft\" src=\"https:\/\/sharepoint1.umons.ac.be\/FR\/universite\/facultes\/fpse\/serviceseetr\/methodo\/membres\/PublishingImages\/steph.jpg\" alt=\"\" width=\"101\" border=\"0\" \/><\/span> <span style=\"font-size: 14px\">St\u00e9phanie Malaise est titulaire d\u2019un bachelier d\u2019Institutrice primaire (2005) et d\u2019une licence en Sciences de l\u2019\u00c9ducation (2008). Depuis son arriv\u00e9e \u00e0 l\u2019INAS en 2008, les recherches dans lesquelles elle s\u2019est impliqu\u00e9e portent sur :<\/span><\/div>\n<\/div>\n<div class=\"pageContent\">\n<div id=\"ctl00_PlaceHolderMain_Content__ControlWrapper_RichHtmlField\">\n<ul>\n<li>le d\u00e9veloppement d\u2019outils de diagnostic de la ma\u00eetrise des comp\u00e9tences par les \u00e9l\u00e8ves et la mise en place de la rem\u00e9diation imm\u00e9diate ;<\/li>\n<li>le d\u00e9veloppement d\u2019outils de pilotage effectif du r\u00e9seau d\u2019enseignement de la Communaut\u00e9 fran\u00e7aise de Belgique ;<\/li>\n<li>la question du financement compl\u00e9mentaire et diff\u00e9renci\u00e9 des institutions de l\u2019enseignement sup\u00e9rieur en F\u00e9d\u00e9ration Wallonie-Bruxelles.<\/li>\n<\/ul>\n<p>A l\u2019heure actuelle, elle est engag\u00e9e avec deux coll\u00e8gues dans une recherche-accompagnement de projet d\u2019innovation p\u00e9dagogique et organisationnelle au sein du 2\u00e8me degr\u00e9 professionnel de l\u2019enseignement secondaire.<\/p>\n<p>En plus de ses activit\u00e9s de recherche, St\u00e9phanie Malaise est impliqu\u00e9e dans plusieurs formations organis\u00e9es par l\u2019Institut de Formation en cours de Carri\u00e8re. Elle est formatrice dans le cadre de formations classiques portant sur le diagnostic de la ma\u00eetrise de comp\u00e9tences et la rem\u00e9diation imm\u00e9diate dans l\u2019enseignement primaire et dans le premier degr\u00e9 de l\u2019enseignement secondaire. En outre, elle est int\u00e9gr\u00e9e aux \u00e9quipes de formateurs intervenant dans la formation au bar\u00e8me 501 et dans la formation destin\u00e9e aux candidats au titre de directeur d\u2019\u00e9tablissement scolaire.<\/p>\n<p><a title=\"\" href=\"http:\/\/applications.umons.ac.be\/webappspub\/wsxmlpubs\/GetList.aspx?matricule=503671&amp;output=html\" target=\"\" rel=\"noopener\">Liste des publications de St\u00e9phanie Malaise (DI de l&rsquo;UMONS)<\/a><\/p>\n<\/div>\n<\/div>\n","protected":false},"excerpt":{"rendered":"<p>St\u00e9phanie Malaise est titulaire d\u2019un bachelier d\u2019Institutrice primaire (2005) et d\u2019une licence en Sciences de l\u2019\u00c9ducation (2008). Depuis son arriv\u00e9e \u00e0 l\u2019INAS en 2008, les recherches dans lesquelles elle s\u2019est impliqu\u00e9e portent sur : le d\u00e9veloppement d\u2019outils de diagnostic de la ma\u00eetrise des comp\u00e9tences par les \u00e9l\u00e8ves et la mise en place de la rem\u00e9diation [&hellip;]<\/p>\n","protected":false},"author":121,"featured_media":0,"parent":0,"menu_order":0,"comment_status":"closed","ping_status":"closed","template":"","meta":{"footnotes":""},"class_list":["post-183","page","type-page","status-publish","hentry"],"yoast_head":"<!-- This site is optimized with the Yoast SEO plugin v27.2 - https:\/\/yoast.com\/product\/yoast-seo-wordpress\/ -->\n<title>St\u00e9phanie Malaise - Service \/ FPSE - Sciences de l&#039;Enseignement et de la Formation<\/title>\n<meta name=\"robots\" content=\"index, follow, max-snippet:-1, max-image-preview:large, max-video-preview:-1\" \/>\n<link rel=\"canonical\" href=\"https:\/\/web.umons.ac.be\/semf\/stephanie-malaise\/\" \/>\n<meta property=\"og:locale\" content=\"fr_FR\" \/>\n<meta property=\"og:type\" content=\"article\" \/>\n<meta property=\"og:title\" content=\"St\u00e9phanie Malaise - Service \/ FPSE - Sciences de l&#039;Enseignement et de la Formation\" \/>\n<meta property=\"og:description\" content=\"St\u00e9phanie Malaise est titulaire d\u2019un bachelier d\u2019Institutrice primaire (2005) et d\u2019une licence en Sciences de l\u2019\u00c9ducation (2008). Depuis son arriv\u00e9e \u00e0 l\u2019INAS en 2008, les recherches dans lesquelles elle s\u2019est impliqu\u00e9e portent sur : le d\u00e9veloppement d\u2019outils de diagnostic de la ma\u00eetrise des comp\u00e9tences par les \u00e9l\u00e8ves et la mise en place de la rem\u00e9diation [&hellip;]\" \/>\n<meta property=\"og:url\" content=\"https:\/\/web.umons.ac.be\/semf\/stephanie-malaise\/\" \/>\n<meta property=\"og:site_name\" content=\"Service \/ FPSE - Sciences de l&#039;Enseignement et de la Formation\" \/>\n<meta property=\"article:modified_time\" content=\"2021-12-13T10:40:35+00:00\" \/>\n<meta property=\"og:image\" content=\"https:\/\/sharepoint1.umons.ac.be\/FR\/universite\/facultes\/fpse\/serviceseetr\/methodo\/membres\/PublishingImages\/steph.jpg\" \/>\n<meta name=\"twitter:card\" content=\"summary_large_image\" \/>\n<meta name=\"twitter:label1\" content=\"Dur\u00e9e de lecture estim\u00e9e\" \/>\n\t<meta name=\"twitter:data1\" content=\"1 minute\" \/>\n<script type=\"application\/ld+json\" class=\"yoast-schema-graph\">{\"@context\":\"https:\/\/schema.org\",\"@graph\":[{\"@type\":\"WebPage\",\"@id\":\"https:\/\/web.umons.ac.be\/semf\/stephanie-malaise\/\",\"url\":\"https:\/\/web.umons.ac.be\/semf\/stephanie-malaise\/\",\"name\":\"St\u00e9phanie Malaise - Service \/ FPSE - Sciences de l&#039;Enseignement et de la Formation\",\"isPartOf\":{\"@id\":\"https:\/\/web.umons.ac.be\/semf\/#website\"},\"primaryImageOfPage\":{\"@id\":\"https:\/\/web.umons.ac.be\/semf\/stephanie-malaise\/#primaryimage\"},\"image\":{\"@id\":\"https:\/\/web.umons.ac.be\/semf\/stephanie-malaise\/#primaryimage\"},\"thumbnailUrl\":\"https:\/\/sharepoint1.umons.ac.be\/FR\/universite\/facultes\/fpse\/serviceseetr\/methodo\/membres\/PublishingImages\/steph.jpg\",\"datePublished\":\"2021-12-13T10:40:22+00:00\",\"dateModified\":\"2021-12-13T10:40:35+00:00\",\"breadcrumb\":{\"@id\":\"https:\/\/web.umons.ac.be\/semf\/stephanie-malaise\/#breadcrumb\"},\"inLanguage\":\"fr-FR\",\"potentialAction\":[{\"@type\":\"ReadAction\",\"target\":[\"https:\/\/web.umons.ac.be\/semf\/stephanie-malaise\/\"]}]},{\"@type\":\"ImageObject\",\"inLanguage\":\"fr-FR\",\"@id\":\"https:\/\/web.umons.ac.be\/semf\/stephanie-malaise\/#primaryimage\",\"url\":\"https:\/\/sharepoint1.umons.ac.be\/FR\/universite\/facultes\/fpse\/serviceseetr\/methodo\/membres\/PublishingImages\/steph.jpg\",\"contentUrl\":\"https:\/\/sharepoint1.umons.ac.be\/FR\/universite\/facultes\/fpse\/serviceseetr\/methodo\/membres\/PublishingImages\/steph.jpg\"},{\"@type\":\"BreadcrumbList\",\"@id\":\"https:\/\/web.umons.ac.be\/semf\/stephanie-malaise\/#breadcrumb\",\"itemListElement\":[{\"@type\":\"ListItem\",\"position\":1,\"name\":\"Home\",\"item\":\"https:\/\/web.umons.ac.be\/semf\/\"},{\"@type\":\"ListItem\",\"position\":2,\"name\":\"St\u00e9phanie Malaise\"}]},{\"@type\":\"WebSite\",\"@id\":\"https:\/\/web.umons.ac.be\/semf\/#website\",\"url\":\"https:\/\/web.umons.ac.be\/semf\/\",\"name\":\"Service \/ FPSE - M\u00e9thodologie et formation\",\"description\":\"\",\"publisher\":{\"@id\":\"https:\/\/web.umons.ac.be\/semf\/#organization\"},\"potentialAction\":[{\"@type\":\"SearchAction\",\"target\":{\"@type\":\"EntryPoint\",\"urlTemplate\":\"https:\/\/web.umons.ac.be\/semf\/?s={search_term_string}\"},\"query-input\":{\"@type\":\"PropertyValueSpecification\",\"valueRequired\":true,\"valueName\":\"search_term_string\"}}],\"inLanguage\":\"fr-FR\"},{\"@type\":\"Organization\",\"@id\":\"https:\/\/web.umons.ac.be\/semf\/#organization\",\"name\":\"Service \/ FPSE - M\u00e9thodologie et formation\",\"url\":\"https:\/\/web.umons.ac.be\/semf\/\",\"logo\":{\"@type\":\"ImageObject\",\"inLanguage\":\"fr-FR\",\"@id\":\"https:\/\/web.umons.ac.be\/semf\/#\/schema\/logo\/image\/\",\"url\":\"https:\/\/web.umons.ac.be\/app\/uploads\/sites\/103\/2021\/11\/LOGOP316_Benoit-VANSCHOEBEKE.svg\",\"contentUrl\":\"https:\/\/web.umons.ac.be\/app\/uploads\/sites\/103\/2021\/11\/LOGOP316_Benoit-VANSCHOEBEKE.svg\",\"width\":1,\"height\":1,\"caption\":\"Service \/ FPSE - M\u00e9thodologie et formation\"},\"image\":{\"@id\":\"https:\/\/web.umons.ac.be\/semf\/#\/schema\/logo\/image\/\"}}]}<\/script>\n<!-- \/ Yoast SEO plugin. -->","yoast_head_json":{"title":"St\u00e9phanie Malaise - Service \/ FPSE - Sciences de l&#039;Enseignement et de la Formation","robots":{"index":"index","follow":"follow","max-snippet":"max-snippet:-1","max-image-preview":"max-image-preview:large","max-video-preview":"max-video-preview:-1"},"canonical":"https:\/\/web.umons.ac.be\/semf\/stephanie-malaise\/","og_locale":"fr_FR","og_type":"article","og_title":"St\u00e9phanie Malaise - Service \/ FPSE - Sciences de l&#039;Enseignement et de la Formation","og_description":"St\u00e9phanie Malaise est titulaire d\u2019un bachelier d\u2019Institutrice primaire (2005) et d\u2019une licence en Sciences de l\u2019\u00c9ducation (2008). Depuis son arriv\u00e9e \u00e0 l\u2019INAS en 2008, les recherches dans lesquelles elle s\u2019est impliqu\u00e9e portent sur : le d\u00e9veloppement d\u2019outils de diagnostic de la ma\u00eetrise des comp\u00e9tences par les \u00e9l\u00e8ves et la mise en place de la rem\u00e9diation [&hellip;]","og_url":"https:\/\/web.umons.ac.be\/semf\/stephanie-malaise\/","og_site_name":"Service \/ FPSE - Sciences de l&#039;Enseignement et de la Formation","article_modified_time":"2021-12-13T10:40:35+00:00","og_image":[{"url":"https:\/\/sharepoint1.umons.ac.be\/FR\/universite\/facultes\/fpse\/serviceseetr\/methodo\/membres\/PublishingImages\/steph.jpg","type":"","width":"","height":""}],"twitter_card":"summary_large_image","twitter_misc":{"Dur\u00e9e de lecture estim\u00e9e":"1 minute"},"schema":{"@context":"https:\/\/schema.org","@graph":[{"@type":"WebPage","@id":"https:\/\/web.umons.ac.be\/semf\/stephanie-malaise\/","url":"https:\/\/web.umons.ac.be\/semf\/stephanie-malaise\/","name":"St\u00e9phanie Malaise - Service \/ FPSE - Sciences de l&#039;Enseignement et de la Formation","isPartOf":{"@id":"https:\/\/web.umons.ac.be\/semf\/#website"},"primaryImageOfPage":{"@id":"https:\/\/web.umons.ac.be\/semf\/stephanie-malaise\/#primaryimage"},"image":{"@id":"https:\/\/web.umons.ac.be\/semf\/stephanie-malaise\/#primaryimage"},"thumbnailUrl":"https:\/\/sharepoint1.umons.ac.be\/FR\/universite\/facultes\/fpse\/serviceseetr\/methodo\/membres\/PublishingImages\/steph.jpg","datePublished":"2021-12-13T10:40:22+00:00","dateModified":"2021-12-13T10:40:35+00:00","breadcrumb":{"@id":"https:\/\/web.umons.ac.be\/semf\/stephanie-malaise\/#breadcrumb"},"inLanguage":"fr-FR","potentialAction":[{"@type":"ReadAction","target":["https:\/\/web.umons.ac.be\/semf\/stephanie-malaise\/"]}]},{"@type":"ImageObject","inLanguage":"fr-FR","@id":"https:\/\/web.umons.ac.be\/semf\/stephanie-malaise\/#primaryimage","url":"https:\/\/sharepoint1.umons.ac.be\/FR\/universite\/facultes\/fpse\/serviceseetr\/methodo\/membres\/PublishingImages\/steph.jpg","contentUrl":"https:\/\/sharepoint1.umons.ac.be\/FR\/universite\/facultes\/fpse\/serviceseetr\/methodo\/membres\/PublishingImages\/steph.jpg"},{"@type":"BreadcrumbList","@id":"https:\/\/web.umons.ac.be\/semf\/stephanie-malaise\/#breadcrumb","itemListElement":[{"@type":"ListItem","position":1,"name":"Home","item":"https:\/\/web.umons.ac.be\/semf\/"},{"@type":"ListItem","position":2,"name":"St\u00e9phanie Malaise"}]},{"@type":"WebSite","@id":"https:\/\/web.umons.ac.be\/semf\/#website","url":"https:\/\/web.umons.ac.be\/semf\/","name":"Service \/ FPSE - M\u00e9thodologie et formation","description":"","publisher":{"@id":"https:\/\/web.umons.ac.be\/semf\/#organization"},"potentialAction":[{"@type":"SearchAction","target":{"@type":"EntryPoint","urlTemplate":"https:\/\/web.umons.ac.be\/semf\/?s={search_term_string}"},"query-input":{"@type":"PropertyValueSpecification","valueRequired":true,"valueName":"search_term_string"}}],"inLanguage":"fr-FR"},{"@type":"Organization","@id":"https:\/\/web.umons.ac.be\/semf\/#organization","name":"Service \/ FPSE - M\u00e9thodologie et formation","url":"https:\/\/web.umons.ac.be\/semf\/","logo":{"@type":"ImageObject","inLanguage":"fr-FR","@id":"https:\/\/web.umons.ac.be\/semf\/#\/schema\/logo\/image\/","url":"https:\/\/web.umons.ac.be\/app\/uploads\/sites\/103\/2021\/11\/LOGOP316_Benoit-VANSCHOEBEKE.svg","contentUrl":"https:\/\/web.umons.ac.be\/app\/uploads\/sites\/103\/2021\/11\/LOGOP316_Benoit-VANSCHOEBEKE.svg","width":1,"height":1,"caption":"Service \/ FPSE - M\u00e9thodologie et formation"},"image":{"@id":"https:\/\/web.umons.ac.be\/semf\/#\/schema\/logo\/image\/"}}]}},"lang":"fr","translations":{"fr":183},"pll_sync_post":[],"_links":{"self":[{"href":"https:\/\/web.umons.ac.be\/semf\/wp-json\/wp\/v2\/pages\/183","targetHints":{"allow":["GET"]}}],"collection":[{"href":"https:\/\/web.umons.ac.be\/semf\/wp-json\/wp\/v2\/pages"}],"about":[{"href":"https:\/\/web.umons.ac.be\/semf\/wp-json\/wp\/v2\/types\/page"}],"author":[{"embeddable":true,"href":"https:\/\/web.umons.ac.be\/semf\/wp-json\/wp\/v2\/users\/121"}],"replies":[{"embeddable":true,"href":"https:\/\/web.umons.ac.be\/semf\/wp-json\/wp\/v2\/comments?post=183"}],"version-history":[{"count":2,"href":"https:\/\/web.umons.ac.be\/semf\/wp-json\/wp\/v2\/pages\/183\/revisions"}],"predecessor-version":[{"id":185,"href":"https:\/\/web.umons.ac.be\/semf\/wp-json\/wp\/v2\/pages\/183\/revisions\/185"}],"wp:attachment":[{"href":"https:\/\/web.umons.ac.be\/semf\/wp-json\/wp\/v2\/media?parent=183"}],"curies":[{"name":"wp","href":"https:\/\/api.w.org\/{rel}","templated":true}]}}