{"id":2562,"date":"2025-05-28T14:25:25","date_gmt":"2025-05-28T12:25:25","guid":{"rendered":"https:\/\/web.umons.ac.be\/semf\/?page_id=2562"},"modified":"2026-01-13T15:41:09","modified_gmt":"2026-01-13T14:41:09","slug":"enseignement_explicite","status":"publish","type":"page","link":"https:\/\/web.umons.ac.be\/semf\/enseignement_explicite\/","title":{"rendered":"ENSEIGNEMENT EXPLICITE DES CONTENUS ET DES COMPORTEMENTS"},"content":{"rendered":"<p>Depuis 2012, les membres de l\u2019INAS adaptent au contexte belge francophone le mod\u00e8le de l\u2019enseignement explicite (Rosenshine &amp; Stevens, 1986), une approche p\u00e9dagogique construite \u00e0 partir de recherches anglo-saxonnes men\u00e9es dans des salles de classe.<\/p>\n<p>&nbsp;<\/p>\n<ul>\n<li><a href=\"https:\/\/orbi.umons.ac.be\/reports?action=1&amp;field_1=subject&amp;value_1_authority=&amp;value_1=enseignement+explicite&amp;conjunction_2=OR&amp;field_2=subject&amp;value_2_authority=&amp;value_2=gestion+de+classe&amp;conjunction_3=OR&amp;field_3=subject&amp;value_3_authority=&amp;value_3=gestion+des+comportements&amp;conjunction_4=AND&amp;field_4=researchunit&amp;value_4_authority=ORG_1172&amp;value_4=P316+-+M%C3%A9thodologie+et+formation&amp;year_start=&amp;year_end=&amp;references=&amp;model=list&amp;format=apa&amp;abstract_length=&amp;sort_1=issued_dt%3Adesc&amp;sort_2=author_sort%3Aasc&amp;sort_3=title_sort%3Aasc&amp;output=html&amp;lang_report=fr&amp;title=ENSEIGNEMENT+EXPLICITE+DES+CONTENUS+ET+DES+COMPORTEMENTS\" target=\"_blank\" rel=\"noopener\"><strong>Bibliographie<\/strong><\/a><\/li>\n<\/ul>\n<ul>\n<li><a href=\"https:\/\/www.youtube.com\/playlist?list=PLxXEiNYFnzZYhcvBn1cpvbAck08KQxD9Y\" target=\"_blank\" rel=\"noopener\"><strong>C@f\u00e9s de l\u2019INAS: <\/strong><\/a><\/li>\n<li><a href=\"https:\/\/youtube.com\/playlist?list=PLxXEiNYFnzZZqvBlGNnbxdfYDkiaGM9Ed&amp;si=77wddm_ztSrkysqx\" target=\"_blank\" rel=\"noopener\"><strong>Ressources vid\u00e9o et tutoriels<\/strong><\/a><\/li>\n<li><a href=\"https:\/\/open.spotify.com\/playlist\/1n0X9f9MGDMsDqukCijNg2?si=ERzVACIIQ3W0YoZACisikg\" target=\"_blank\" rel=\"noopener\"><strong>Podcasts<\/strong><\/a><\/li>\n<li><strong>Liens utiles :\u00a0<\/strong>\n<ul>\n<li><a href=\"https:\/\/www.enseignementexplicite.be\/WP\/wordpress\/\" target=\"_blank\" rel=\"noopener\">https:\/\/www.enseignementexplicite.be<\/a><\/li>\n<li><a href=\"https:\/\/www.facebook.com\/enseignementexplicite.be\/\" target=\"_blank\" rel=\"noopener\">Facebook<\/a><\/li>\n<\/ul>\n<\/li>\n<li><strong>Ouvrages de r\u00e9f\u00e9rences<\/strong>\n<ul>\n<li>Bocquillon, M., Baco, C., Derobertmasure, A., &amp; Demeuse, M. (2025). <a href=\"https:\/\/www.deboecksuperieur.com\/livre\/9782807372238-l-enseignement-explicite-dans-ma-classe\" target=\"_blank\" rel=\"noopener\">L\u2019enseignement explicite dans ma classe. Strat\u00e9gies pour g\u00e9rer les apprentissages et les comportements<\/a><\/li>\n<li>Bocquillon, M., Baco, C., Derobertmasure, A., &amp; Demeuse, M. (2024).\u00a0<a href=\"https:\/\/www.deboecksuperieur.com\/livre\/9782807361720-enseignement-explicite-pratiques-et-strategies\" target=\"_blank\" rel=\"noopener\"><em>Enseignement explicite\u00a0: pratiques et strat\u00e9gies. Quand l\u2019enseignant fait la diff\u00e9rence.<\/em>\u00a0De Boeck Sup\u00e9rieur<strong>.<\/strong><\/a><\/li>\n<li>Gauthier, C., Bissonnette, S. &amp; Bocquillon, M. (2022).\u00a0<a href=\"https:\/\/www.puq.ca\/catalogue\/livres\/questions-theoriques-pratiques-sur-enseignement-explicite-4145.html\" target=\"_blank\" rel=\"noopener\"><em>Questions th\u00e9oriques et pratiques sur l\u2019enseignement explicite<\/em>. Presses de l\u2019Universit\u00e9 du Qu\u00e9bec.<\/a><\/li>\n<\/ul>\n<\/li>\n<\/ul>\n","protected":false},"excerpt":{"rendered":"<p>Depuis 2012, les membres de l\u2019INAS adaptent au contexte belge francophone le mod\u00e8le de l\u2019enseignement explicite (Rosenshine &amp; Stevens, 1986), une approche p\u00e9dagogique construite \u00e0 partir de recherches anglo-saxonnes men\u00e9es dans des salles de classe. &nbsp; Bibliographie C@f\u00e9s de l\u2019INAS: Ressources vid\u00e9o et tutoriels Podcasts Liens utiles :\u00a0 https:\/\/www.enseignementexplicite.be Facebook Ouvrages de r\u00e9f\u00e9rences Bocquillon, M., [&hellip;]<\/p>\n","protected":false},"author":121,"featured_media":0,"parent":0,"menu_order":0,"comment_status":"closed","ping_status":"closed","template":"","meta":{"footnotes":""},"class_list":["post-2562","page","type-page","status-publish","hentry"],"yoast_head":"<!-- This site is optimized with the Yoast SEO plugin v27.2 - https:\/\/yoast.com\/product\/yoast-seo-wordpress\/ -->\n<title>ENSEIGNEMENT EXPLICITE DES CONTENUS ET DES COMPORTEMENTS - Service \/ FPSE - Sciences de l&#039;Enseignement et de la Formation<\/title>\n<meta name=\"robots\" content=\"index, follow, max-snippet:-1, max-image-preview:large, max-video-preview:-1\" \/>\n<link rel=\"canonical\" href=\"https:\/\/web.umons.ac.be\/semf\/enseignement_explicite\/\" \/>\n<meta property=\"og:locale\" content=\"fr_FR\" \/>\n<meta property=\"og:type\" content=\"article\" \/>\n<meta property=\"og:title\" content=\"ENSEIGNEMENT EXPLICITE DES CONTENUS ET DES COMPORTEMENTS - Service \/ FPSE - Sciences de l&#039;Enseignement et de la Formation\" \/>\n<meta property=\"og:description\" content=\"Depuis 2012, les membres de l\u2019INAS adaptent au contexte belge francophone le mod\u00e8le de l\u2019enseignement explicite (Rosenshine &amp; Stevens, 1986), une approche p\u00e9dagogique construite \u00e0 partir de recherches anglo-saxonnes men\u00e9es dans des salles de classe. &nbsp; Bibliographie C@f\u00e9s de l\u2019INAS: Ressources vid\u00e9o et tutoriels Podcasts Liens utiles :\u00a0 https:\/\/www.enseignementexplicite.be Facebook Ouvrages de r\u00e9f\u00e9rences Bocquillon, M., [&hellip;]\" \/>\n<meta property=\"og:url\" content=\"https:\/\/web.umons.ac.be\/semf\/enseignement_explicite\/\" \/>\n<meta property=\"og:site_name\" content=\"Service \/ FPSE - Sciences de l&#039;Enseignement et de la Formation\" \/>\n<meta property=\"article:modified_time\" content=\"2026-01-13T14:41:09+00:00\" \/>\n<meta name=\"twitter:card\" content=\"summary_large_image\" \/>\n<meta name=\"twitter:label1\" content=\"Dur\u00e9e de lecture estim\u00e9e\" \/>\n\t<meta name=\"twitter:data1\" content=\"1 minute\" \/>\n<script type=\"application\/ld+json\" class=\"yoast-schema-graph\">{\"@context\":\"https:\/\/schema.org\",\"@graph\":[{\"@type\":\"WebPage\",\"@id\":\"https:\/\/web.umons.ac.be\/semf\/enseignement_explicite\/\",\"url\":\"https:\/\/web.umons.ac.be\/semf\/enseignement_explicite\/\",\"name\":\"ENSEIGNEMENT EXPLICITE DES CONTENUS ET DES COMPORTEMENTS - Service \/ FPSE - Sciences de l&#039;Enseignement et de la Formation\",\"isPartOf\":{\"@id\":\"https:\/\/web.umons.ac.be\/semf\/#website\"},\"datePublished\":\"2025-05-28T12:25:25+00:00\",\"dateModified\":\"2026-01-13T14:41:09+00:00\",\"breadcrumb\":{\"@id\":\"https:\/\/web.umons.ac.be\/semf\/enseignement_explicite\/#breadcrumb\"},\"inLanguage\":\"fr-FR\",\"potentialAction\":[{\"@type\":\"ReadAction\",\"target\":[\"https:\/\/web.umons.ac.be\/semf\/enseignement_explicite\/\"]}]},{\"@type\":\"BreadcrumbList\",\"@id\":\"https:\/\/web.umons.ac.be\/semf\/enseignement_explicite\/#breadcrumb\",\"itemListElement\":[{\"@type\":\"ListItem\",\"position\":1,\"name\":\"Home\",\"item\":\"https:\/\/web.umons.ac.be\/semf\/\"},{\"@type\":\"ListItem\",\"position\":2,\"name\":\"ENSEIGNEMENT EXPLICITE DES CONTENUS ET DES COMPORTEMENTS\"}]},{\"@type\":\"WebSite\",\"@id\":\"https:\/\/web.umons.ac.be\/semf\/#website\",\"url\":\"https:\/\/web.umons.ac.be\/semf\/\",\"name\":\"Service \/ FPSE - M\u00e9thodologie et formation\",\"description\":\"\",\"publisher\":{\"@id\":\"https:\/\/web.umons.ac.be\/semf\/#organization\"},\"potentialAction\":[{\"@type\":\"SearchAction\",\"target\":{\"@type\":\"EntryPoint\",\"urlTemplate\":\"https:\/\/web.umons.ac.be\/semf\/?s={search_term_string}\"},\"query-input\":{\"@type\":\"PropertyValueSpecification\",\"valueRequired\":true,\"valueName\":\"search_term_string\"}}],\"inLanguage\":\"fr-FR\"},{\"@type\":\"Organization\",\"@id\":\"https:\/\/web.umons.ac.be\/semf\/#organization\",\"name\":\"Service \/ FPSE - M\u00e9thodologie et formation\",\"url\":\"https:\/\/web.umons.ac.be\/semf\/\",\"logo\":{\"@type\":\"ImageObject\",\"inLanguage\":\"fr-FR\",\"@id\":\"https:\/\/web.umons.ac.be\/semf\/#\/schema\/logo\/image\/\",\"url\":\"https:\/\/web.umons.ac.be\/app\/uploads\/sites\/103\/2021\/11\/LOGOP316_Benoit-VANSCHOEBEKE.svg\",\"contentUrl\":\"https:\/\/web.umons.ac.be\/app\/uploads\/sites\/103\/2021\/11\/LOGOP316_Benoit-VANSCHOEBEKE.svg\",\"width\":1,\"height\":1,\"caption\":\"Service \/ FPSE - M\u00e9thodologie et formation\"},\"image\":{\"@id\":\"https:\/\/web.umons.ac.be\/semf\/#\/schema\/logo\/image\/\"}}]}<\/script>\n<!-- \/ Yoast SEO plugin. -->","yoast_head_json":{"title":"ENSEIGNEMENT EXPLICITE DES CONTENUS ET DES COMPORTEMENTS - Service \/ FPSE - Sciences de l&#039;Enseignement et de la Formation","robots":{"index":"index","follow":"follow","max-snippet":"max-snippet:-1","max-image-preview":"max-image-preview:large","max-video-preview":"max-video-preview:-1"},"canonical":"https:\/\/web.umons.ac.be\/semf\/enseignement_explicite\/","og_locale":"fr_FR","og_type":"article","og_title":"ENSEIGNEMENT EXPLICITE DES CONTENUS ET DES COMPORTEMENTS - Service \/ FPSE - Sciences de l&#039;Enseignement et de la Formation","og_description":"Depuis 2012, les membres de l\u2019INAS adaptent au contexte belge francophone le mod\u00e8le de l\u2019enseignement explicite (Rosenshine &amp; Stevens, 1986), une approche p\u00e9dagogique construite \u00e0 partir de recherches anglo-saxonnes men\u00e9es dans des salles de classe. &nbsp; Bibliographie C@f\u00e9s de l\u2019INAS: Ressources vid\u00e9o et tutoriels Podcasts Liens utiles :\u00a0 https:\/\/www.enseignementexplicite.be Facebook Ouvrages de r\u00e9f\u00e9rences Bocquillon, M., [&hellip;]","og_url":"https:\/\/web.umons.ac.be\/semf\/enseignement_explicite\/","og_site_name":"Service \/ FPSE - Sciences de l&#039;Enseignement et de la Formation","article_modified_time":"2026-01-13T14:41:09+00:00","twitter_card":"summary_large_image","twitter_misc":{"Dur\u00e9e de lecture estim\u00e9e":"1 minute"},"schema":{"@context":"https:\/\/schema.org","@graph":[{"@type":"WebPage","@id":"https:\/\/web.umons.ac.be\/semf\/enseignement_explicite\/","url":"https:\/\/web.umons.ac.be\/semf\/enseignement_explicite\/","name":"ENSEIGNEMENT EXPLICITE DES CONTENUS ET DES COMPORTEMENTS - Service \/ FPSE - Sciences de l&#039;Enseignement et de la Formation","isPartOf":{"@id":"https:\/\/web.umons.ac.be\/semf\/#website"},"datePublished":"2025-05-28T12:25:25+00:00","dateModified":"2026-01-13T14:41:09+00:00","breadcrumb":{"@id":"https:\/\/web.umons.ac.be\/semf\/enseignement_explicite\/#breadcrumb"},"inLanguage":"fr-FR","potentialAction":[{"@type":"ReadAction","target":["https:\/\/web.umons.ac.be\/semf\/enseignement_explicite\/"]}]},{"@type":"BreadcrumbList","@id":"https:\/\/web.umons.ac.be\/semf\/enseignement_explicite\/#breadcrumb","itemListElement":[{"@type":"ListItem","position":1,"name":"Home","item":"https:\/\/web.umons.ac.be\/semf\/"},{"@type":"ListItem","position":2,"name":"ENSEIGNEMENT EXPLICITE DES CONTENUS ET DES COMPORTEMENTS"}]},{"@type":"WebSite","@id":"https:\/\/web.umons.ac.be\/semf\/#website","url":"https:\/\/web.umons.ac.be\/semf\/","name":"Service \/ FPSE - M\u00e9thodologie et formation","description":"","publisher":{"@id":"https:\/\/web.umons.ac.be\/semf\/#organization"},"potentialAction":[{"@type":"SearchAction","target":{"@type":"EntryPoint","urlTemplate":"https:\/\/web.umons.ac.be\/semf\/?s={search_term_string}"},"query-input":{"@type":"PropertyValueSpecification","valueRequired":true,"valueName":"search_term_string"}}],"inLanguage":"fr-FR"},{"@type":"Organization","@id":"https:\/\/web.umons.ac.be\/semf\/#organization","name":"Service \/ FPSE - M\u00e9thodologie et formation","url":"https:\/\/web.umons.ac.be\/semf\/","logo":{"@type":"ImageObject","inLanguage":"fr-FR","@id":"https:\/\/web.umons.ac.be\/semf\/#\/schema\/logo\/image\/","url":"https:\/\/web.umons.ac.be\/app\/uploads\/sites\/103\/2021\/11\/LOGOP316_Benoit-VANSCHOEBEKE.svg","contentUrl":"https:\/\/web.umons.ac.be\/app\/uploads\/sites\/103\/2021\/11\/LOGOP316_Benoit-VANSCHOEBEKE.svg","width":1,"height":1,"caption":"Service \/ FPSE - M\u00e9thodologie et formation"},"image":{"@id":"https:\/\/web.umons.ac.be\/semf\/#\/schema\/logo\/image\/"}}]}},"lang":"fr","translations":{"fr":2562},"pll_sync_post":[],"_links":{"self":[{"href":"https:\/\/web.umons.ac.be\/semf\/wp-json\/wp\/v2\/pages\/2562","targetHints":{"allow":["GET"]}}],"collection":[{"href":"https:\/\/web.umons.ac.be\/semf\/wp-json\/wp\/v2\/pages"}],"about":[{"href":"https:\/\/web.umons.ac.be\/semf\/wp-json\/wp\/v2\/types\/page"}],"author":[{"embeddable":true,"href":"https:\/\/web.umons.ac.be\/semf\/wp-json\/wp\/v2\/users\/121"}],"replies":[{"embeddable":true,"href":"https:\/\/web.umons.ac.be\/semf\/wp-json\/wp\/v2\/comments?post=2562"}],"version-history":[{"count":4,"href":"https:\/\/web.umons.ac.be\/semf\/wp-json\/wp\/v2\/pages\/2562\/revisions"}],"predecessor-version":[{"id":2978,"href":"https:\/\/web.umons.ac.be\/semf\/wp-json\/wp\/v2\/pages\/2562\/revisions\/2978"}],"wp:attachment":[{"href":"https:\/\/web.umons.ac.be\/semf\/wp-json\/wp\/v2\/media?parent=2562"}],"curies":[{"name":"wp","href":"https:\/\/api.w.org\/{rel}","templated":true}]}}