{"id":2577,"date":"2025-05-28T15:14:23","date_gmt":"2025-05-28T13:14:23","guid":{"rendered":"https:\/\/web.umons.ac.be\/semf\/?page_id=2577"},"modified":"2026-01-13T16:14:08","modified_gmt":"2026-01-13T15:14:08","slug":"orientation-scolaire-et-professionnelle","status":"publish","type":"page","link":"https:\/\/web.umons.ac.be\/semf\/orientation-scolaire-et-professionnelle\/","title":{"rendered":"ORIENTATION SCOLAIRE ET PROFESSIONNELLE"},"content":{"rendered":"<p>Les recherches de l\u2019\u00e9quipe de l\u2019INAS, men\u00e9es sur le th\u00e8me de l\u2019orientation proposent des contenus th\u00e9oriques (article scientifiques, ouvrages de r\u00e9f\u00e9rence\u2026) et des outils pratiques (outils pour la classe, vid\u00e9os, jeux p\u00e9dagogiques\u2026) pour d\u00e9velopper une approche orientante \u00e0 l\u2019\u00e9cole. Bien que centr\u00e9 sur l\u2019orientation scolaire, elles s\u2019int\u00e9ressent \u00e9galement \u00e0 l\u2019orientation professionnelle\u00a0et l\u2019orientation tout au long de la vie (OTLV).<\/p>\n<ul>\n<li><a href=\"https:\/\/orbi.umons.ac.be\/reports?action=1&amp;conjunction_1=AND&amp;field_1=subject&amp;value_1_authority=&amp;value_1=Orientation&amp;conjunction_2=OR&amp;field_2=subject&amp;value_2_authority=&amp;value_2=Orientation+scolaire&amp;conjunction_3=OR&amp;field_3=search_text&amp;value_3_authority=&amp;value_3=Orientation+professionnelle&amp;conjunction_4=AND&amp;field_4=researchunit&amp;value_4_authority=ORG_1172&amp;value_4=P316+-+M%C3%A9thodologie+et+formation&amp;year_start=&amp;year_end=&amp;references=&amp;model=list&amp;format=apa&amp;abstract_length=&amp;sort_1=issued_dt%3Adesc&amp;sort_2=author_sort%3Aasc&amp;sort_3=title_sort%3Aasc&amp;output=html&amp;lang_report=fr&amp;title=ORIENTATION+SCOLAIRE+ET+PROFESSIONNELLE\" target=\"_blank\" rel=\"noopener\"><strong>Bibliographie<\/strong><\/a><\/li>\n<li><a href=\"https:\/\/youtube.com\/playlist?list=PLxXEiNYFnzZZLr7fIO8AvYLdHTd4KSblW&amp;si=fuxw1NI2BHXqukq1\" target=\"_blank\" rel=\"noopener\"><strong>C@f\u00e9s de l\u2019INAS<\/strong><\/a><\/li>\n<li><a href=\"https:\/\/youtube.com\/playlist?list=PLxXEiNYFnzZbL7BVF8TYdy1lyi59Iftwt&amp;si=z0ck0l3mXG10FqjG\" target=\"_blank\" rel=\"noopener\"><strong>Ressources vid\u00e9o et tutoriels<\/strong><\/a><\/li>\n<li><a href=\"https:\/\/open.spotify.com\/playlist\/5RPSpU8WnZWtPpolWQUN1E?si=wFgpJtjFSvesBMqoVCQCVQ\" target=\"_blank\" rel=\"noopener\"><strong>Podcasts<\/strong><\/a><\/li>\n<li><a href=\"https:\/\/approcheorientante.be\/\" target=\"_blank\" rel=\"noopener\"><strong>Liens utiles :\u00a0<\/strong><\/a>\n<ul>\n<li>Site Web : <a href=\"https:\/\/approcheorientante.be\/\" target=\"_blank\" rel=\"noopener\">www.approcheorientante.be<\/a><\/li>\n<li><a href=\"https:\/\/www.facebook.com\/ApprocheO\" target=\"_blank\" rel=\"noopener\">Facebook<\/a><\/li>\n<\/ul>\n<\/li>\n<\/ul>\n","protected":false},"excerpt":{"rendered":"<p>Les recherches de l\u2019\u00e9quipe de l\u2019INAS, men\u00e9es sur le th\u00e8me de l\u2019orientation proposent des contenus th\u00e9oriques (article scientifiques, ouvrages de r\u00e9f\u00e9rence\u2026) et des outils pratiques (outils pour la classe, vid\u00e9os, jeux p\u00e9dagogiques\u2026) pour d\u00e9velopper une approche orientante \u00e0 l\u2019\u00e9cole. Bien que centr\u00e9 sur l\u2019orientation scolaire, elles s\u2019int\u00e9ressent \u00e9galement \u00e0 l\u2019orientation professionnelle\u00a0et l\u2019orientation tout au long [&hellip;]<\/p>\n","protected":false},"author":121,"featured_media":0,"parent":0,"menu_order":0,"comment_status":"closed","ping_status":"closed","template":"","meta":{"footnotes":""},"class_list":["post-2577","page","type-page","status-publish","hentry"],"yoast_head":"<!-- This site is optimized with the Yoast SEO plugin v27.2 - https:\/\/yoast.com\/product\/yoast-seo-wordpress\/ -->\n<title>ORIENTATION SCOLAIRE ET PROFESSIONNELLE - Service \/ FPSE - Sciences de l&#039;Enseignement et de la Formation<\/title>\n<meta name=\"robots\" content=\"index, follow, max-snippet:-1, max-image-preview:large, max-video-preview:-1\" \/>\n<link rel=\"canonical\" href=\"https:\/\/web.umons.ac.be\/semf\/orientation-scolaire-et-professionnelle\/\" \/>\n<meta property=\"og:locale\" content=\"fr_FR\" \/>\n<meta property=\"og:type\" content=\"article\" \/>\n<meta property=\"og:title\" content=\"ORIENTATION SCOLAIRE ET PROFESSIONNELLE - Service \/ FPSE - Sciences de l&#039;Enseignement et de la Formation\" \/>\n<meta property=\"og:description\" content=\"Les recherches de l\u2019\u00e9quipe de l\u2019INAS, men\u00e9es sur le th\u00e8me de l\u2019orientation proposent des contenus th\u00e9oriques (article scientifiques, ouvrages de r\u00e9f\u00e9rence\u2026) et des outils pratiques (outils pour la classe, vid\u00e9os, jeux p\u00e9dagogiques\u2026) pour d\u00e9velopper une approche orientante \u00e0 l\u2019\u00e9cole. Bien que centr\u00e9 sur l\u2019orientation scolaire, elles s\u2019int\u00e9ressent \u00e9galement \u00e0 l\u2019orientation professionnelle\u00a0et l\u2019orientation tout au long [&hellip;]\" \/>\n<meta property=\"og:url\" content=\"https:\/\/web.umons.ac.be\/semf\/orientation-scolaire-et-professionnelle\/\" \/>\n<meta property=\"og:site_name\" content=\"Service \/ FPSE - Sciences de l&#039;Enseignement et de la Formation\" \/>\n<meta property=\"article:modified_time\" content=\"2026-01-13T15:14:08+00:00\" \/>\n<meta name=\"twitter:card\" content=\"summary_large_image\" \/>\n<meta name=\"twitter:label1\" content=\"Dur\u00e9e de lecture estim\u00e9e\" \/>\n\t<meta name=\"twitter:data1\" content=\"1 minute\" \/>\n<script type=\"application\/ld+json\" class=\"yoast-schema-graph\">{\"@context\":\"https:\/\/schema.org\",\"@graph\":[{\"@type\":\"WebPage\",\"@id\":\"https:\/\/web.umons.ac.be\/semf\/orientation-scolaire-et-professionnelle\/\",\"url\":\"https:\/\/web.umons.ac.be\/semf\/orientation-scolaire-et-professionnelle\/\",\"name\":\"ORIENTATION SCOLAIRE ET PROFESSIONNELLE - Service \/ FPSE - Sciences de l&#039;Enseignement et de la Formation\",\"isPartOf\":{\"@id\":\"https:\/\/web.umons.ac.be\/semf\/#website\"},\"datePublished\":\"2025-05-28T13:14:23+00:00\",\"dateModified\":\"2026-01-13T15:14:08+00:00\",\"breadcrumb\":{\"@id\":\"https:\/\/web.umons.ac.be\/semf\/orientation-scolaire-et-professionnelle\/#breadcrumb\"},\"inLanguage\":\"fr-FR\",\"potentialAction\":[{\"@type\":\"ReadAction\",\"target\":[\"https:\/\/web.umons.ac.be\/semf\/orientation-scolaire-et-professionnelle\/\"]}]},{\"@type\":\"BreadcrumbList\",\"@id\":\"https:\/\/web.umons.ac.be\/semf\/orientation-scolaire-et-professionnelle\/#breadcrumb\",\"itemListElement\":[{\"@type\":\"ListItem\",\"position\":1,\"name\":\"Home\",\"item\":\"https:\/\/web.umons.ac.be\/semf\/\"},{\"@type\":\"ListItem\",\"position\":2,\"name\":\"ORIENTATION SCOLAIRE ET PROFESSIONNELLE\"}]},{\"@type\":\"WebSite\",\"@id\":\"https:\/\/web.umons.ac.be\/semf\/#website\",\"url\":\"https:\/\/web.umons.ac.be\/semf\/\",\"name\":\"Service \/ FPSE - M\u00e9thodologie et formation\",\"description\":\"\",\"publisher\":{\"@id\":\"https:\/\/web.umons.ac.be\/semf\/#organization\"},\"potentialAction\":[{\"@type\":\"SearchAction\",\"target\":{\"@type\":\"EntryPoint\",\"urlTemplate\":\"https:\/\/web.umons.ac.be\/semf\/?s={search_term_string}\"},\"query-input\":{\"@type\":\"PropertyValueSpecification\",\"valueRequired\":true,\"valueName\":\"search_term_string\"}}],\"inLanguage\":\"fr-FR\"},{\"@type\":\"Organization\",\"@id\":\"https:\/\/web.umons.ac.be\/semf\/#organization\",\"name\":\"Service \/ FPSE - M\u00e9thodologie et formation\",\"url\":\"https:\/\/web.umons.ac.be\/semf\/\",\"logo\":{\"@type\":\"ImageObject\",\"inLanguage\":\"fr-FR\",\"@id\":\"https:\/\/web.umons.ac.be\/semf\/#\/schema\/logo\/image\/\",\"url\":\"https:\/\/web.umons.ac.be\/app\/uploads\/sites\/103\/2021\/11\/LOGOP316_Benoit-VANSCHOEBEKE.svg\",\"contentUrl\":\"https:\/\/web.umons.ac.be\/app\/uploads\/sites\/103\/2021\/11\/LOGOP316_Benoit-VANSCHOEBEKE.svg\",\"width\":1,\"height\":1,\"caption\":\"Service \/ FPSE - M\u00e9thodologie et formation\"},\"image\":{\"@id\":\"https:\/\/web.umons.ac.be\/semf\/#\/schema\/logo\/image\/\"}}]}<\/script>\n<!-- \/ Yoast SEO plugin. -->","yoast_head_json":{"title":"ORIENTATION SCOLAIRE ET PROFESSIONNELLE - Service \/ FPSE - Sciences de l&#039;Enseignement et de la Formation","robots":{"index":"index","follow":"follow","max-snippet":"max-snippet:-1","max-image-preview":"max-image-preview:large","max-video-preview":"max-video-preview:-1"},"canonical":"https:\/\/web.umons.ac.be\/semf\/orientation-scolaire-et-professionnelle\/","og_locale":"fr_FR","og_type":"article","og_title":"ORIENTATION SCOLAIRE ET PROFESSIONNELLE - Service \/ FPSE - Sciences de l&#039;Enseignement et de la Formation","og_description":"Les recherches de l\u2019\u00e9quipe de l\u2019INAS, men\u00e9es sur le th\u00e8me de l\u2019orientation proposent des contenus th\u00e9oriques (article scientifiques, ouvrages de r\u00e9f\u00e9rence\u2026) et des outils pratiques (outils pour la classe, vid\u00e9os, jeux p\u00e9dagogiques\u2026) pour d\u00e9velopper une approche orientante \u00e0 l\u2019\u00e9cole. Bien que centr\u00e9 sur l\u2019orientation scolaire, elles s\u2019int\u00e9ressent \u00e9galement \u00e0 l\u2019orientation professionnelle\u00a0et l\u2019orientation tout au long [&hellip;]","og_url":"https:\/\/web.umons.ac.be\/semf\/orientation-scolaire-et-professionnelle\/","og_site_name":"Service \/ FPSE - Sciences de l&#039;Enseignement et de la Formation","article_modified_time":"2026-01-13T15:14:08+00:00","twitter_card":"summary_large_image","twitter_misc":{"Dur\u00e9e de lecture estim\u00e9e":"1 minute"},"schema":{"@context":"https:\/\/schema.org","@graph":[{"@type":"WebPage","@id":"https:\/\/web.umons.ac.be\/semf\/orientation-scolaire-et-professionnelle\/","url":"https:\/\/web.umons.ac.be\/semf\/orientation-scolaire-et-professionnelle\/","name":"ORIENTATION SCOLAIRE ET PROFESSIONNELLE - Service \/ FPSE - Sciences de l&#039;Enseignement et de la Formation","isPartOf":{"@id":"https:\/\/web.umons.ac.be\/semf\/#website"},"datePublished":"2025-05-28T13:14:23+00:00","dateModified":"2026-01-13T15:14:08+00:00","breadcrumb":{"@id":"https:\/\/web.umons.ac.be\/semf\/orientation-scolaire-et-professionnelle\/#breadcrumb"},"inLanguage":"fr-FR","potentialAction":[{"@type":"ReadAction","target":["https:\/\/web.umons.ac.be\/semf\/orientation-scolaire-et-professionnelle\/"]}]},{"@type":"BreadcrumbList","@id":"https:\/\/web.umons.ac.be\/semf\/orientation-scolaire-et-professionnelle\/#breadcrumb","itemListElement":[{"@type":"ListItem","position":1,"name":"Home","item":"https:\/\/web.umons.ac.be\/semf\/"},{"@type":"ListItem","position":2,"name":"ORIENTATION SCOLAIRE ET PROFESSIONNELLE"}]},{"@type":"WebSite","@id":"https:\/\/web.umons.ac.be\/semf\/#website","url":"https:\/\/web.umons.ac.be\/semf\/","name":"Service \/ FPSE - M\u00e9thodologie et formation","description":"","publisher":{"@id":"https:\/\/web.umons.ac.be\/semf\/#organization"},"potentialAction":[{"@type":"SearchAction","target":{"@type":"EntryPoint","urlTemplate":"https:\/\/web.umons.ac.be\/semf\/?s={search_term_string}"},"query-input":{"@type":"PropertyValueSpecification","valueRequired":true,"valueName":"search_term_string"}}],"inLanguage":"fr-FR"},{"@type":"Organization","@id":"https:\/\/web.umons.ac.be\/semf\/#organization","name":"Service \/ FPSE - M\u00e9thodologie et formation","url":"https:\/\/web.umons.ac.be\/semf\/","logo":{"@type":"ImageObject","inLanguage":"fr-FR","@id":"https:\/\/web.umons.ac.be\/semf\/#\/schema\/logo\/image\/","url":"https:\/\/web.umons.ac.be\/app\/uploads\/sites\/103\/2021\/11\/LOGOP316_Benoit-VANSCHOEBEKE.svg","contentUrl":"https:\/\/web.umons.ac.be\/app\/uploads\/sites\/103\/2021\/11\/LOGOP316_Benoit-VANSCHOEBEKE.svg","width":1,"height":1,"caption":"Service \/ FPSE - M\u00e9thodologie et formation"},"image":{"@id":"https:\/\/web.umons.ac.be\/semf\/#\/schema\/logo\/image\/"}}]}},"lang":"fr","translations":{"fr":2577},"pll_sync_post":[],"_links":{"self":[{"href":"https:\/\/web.umons.ac.be\/semf\/wp-json\/wp\/v2\/pages\/2577","targetHints":{"allow":["GET"]}}],"collection":[{"href":"https:\/\/web.umons.ac.be\/semf\/wp-json\/wp\/v2\/pages"}],"about":[{"href":"https:\/\/web.umons.ac.be\/semf\/wp-json\/wp\/v2\/types\/page"}],"author":[{"embeddable":true,"href":"https:\/\/web.umons.ac.be\/semf\/wp-json\/wp\/v2\/users\/121"}],"replies":[{"embeddable":true,"href":"https:\/\/web.umons.ac.be\/semf\/wp-json\/wp\/v2\/comments?post=2577"}],"version-history":[{"count":3,"href":"https:\/\/web.umons.ac.be\/semf\/wp-json\/wp\/v2\/pages\/2577\/revisions"}],"predecessor-version":[{"id":2984,"href":"https:\/\/web.umons.ac.be\/semf\/wp-json\/wp\/v2\/pages\/2577\/revisions\/2984"}],"wp:attachment":[{"href":"https:\/\/web.umons.ac.be\/semf\/wp-json\/wp\/v2\/media?parent=2577"}],"curies":[{"name":"wp","href":"https:\/\/api.w.org\/{rel}","templated":true}]}}