{"id":2598,"date":"2025-05-28T15:51:32","date_gmt":"2025-05-28T13:51:32","guid":{"rendered":"https:\/\/web.umons.ac.be\/semf\/?page_id=2598"},"modified":"2026-01-16T14:27:01","modified_gmt":"2026-01-16T13:27:01","slug":"methodologie-de-la-recherche-en-education","status":"publish","type":"page","link":"https:\/\/web.umons.ac.be\/semf\/methodologie-de-la-recherche-en-education\/","title":{"rendered":"METHODOLOGIE DE LA RECHERCHE EN EDUCATION"},"content":{"rendered":"<p>Comme toute \u00e9quipe de recherche, les membres de l\u2019INAS d\u00e9veloppent une r\u00e9flexion m\u00e9thodologique destin\u00e9e \u00e0 assurer la qualit\u00e9 des travaux men\u00e9s, y compris dans le cadre de recherches commandit\u00e9es ou appliqu\u00e9es. Cette r\u00e9flexion implique aussi l\u2019appropriation des outils conceptuels et techniques (mesure, observation, traitement de donn\u00e9es\u2026).<\/p>\n<ul>\n<li><a href=\"https:\/\/orbi.umons.ac.be\/reports?action=1&amp;field_1=subject&amp;value_1_authority=&amp;value_1=M%C3%A9thodologie+de+la+recherche&amp;conjunction_2=OR&amp;field_2=subject&amp;value_2_authority=&amp;value_2=analyse+textuelle&amp;conjunction_3=OR&amp;field_3=subject&amp;value_3_authority=&amp;value_3=observation&amp;conjunction_4=AND&amp;field_4=researchunit&amp;value_4_authority=ORG_1172&amp;value_4=P316+-+M%C3%A9thodologie+et+formation&amp;year_start=&amp;year_end=&amp;references=&amp;model=list&amp;format=apa&amp;abstract_length=&amp;sort_1=issued_dt%3Adesc&amp;sort_2=author_sort%3Aasc&amp;sort_3=title_sort%3Aasc&amp;output=html&amp;lang_report=fr&amp;title=M%C3%A9thodologie+de+la+recherche+en+%C3%A9ducation\" target=\"_blank\" rel=\"noopener\"><strong>Bibliographie<\/strong><\/a><\/li>\n<li><a href=\"https:\/\/youtube.com\/playlist?list=PLxXEiNYFnzZZYCjh8YG7u6UDs6Zwy03so&amp;si=lPahv2yGWvkkgcMo\" target=\"_blank\" rel=\"noopener\"><strong>C@f\u00e9s de l\u2019INAS<\/strong><\/a><\/li>\n<li><a href=\"https:\/\/open.spotify.com\/playlist\/7yeRt3Qx5XjkfNVU26LRYw?si=tcmfD_psSWC6z3k1jl8YJw\" target=\"_blank\" rel=\"noopener\"><strong>Podcasts<\/strong><\/a><\/li>\n<\/ul>\n<div dir=\"ltr\" data-olk-copy-source=\"MessageBody\">\u00a0Les chercheurs de l\u2019INAS ont aussi d\u00e9velopp\u00e9 plusieurs tutoriels \u00e0 propos de logiciels de traitement et\/ou d\u2019acquisition de donn\u00e9es de corpus \u00e9crits (analyse textuelle outill\u00e9e) ou de vid\u00e9os acquises en situation r\u00e9elle ou simul\u00e9e. Il s\u2019agit d\u2019une s\u00e9rie de vid\u00e9os rassembl\u00e9s et diffus\u00e9es largement via la chaine YouTube de l\u2019INAS:<\/div>\n<div dir=\"ltr\"><\/div>\n<ul data-editing-info=\"{&quot;applyListStyleFromLevel&quot;:false,&quot;unorderedStyleType&quot;:2}\">\n<li>\n<div dir=\"ltr\" role=\"presentation\">analyse\/codage des pratiques de classe (vid\u00e9o)<\/div>\n<ul data-editing-info=\"{&quot;applyListStyleFromLevel&quot;:true}\">\n<li>\n<div role=\"presentation\"><a href=\"https:\/\/youtube.com\/playlist?list=PLxXEiNYFnzZY-9GtjzcXAWg4Mq0BxSoln&amp;si=itVrvzBuMX-bpGQw\" target=\"_blank\" rel=\"noopener\">Vosaic Connect<\/a><\/div>\n<\/li>\n<\/ul>\n<\/li>\n<li>\n<div role=\"presentation\">analyse de corpus \u00e9crits<\/div>\n<ul data-editing-info=\"{&quot;applyListStyleFromLevel&quot;:true}\">\n<li>\n<div role=\"presentation\"><a href=\"https:\/\/youtube.com\/playlist?list=PLxXEiNYFnzZYsrMxth4bHbocu4jYZ3vBT&amp;si=K7SMvtn4ZVdcpl8B\" target=\"_blank\" rel=\"noopener\">IRaMuTeQ<\/a><\/div>\n<\/li>\n<li>\n<div role=\"presentation\"><a href=\"https:\/\/youtube.com\/playlist?list=PLxXEiNYFnzZbGXttkCt55ZqXmEmGz40tF&amp;si=Z8Vp04X7aJZUYco7\" target=\"_blank\" rel=\"noopener\">Tropes (analyse de corpus \u00e9crit)<\/a><\/div>\n<\/li>\n<li>\n<div role=\"presentation\"><a href=\"https:\/\/youtube.com\/playlist?list=PL1q7dpy1LZwWK_dBY0FJcTyy7nUQGdY_l&amp;si=wZs4roIRsAeguD0n\" target=\"_blank\" rel=\"noopener\">NVivo (analyse de corpus \u00e9crit)<\/a><\/div>\n<\/li>\n<\/ul>\n<\/li>\n<li>\n<div role=\"presentation\">Eye tracking<\/div>\n<ul data-editing-info=\"{&quot;applyListStyleFromLevel&quot;:true}\">\n<li>\n<div role=\"presentation\"><a href=\"https:\/\/youtube.com\/playlist?list=PLxXEiNYFnzZYfdJf-tgdeEMBOKRC720U0&amp;si=zGVgxRcmEXP51pf_\" target=\"_blank\" rel=\"noopener\">Gazpoint GPE 3 HD<\/a><\/div>\n<\/li>\n<\/ul>\n<\/li>\n<\/ul>\n","protected":false},"excerpt":{"rendered":"<p>Comme toute \u00e9quipe de recherche, les membres de l\u2019INAS d\u00e9veloppent une r\u00e9flexion m\u00e9thodologique destin\u00e9e \u00e0 assurer la qualit\u00e9 des travaux men\u00e9s, y compris dans le cadre de recherches commandit\u00e9es ou appliqu\u00e9es. Cette r\u00e9flexion implique aussi l\u2019appropriation des outils conceptuels et techniques (mesure, observation, traitement de donn\u00e9es\u2026). Bibliographie C@f\u00e9s de l\u2019INAS Podcasts \u00a0Les chercheurs de l\u2019INAS [&hellip;]<\/p>\n","protected":false},"author":121,"featured_media":0,"parent":0,"menu_order":0,"comment_status":"closed","ping_status":"closed","template":"","meta":{"footnotes":""},"class_list":["post-2598","page","type-page","status-publish","hentry"],"yoast_head":"<!-- This site is optimized with the Yoast SEO plugin v27.2 - https:\/\/yoast.com\/product\/yoast-seo-wordpress\/ -->\n<title>METHODOLOGIE DE LA RECHERCHE EN EDUCATION - Service \/ FPSE - Sciences de l&#039;Enseignement et de la Formation<\/title>\n<meta name=\"robots\" content=\"index, follow, max-snippet:-1, max-image-preview:large, max-video-preview:-1\" \/>\n<link rel=\"canonical\" href=\"https:\/\/web.umons.ac.be\/semf\/methodologie-de-la-recherche-en-education\/\" \/>\n<meta property=\"og:locale\" content=\"fr_FR\" \/>\n<meta property=\"og:type\" content=\"article\" \/>\n<meta property=\"og:title\" content=\"METHODOLOGIE DE LA RECHERCHE EN EDUCATION - Service \/ FPSE - Sciences de l&#039;Enseignement et de la Formation\" \/>\n<meta property=\"og:description\" content=\"Comme toute \u00e9quipe de recherche, les membres de l\u2019INAS d\u00e9veloppent une r\u00e9flexion m\u00e9thodologique destin\u00e9e \u00e0 assurer la qualit\u00e9 des travaux men\u00e9s, y compris dans le cadre de recherches commandit\u00e9es ou appliqu\u00e9es. Cette r\u00e9flexion implique aussi l\u2019appropriation des outils conceptuels et techniques (mesure, observation, traitement de donn\u00e9es\u2026). Bibliographie C@f\u00e9s de l\u2019INAS Podcasts \u00a0Les chercheurs de l\u2019INAS [&hellip;]\" \/>\n<meta property=\"og:url\" content=\"https:\/\/web.umons.ac.be\/semf\/methodologie-de-la-recherche-en-education\/\" \/>\n<meta property=\"og:site_name\" content=\"Service \/ FPSE - Sciences de l&#039;Enseignement et de la Formation\" \/>\n<meta property=\"article:modified_time\" content=\"2026-01-16T13:27:01+00:00\" \/>\n<meta name=\"twitter:card\" content=\"summary_large_image\" \/>\n<meta name=\"twitter:label1\" content=\"Dur\u00e9e de lecture estim\u00e9e\" \/>\n\t<meta name=\"twitter:data1\" content=\"1 minute\" \/>\n<script type=\"application\/ld+json\" class=\"yoast-schema-graph\">{\"@context\":\"https:\/\/schema.org\",\"@graph\":[{\"@type\":\"WebPage\",\"@id\":\"https:\/\/web.umons.ac.be\/semf\/methodologie-de-la-recherche-en-education\/\",\"url\":\"https:\/\/web.umons.ac.be\/semf\/methodologie-de-la-recherche-en-education\/\",\"name\":\"METHODOLOGIE DE LA RECHERCHE EN EDUCATION - Service \/ FPSE - Sciences de l&#039;Enseignement et de la Formation\",\"isPartOf\":{\"@id\":\"https:\/\/web.umons.ac.be\/semf\/#website\"},\"datePublished\":\"2025-05-28T13:51:32+00:00\",\"dateModified\":\"2026-01-16T13:27:01+00:00\",\"breadcrumb\":{\"@id\":\"https:\/\/web.umons.ac.be\/semf\/methodologie-de-la-recherche-en-education\/#breadcrumb\"},\"inLanguage\":\"fr-FR\",\"potentialAction\":[{\"@type\":\"ReadAction\",\"target\":[\"https:\/\/web.umons.ac.be\/semf\/methodologie-de-la-recherche-en-education\/\"]}]},{\"@type\":\"BreadcrumbList\",\"@id\":\"https:\/\/web.umons.ac.be\/semf\/methodologie-de-la-recherche-en-education\/#breadcrumb\",\"itemListElement\":[{\"@type\":\"ListItem\",\"position\":1,\"name\":\"Home\",\"item\":\"https:\/\/web.umons.ac.be\/semf\/\"},{\"@type\":\"ListItem\",\"position\":2,\"name\":\"METHODOLOGIE DE LA RECHERCHE EN EDUCATION\"}]},{\"@type\":\"WebSite\",\"@id\":\"https:\/\/web.umons.ac.be\/semf\/#website\",\"url\":\"https:\/\/web.umons.ac.be\/semf\/\",\"name\":\"Service \/ FPSE - M\u00e9thodologie et formation\",\"description\":\"\",\"publisher\":{\"@id\":\"https:\/\/web.umons.ac.be\/semf\/#organization\"},\"potentialAction\":[{\"@type\":\"SearchAction\",\"target\":{\"@type\":\"EntryPoint\",\"urlTemplate\":\"https:\/\/web.umons.ac.be\/semf\/?s={search_term_string}\"},\"query-input\":{\"@type\":\"PropertyValueSpecification\",\"valueRequired\":true,\"valueName\":\"search_term_string\"}}],\"inLanguage\":\"fr-FR\"},{\"@type\":\"Organization\",\"@id\":\"https:\/\/web.umons.ac.be\/semf\/#organization\",\"name\":\"Service \/ FPSE - M\u00e9thodologie et formation\",\"url\":\"https:\/\/web.umons.ac.be\/semf\/\",\"logo\":{\"@type\":\"ImageObject\",\"inLanguage\":\"fr-FR\",\"@id\":\"https:\/\/web.umons.ac.be\/semf\/#\/schema\/logo\/image\/\",\"url\":\"https:\/\/web.umons.ac.be\/app\/uploads\/sites\/103\/2021\/11\/LOGOP316_Benoit-VANSCHOEBEKE.svg\",\"contentUrl\":\"https:\/\/web.umons.ac.be\/app\/uploads\/sites\/103\/2021\/11\/LOGOP316_Benoit-VANSCHOEBEKE.svg\",\"width\":1,\"height\":1,\"caption\":\"Service \/ FPSE - M\u00e9thodologie et formation\"},\"image\":{\"@id\":\"https:\/\/web.umons.ac.be\/semf\/#\/schema\/logo\/image\/\"}}]}<\/script>\n<!-- \/ Yoast SEO plugin. -->","yoast_head_json":{"title":"METHODOLOGIE DE LA RECHERCHE EN EDUCATION - Service \/ FPSE - Sciences de l&#039;Enseignement et de la Formation","robots":{"index":"index","follow":"follow","max-snippet":"max-snippet:-1","max-image-preview":"max-image-preview:large","max-video-preview":"max-video-preview:-1"},"canonical":"https:\/\/web.umons.ac.be\/semf\/methodologie-de-la-recherche-en-education\/","og_locale":"fr_FR","og_type":"article","og_title":"METHODOLOGIE DE LA RECHERCHE EN EDUCATION - Service \/ FPSE - Sciences de l&#039;Enseignement et de la Formation","og_description":"Comme toute \u00e9quipe de recherche, les membres de l\u2019INAS d\u00e9veloppent une r\u00e9flexion m\u00e9thodologique destin\u00e9e \u00e0 assurer la qualit\u00e9 des travaux men\u00e9s, y compris dans le cadre de recherches commandit\u00e9es ou appliqu\u00e9es. Cette r\u00e9flexion implique aussi l\u2019appropriation des outils conceptuels et techniques (mesure, observation, traitement de donn\u00e9es\u2026). Bibliographie C@f\u00e9s de l\u2019INAS Podcasts \u00a0Les chercheurs de l\u2019INAS [&hellip;]","og_url":"https:\/\/web.umons.ac.be\/semf\/methodologie-de-la-recherche-en-education\/","og_site_name":"Service \/ FPSE - Sciences de l&#039;Enseignement et de la Formation","article_modified_time":"2026-01-16T13:27:01+00:00","twitter_card":"summary_large_image","twitter_misc":{"Dur\u00e9e de lecture estim\u00e9e":"1 minute"},"schema":{"@context":"https:\/\/schema.org","@graph":[{"@type":"WebPage","@id":"https:\/\/web.umons.ac.be\/semf\/methodologie-de-la-recherche-en-education\/","url":"https:\/\/web.umons.ac.be\/semf\/methodologie-de-la-recherche-en-education\/","name":"METHODOLOGIE DE LA RECHERCHE EN EDUCATION - Service \/ FPSE - Sciences de l&#039;Enseignement et de la Formation","isPartOf":{"@id":"https:\/\/web.umons.ac.be\/semf\/#website"},"datePublished":"2025-05-28T13:51:32+00:00","dateModified":"2026-01-16T13:27:01+00:00","breadcrumb":{"@id":"https:\/\/web.umons.ac.be\/semf\/methodologie-de-la-recherche-en-education\/#breadcrumb"},"inLanguage":"fr-FR","potentialAction":[{"@type":"ReadAction","target":["https:\/\/web.umons.ac.be\/semf\/methodologie-de-la-recherche-en-education\/"]}]},{"@type":"BreadcrumbList","@id":"https:\/\/web.umons.ac.be\/semf\/methodologie-de-la-recherche-en-education\/#breadcrumb","itemListElement":[{"@type":"ListItem","position":1,"name":"Home","item":"https:\/\/web.umons.ac.be\/semf\/"},{"@type":"ListItem","position":2,"name":"METHODOLOGIE DE LA RECHERCHE EN EDUCATION"}]},{"@type":"WebSite","@id":"https:\/\/web.umons.ac.be\/semf\/#website","url":"https:\/\/web.umons.ac.be\/semf\/","name":"Service \/ FPSE - M\u00e9thodologie et formation","description":"","publisher":{"@id":"https:\/\/web.umons.ac.be\/semf\/#organization"},"potentialAction":[{"@type":"SearchAction","target":{"@type":"EntryPoint","urlTemplate":"https:\/\/web.umons.ac.be\/semf\/?s={search_term_string}"},"query-input":{"@type":"PropertyValueSpecification","valueRequired":true,"valueName":"search_term_string"}}],"inLanguage":"fr-FR"},{"@type":"Organization","@id":"https:\/\/web.umons.ac.be\/semf\/#organization","name":"Service \/ FPSE - M\u00e9thodologie et formation","url":"https:\/\/web.umons.ac.be\/semf\/","logo":{"@type":"ImageObject","inLanguage":"fr-FR","@id":"https:\/\/web.umons.ac.be\/semf\/#\/schema\/logo\/image\/","url":"https:\/\/web.umons.ac.be\/app\/uploads\/sites\/103\/2021\/11\/LOGOP316_Benoit-VANSCHOEBEKE.svg","contentUrl":"https:\/\/web.umons.ac.be\/app\/uploads\/sites\/103\/2021\/11\/LOGOP316_Benoit-VANSCHOEBEKE.svg","width":1,"height":1,"caption":"Service \/ FPSE - M\u00e9thodologie et formation"},"image":{"@id":"https:\/\/web.umons.ac.be\/semf\/#\/schema\/logo\/image\/"}}]}},"lang":"fr","translations":{"fr":2598},"pll_sync_post":[],"_links":{"self":[{"href":"https:\/\/web.umons.ac.be\/semf\/wp-json\/wp\/v2\/pages\/2598","targetHints":{"allow":["GET"]}}],"collection":[{"href":"https:\/\/web.umons.ac.be\/semf\/wp-json\/wp\/v2\/pages"}],"about":[{"href":"https:\/\/web.umons.ac.be\/semf\/wp-json\/wp\/v2\/types\/page"}],"author":[{"embeddable":true,"href":"https:\/\/web.umons.ac.be\/semf\/wp-json\/wp\/v2\/users\/121"}],"replies":[{"embeddable":true,"href":"https:\/\/web.umons.ac.be\/semf\/wp-json\/wp\/v2\/comments?post=2598"}],"version-history":[{"count":3,"href":"https:\/\/web.umons.ac.be\/semf\/wp-json\/wp\/v2\/pages\/2598\/revisions"}],"predecessor-version":[{"id":3014,"href":"https:\/\/web.umons.ac.be\/semf\/wp-json\/wp\/v2\/pages\/2598\/revisions\/3014"}],"wp:attachment":[{"href":"https:\/\/web.umons.ac.be\/semf\/wp-json\/wp\/v2\/media?parent=2598"}],"curies":[{"name":"wp","href":"https:\/\/api.w.org\/{rel}","templated":true}]}}