{"id":2771,"date":"2025-09-19T15:42:37","date_gmt":"2025-09-19T13:42:37","guid":{"rendered":"https:\/\/web.umons.ac.be\/semf\/?page_id=2771"},"modified":"2025-09-19T15:44:56","modified_gmt":"2025-09-19T13:44:56","slug":"amelie-marseille","status":"publish","type":"page","link":"https:\/\/web.umons.ac.be\/semf\/amelie-marseille\/","title":{"rendered":"Am\u00e9lie MARSEILLE"},"content":{"rendered":"<p><img loading=\"lazy\" decoding=\"async\" class=\"alignleft wp-image-2772 size-thumbnail\" src=\"https:\/\/web.umons.ac.be\/app\/uploads\/sites\/103\/2025\/09\/MarseilleAmelie-150x150.png\" alt=\"\" width=\"150\" height=\"150\" srcset=\"https:\/\/web.umons.ac.be\/app\/uploads\/sites\/103\/2025\/09\/MarseilleAmelie-150x150.png 150w, https:\/\/web.umons.ac.be\/app\/uploads\/sites\/103\/2025\/09\/MarseilleAmelie-30x31.png 30w, https:\/\/web.umons.ac.be\/app\/uploads\/sites\/103\/2025\/09\/MarseilleAmelie-80x80.png 80w\" sizes=\"auto, (max-width: 150px) 100vw, 150px\" \/>Am\u00e9lie M<span style=\"font-size: 14px;\">arseille est titulaire d\u2019un <\/span><em style=\"font-size: 14px;\">Honours Degree of Bachelor of Arts<\/em><span style=\"font-size: 14px;\"> (2005) et d\u2019un <\/span><em style=\"font-size: 14px;\">Higher Diploma in Education<\/em><span style=\"font-size: 14px;\"> (2006) obtenus \u00e0 l\u2019Universit\u00e9 de Galway en Irlande (NUIG), ainsi que d\u2019un Master en Sciences de l\u2019Education (2024) obtenu \u00e0 l\u2019UMONS. Apr\u00e8s avoir exerc\u00e9 en tant que professeure de fran\u00e7ais dans l\u2019enseignement secondaire en R\u00e9publique d\u2019Irlande, elle a travaill\u00e9 dans l\u2019enseignement obligatoire belge francophone de 2008 \u00e0 2024, principalement dans l\u2019enseignement primaire, en tant qu\u2019institutrice primaire anglophone. En 2024, elle int\u00e8gre l\u2019UMONS en tant qu\u2019assistante sous mandat au sein du Service des Sciences de l\u2019Enseignement et de la Formation \u00e0 la Facult\u00e9 de Psychologie et des Sciences de l\u2019Education. Elle intervient dans l\u2019encadrement de stages, m\u00e9moires et travaux pratiques dans le cadre du Master en Sciences de l\u2019Education (Analyse des politiques \u00e9ducatives et M\u00e9thodologie et techniques de l\u2019enqu\u00eate). Elle a \u00e9galement entam\u00e9 une th\u00e8se portant sur l\u2019\u00e9volution des m\u00e9tiers d\u00e9volus \u00e0 l\u2019encadrement des \u00e9tudiants dans l\u2019enseignement sup\u00e9rieur.<\/span><\/p>\n<ul>\n<li>Lien vers les publications d&rsquo;Am\u00e9lie Marseille<a href=\"https:\/\/staff.umons.ac.be\/amelie.marseille\/pubsfr.html\" target=\"_blank\" rel=\"noopener\"> https:\/\/staff.umons.ac.be\/amelie.marseille\/pubsfr.html<\/a><\/li>\n<\/ul>\n<p>&nbsp;<\/p>\n","protected":false},"excerpt":{"rendered":"<p>Am\u00e9lie Marseille est titulaire d\u2019un Honours Degree of Bachelor of Arts (2005) et d\u2019un Higher Diploma in Education (2006) obtenus \u00e0 l\u2019Universit\u00e9 de Galway en Irlande (NUIG), ainsi que d\u2019un Master en Sciences de l\u2019Education (2024) obtenu \u00e0 l\u2019UMONS. Apr\u00e8s avoir exerc\u00e9 en tant que professeure de fran\u00e7ais dans l\u2019enseignement secondaire en R\u00e9publique d\u2019Irlande, elle [&hellip;]<\/p>\n","protected":false},"author":122,"featured_media":0,"parent":0,"menu_order":0,"comment_status":"closed","ping_status":"closed","template":"","meta":{"footnotes":""},"class_list":["post-2771","page","type-page","status-publish","hentry"],"yoast_head":"<!-- This site is optimized with the Yoast SEO plugin v27.2 - https:\/\/yoast.com\/product\/yoast-seo-wordpress\/ -->\n<title>Am\u00e9lie MARSEILLE - Service \/ FPSE - Sciences de l&#039;Enseignement et de la Formation<\/title>\n<meta name=\"robots\" content=\"index, follow, max-snippet:-1, max-image-preview:large, max-video-preview:-1\" \/>\n<link rel=\"canonical\" href=\"https:\/\/web.umons.ac.be\/semf\/amelie-marseille\/\" \/>\n<meta property=\"og:locale\" content=\"fr_FR\" \/>\n<meta property=\"og:type\" content=\"article\" \/>\n<meta property=\"og:title\" content=\"Am\u00e9lie MARSEILLE - Service \/ FPSE - Sciences de l&#039;Enseignement et de la Formation\" \/>\n<meta property=\"og:description\" content=\"Am\u00e9lie Marseille est titulaire d\u2019un Honours Degree of Bachelor of Arts (2005) et d\u2019un Higher Diploma in Education (2006) obtenus \u00e0 l\u2019Universit\u00e9 de Galway en Irlande (NUIG), ainsi que d\u2019un Master en Sciences de l\u2019Education (2024) obtenu \u00e0 l\u2019UMONS. Apr\u00e8s avoir exerc\u00e9 en tant que professeure de fran\u00e7ais dans l\u2019enseignement secondaire en R\u00e9publique d\u2019Irlande, elle [&hellip;]\" \/>\n<meta property=\"og:url\" content=\"https:\/\/web.umons.ac.be\/semf\/amelie-marseille\/\" \/>\n<meta property=\"og:site_name\" content=\"Service \/ FPSE - Sciences de l&#039;Enseignement et de la Formation\" \/>\n<meta property=\"article:modified_time\" content=\"2025-09-19T13:44:56+00:00\" \/>\n<meta property=\"og:image\" content=\"https:\/\/web.umons.ac.be\/app\/uploads\/sites\/103\/2025\/09\/MarseilleAmelie.png\" \/>\n\t<meta property=\"og:image:width\" content=\"169\" \/>\n\t<meta property=\"og:image:height\" content=\"176\" \/>\n\t<meta property=\"og:image:type\" content=\"image\/png\" \/>\n<meta name=\"twitter:card\" content=\"summary_large_image\" \/>\n<meta name=\"twitter:label1\" content=\"Dur\u00e9e de lecture estim\u00e9e\" \/>\n\t<meta name=\"twitter:data1\" content=\"2 minutes\" \/>\n<script type=\"application\/ld+json\" class=\"yoast-schema-graph\">{\"@context\":\"https:\/\/schema.org\",\"@graph\":[{\"@type\":\"WebPage\",\"@id\":\"https:\/\/web.umons.ac.be\/semf\/amelie-marseille\/\",\"url\":\"https:\/\/web.umons.ac.be\/semf\/amelie-marseille\/\",\"name\":\"Am\u00e9lie MARSEILLE - Service \/ FPSE - Sciences de l&#039;Enseignement et de la Formation\",\"isPartOf\":{\"@id\":\"https:\/\/web.umons.ac.be\/semf\/#website\"},\"primaryImageOfPage\":{\"@id\":\"https:\/\/web.umons.ac.be\/semf\/amelie-marseille\/#primaryimage\"},\"image\":{\"@id\":\"https:\/\/web.umons.ac.be\/semf\/amelie-marseille\/#primaryimage\"},\"thumbnailUrl\":\"https:\/\/web.umons.ac.be\/app\/uploads\/sites\/103\/2025\/09\/MarseilleAmelie-150x150.png\",\"datePublished\":\"2025-09-19T13:42:37+00:00\",\"dateModified\":\"2025-09-19T13:44:56+00:00\",\"breadcrumb\":{\"@id\":\"https:\/\/web.umons.ac.be\/semf\/amelie-marseille\/#breadcrumb\"},\"inLanguage\":\"fr-FR\",\"potentialAction\":[{\"@type\":\"ReadAction\",\"target\":[\"https:\/\/web.umons.ac.be\/semf\/amelie-marseille\/\"]}]},{\"@type\":\"ImageObject\",\"inLanguage\":\"fr-FR\",\"@id\":\"https:\/\/web.umons.ac.be\/semf\/amelie-marseille\/#primaryimage\",\"url\":\"https:\/\/web.umons.ac.be\/app\/uploads\/sites\/103\/2025\/09\/MarseilleAmelie-150x150.png\",\"contentUrl\":\"https:\/\/web.umons.ac.be\/app\/uploads\/sites\/103\/2025\/09\/MarseilleAmelie-150x150.png\"},{\"@type\":\"BreadcrumbList\",\"@id\":\"https:\/\/web.umons.ac.be\/semf\/amelie-marseille\/#breadcrumb\",\"itemListElement\":[{\"@type\":\"ListItem\",\"position\":1,\"name\":\"Home\",\"item\":\"https:\/\/web.umons.ac.be\/semf\/\"},{\"@type\":\"ListItem\",\"position\":2,\"name\":\"Am\u00e9lie MARSEILLE\"}]},{\"@type\":\"WebSite\",\"@id\":\"https:\/\/web.umons.ac.be\/semf\/#website\",\"url\":\"https:\/\/web.umons.ac.be\/semf\/\",\"name\":\"Service \/ FPSE - M\u00e9thodologie et formation\",\"description\":\"\",\"publisher\":{\"@id\":\"https:\/\/web.umons.ac.be\/semf\/#organization\"},\"potentialAction\":[{\"@type\":\"SearchAction\",\"target\":{\"@type\":\"EntryPoint\",\"urlTemplate\":\"https:\/\/web.umons.ac.be\/semf\/?s={search_term_string}\"},\"query-input\":{\"@type\":\"PropertyValueSpecification\",\"valueRequired\":true,\"valueName\":\"search_term_string\"}}],\"inLanguage\":\"fr-FR\"},{\"@type\":\"Organization\",\"@id\":\"https:\/\/web.umons.ac.be\/semf\/#organization\",\"name\":\"Service \/ FPSE - M\u00e9thodologie et formation\",\"url\":\"https:\/\/web.umons.ac.be\/semf\/\",\"logo\":{\"@type\":\"ImageObject\",\"inLanguage\":\"fr-FR\",\"@id\":\"https:\/\/web.umons.ac.be\/semf\/#\/schema\/logo\/image\/\",\"url\":\"https:\/\/web.umons.ac.be\/app\/uploads\/sites\/103\/2021\/11\/LOGOP316_Benoit-VANSCHOEBEKE.svg\",\"contentUrl\":\"https:\/\/web.umons.ac.be\/app\/uploads\/sites\/103\/2021\/11\/LOGOP316_Benoit-VANSCHOEBEKE.svg\",\"width\":1,\"height\":1,\"caption\":\"Service \/ FPSE - M\u00e9thodologie et formation\"},\"image\":{\"@id\":\"https:\/\/web.umons.ac.be\/semf\/#\/schema\/logo\/image\/\"}}]}<\/script>\n<!-- \/ Yoast SEO plugin. -->","yoast_head_json":{"title":"Am\u00e9lie MARSEILLE - Service \/ FPSE - Sciences de l&#039;Enseignement et de la Formation","robots":{"index":"index","follow":"follow","max-snippet":"max-snippet:-1","max-image-preview":"max-image-preview:large","max-video-preview":"max-video-preview:-1"},"canonical":"https:\/\/web.umons.ac.be\/semf\/amelie-marseille\/","og_locale":"fr_FR","og_type":"article","og_title":"Am\u00e9lie MARSEILLE - Service \/ FPSE - Sciences de l&#039;Enseignement et de la Formation","og_description":"Am\u00e9lie Marseille est titulaire d\u2019un Honours Degree of Bachelor of Arts (2005) et d\u2019un Higher Diploma in Education (2006) obtenus \u00e0 l\u2019Universit\u00e9 de Galway en Irlande (NUIG), ainsi que d\u2019un Master en Sciences de l\u2019Education (2024) obtenu \u00e0 l\u2019UMONS. Apr\u00e8s avoir exerc\u00e9 en tant que professeure de fran\u00e7ais dans l\u2019enseignement secondaire en R\u00e9publique d\u2019Irlande, elle [&hellip;]","og_url":"https:\/\/web.umons.ac.be\/semf\/amelie-marseille\/","og_site_name":"Service \/ FPSE - Sciences de l&#039;Enseignement et de la Formation","article_modified_time":"2025-09-19T13:44:56+00:00","og_image":[{"width":169,"height":176,"url":"https:\/\/web.umons.ac.be\/app\/uploads\/sites\/103\/2025\/09\/MarseilleAmelie.png","type":"image\/png"}],"twitter_card":"summary_large_image","twitter_misc":{"Dur\u00e9e de lecture estim\u00e9e":"2 minutes"},"schema":{"@context":"https:\/\/schema.org","@graph":[{"@type":"WebPage","@id":"https:\/\/web.umons.ac.be\/semf\/amelie-marseille\/","url":"https:\/\/web.umons.ac.be\/semf\/amelie-marseille\/","name":"Am\u00e9lie MARSEILLE - Service \/ FPSE - Sciences de l&#039;Enseignement et de la Formation","isPartOf":{"@id":"https:\/\/web.umons.ac.be\/semf\/#website"},"primaryImageOfPage":{"@id":"https:\/\/web.umons.ac.be\/semf\/amelie-marseille\/#primaryimage"},"image":{"@id":"https:\/\/web.umons.ac.be\/semf\/amelie-marseille\/#primaryimage"},"thumbnailUrl":"https:\/\/web.umons.ac.be\/app\/uploads\/sites\/103\/2025\/09\/MarseilleAmelie-150x150.png","datePublished":"2025-09-19T13:42:37+00:00","dateModified":"2025-09-19T13:44:56+00:00","breadcrumb":{"@id":"https:\/\/web.umons.ac.be\/semf\/amelie-marseille\/#breadcrumb"},"inLanguage":"fr-FR","potentialAction":[{"@type":"ReadAction","target":["https:\/\/web.umons.ac.be\/semf\/amelie-marseille\/"]}]},{"@type":"ImageObject","inLanguage":"fr-FR","@id":"https:\/\/web.umons.ac.be\/semf\/amelie-marseille\/#primaryimage","url":"https:\/\/web.umons.ac.be\/app\/uploads\/sites\/103\/2025\/09\/MarseilleAmelie-150x150.png","contentUrl":"https:\/\/web.umons.ac.be\/app\/uploads\/sites\/103\/2025\/09\/MarseilleAmelie-150x150.png"},{"@type":"BreadcrumbList","@id":"https:\/\/web.umons.ac.be\/semf\/amelie-marseille\/#breadcrumb","itemListElement":[{"@type":"ListItem","position":1,"name":"Home","item":"https:\/\/web.umons.ac.be\/semf\/"},{"@type":"ListItem","position":2,"name":"Am\u00e9lie MARSEILLE"}]},{"@type":"WebSite","@id":"https:\/\/web.umons.ac.be\/semf\/#website","url":"https:\/\/web.umons.ac.be\/semf\/","name":"Service \/ FPSE - M\u00e9thodologie et formation","description":"","publisher":{"@id":"https:\/\/web.umons.ac.be\/semf\/#organization"},"potentialAction":[{"@type":"SearchAction","target":{"@type":"EntryPoint","urlTemplate":"https:\/\/web.umons.ac.be\/semf\/?s={search_term_string}"},"query-input":{"@type":"PropertyValueSpecification","valueRequired":true,"valueName":"search_term_string"}}],"inLanguage":"fr-FR"},{"@type":"Organization","@id":"https:\/\/web.umons.ac.be\/semf\/#organization","name":"Service \/ FPSE - M\u00e9thodologie et formation","url":"https:\/\/web.umons.ac.be\/semf\/","logo":{"@type":"ImageObject","inLanguage":"fr-FR","@id":"https:\/\/web.umons.ac.be\/semf\/#\/schema\/logo\/image\/","url":"https:\/\/web.umons.ac.be\/app\/uploads\/sites\/103\/2021\/11\/LOGOP316_Benoit-VANSCHOEBEKE.svg","contentUrl":"https:\/\/web.umons.ac.be\/app\/uploads\/sites\/103\/2021\/11\/LOGOP316_Benoit-VANSCHOEBEKE.svg","width":1,"height":1,"caption":"Service \/ FPSE - M\u00e9thodologie et formation"},"image":{"@id":"https:\/\/web.umons.ac.be\/semf\/#\/schema\/logo\/image\/"}}]}},"lang":"fr","translations":{"fr":2771},"pll_sync_post":[],"_links":{"self":[{"href":"https:\/\/web.umons.ac.be\/semf\/wp-json\/wp\/v2\/pages\/2771","targetHints":{"allow":["GET"]}}],"collection":[{"href":"https:\/\/web.umons.ac.be\/semf\/wp-json\/wp\/v2\/pages"}],"about":[{"href":"https:\/\/web.umons.ac.be\/semf\/wp-json\/wp\/v2\/types\/page"}],"author":[{"embeddable":true,"href":"https:\/\/web.umons.ac.be\/semf\/wp-json\/wp\/v2\/users\/122"}],"replies":[{"embeddable":true,"href":"https:\/\/web.umons.ac.be\/semf\/wp-json\/wp\/v2\/comments?post=2771"}],"version-history":[{"count":1,"href":"https:\/\/web.umons.ac.be\/semf\/wp-json\/wp\/v2\/pages\/2771\/revisions"}],"predecessor-version":[{"id":2773,"href":"https:\/\/web.umons.ac.be\/semf\/wp-json\/wp\/v2\/pages\/2771\/revisions\/2773"}],"wp:attachment":[{"href":"https:\/\/web.umons.ac.be\/semf\/wp-json\/wp\/v2\/media?parent=2771"}],"curies":[{"name":"wp","href":"https:\/\/api.w.org\/{rel}","templated":true}]}}