{"id":307,"date":"2022-06-14T14:18:08","date_gmt":"2022-06-14T12:18:08","guid":{"rendered":"https:\/\/web.umons.ac.be\/semi\/?page_id=307"},"modified":"2022-06-14T14:18:28","modified_gmt":"2022-06-14T12:18:28","slug":"simius-version-3","status":"publish","type":"page","link":"https:\/\/web.umons.ac.be\/semi\/simius-version-3\/","title":{"rendered":"SiMiUS Version 3"},"content":{"rendered":"<p><img loading=\"lazy\" decoding=\"async\" src=\"https:\/\/web.umons.ac.be\/app\/uploads\/sites\/115\/2022\/06\/simiusv3.jpg\" alt=\"simiusv3\" width=\"559\" height=\"364\" \/><\/p>\n<p style=\"text-align: justify\">Cette carte est un mixte des deux pr\u00e9c\u00e9dentes, car nous avons une carte m\u00e8re avec l&rsquo;alimentation et les connecteurs I\/O ainsi qu&rsquo;un afficheur LCD et d&rsquo;un carte Microcontr\u00f4leur qui vient s&rsquo;enficher sur cette carte m\u00e8re mais qui peut \u00eatre autonome comme la miniSiMiUS, de plus, cette configuration permet d&rsquo;utiliser plusieurs types de microcontr\u00f4leurs divers car il suffira de faire correspondre les I\/O pour la carte m\u00e8re.<\/p>\n<p style=\"text-align: justify\">Elle accepte aussi, toutes les interfaces et capteurs que nous avons d\u00e9velopp\u00e9es pour la Simius V1.<\/p>\n<p style=\"text-align: justify\">Certains signaux sur les divers connecteurs sont redondants car on voulait ramener chaque port du microcontr\u00f4leur sur l&rsquo;ext\u00e9rieur et rester compatible avec les anciennes interfaces et capteurs que nous avions d\u00e9velopp\u00e9es pr\u00e9c\u00e9demment.\u00a0 Sur chaque connecteur la masse ainsi que l&rsquo;alimentation sont pr\u00e9sentes pour une facilit\u00e9 d&rsquo;utilisation vers une carte de prototypage (repiquage de l&rsquo;alimentation).<\/p>\n<p>&nbsp;<\/p>\n<p>&nbsp;<\/p>\n","protected":false},"excerpt":{"rendered":"<p>Cette carte est un mixte des deux pr\u00e9c\u00e9dentes, car nous avons une carte m\u00e8re avec l&rsquo;alimentation et les connecteurs I\/O ainsi qu&rsquo;un afficheur LCD et d&rsquo;un carte Microcontr\u00f4leur qui vient s&rsquo;enficher sur cette carte m\u00e8re mais qui peut \u00eatre autonome comme la miniSiMiUS, de plus, cette configuration permet d&rsquo;utiliser plusieurs types de microcontr\u00f4leurs divers car [&hellip;]<\/p>\n","protected":false},"author":95,"featured_media":0,"parent":0,"menu_order":0,"comment_status":"closed","ping_status":"closed","template":"","meta":{"footnotes":""},"class_list":["post-307","page","type-page","status-publish","hentry"],"yoast_head":"<!-- This site is optimized with the Yoast SEO plugin v27.2 - https:\/\/yoast.com\/product\/yoast-seo-wordpress\/ -->\n<title>SiMiUS Version 3 - Service \/ FPMS - Electronique et Micro\u00e9lectronique<\/title>\n<meta name=\"robots\" content=\"index, follow, max-snippet:-1, max-image-preview:large, max-video-preview:-1\" \/>\n<link rel=\"canonical\" href=\"https:\/\/web.umons.ac.be\/semi\/simius-version-3\/\" \/>\n<meta property=\"og:locale\" content=\"fr_FR\" \/>\n<meta property=\"og:type\" content=\"article\" \/>\n<meta property=\"og:title\" content=\"SiMiUS Version 3 - Service \/ FPMS - Electronique et Micro\u00e9lectronique\" \/>\n<meta property=\"og:description\" content=\"Cette carte est un mixte des deux pr\u00e9c\u00e9dentes, car nous avons une carte m\u00e8re avec l&rsquo;alimentation et les connecteurs I\/O ainsi qu&rsquo;un afficheur LCD et d&rsquo;un carte Microcontr\u00f4leur qui vient s&rsquo;enficher sur cette carte m\u00e8re mais qui peut \u00eatre autonome comme la miniSiMiUS, de plus, cette configuration permet d&rsquo;utiliser plusieurs types de microcontr\u00f4leurs divers car [&hellip;]\" \/>\n<meta property=\"og:url\" content=\"https:\/\/web.umons.ac.be\/semi\/simius-version-3\/\" \/>\n<meta property=\"og:site_name\" content=\"Service \/ FPMS - Electronique et Micro\u00e9lectronique\" \/>\n<meta property=\"article:modified_time\" content=\"2022-06-14T12:18:28+00:00\" \/>\n<meta property=\"og:image\" content=\"https:\/\/web.umons.ac.be\/app\/uploads\/sites\/115\/2022\/06\/simiusv3.jpg\" \/>\n<meta name=\"twitter:card\" content=\"summary_large_image\" \/>\n<meta name=\"twitter:label1\" content=\"Dur\u00e9e de lecture estim\u00e9e\" \/>\n\t<meta name=\"twitter:data1\" content=\"1 minute\" \/>\n<script type=\"application\/ld+json\" class=\"yoast-schema-graph\">{\"@context\":\"https:\/\/schema.org\",\"@graph\":[{\"@type\":\"WebPage\",\"@id\":\"https:\/\/web.umons.ac.be\/semi\/simius-version-3\/\",\"url\":\"https:\/\/web.umons.ac.be\/semi\/simius-version-3\/\",\"name\":\"SiMiUS Version 3 - Service \/ FPMS - Electronique et Micro\u00e9lectronique\",\"isPartOf\":{\"@id\":\"https:\/\/web.umons.ac.be\/semi\/#website\"},\"primaryImageOfPage\":{\"@id\":\"https:\/\/web.umons.ac.be\/semi\/simius-version-3\/#primaryimage\"},\"image\":{\"@id\":\"https:\/\/web.umons.ac.be\/semi\/simius-version-3\/#primaryimage\"},\"thumbnailUrl\":\"https:\/\/web.umons.ac.be\/app\/uploads\/sites\/115\/2022\/06\/simiusv3.jpg\",\"datePublished\":\"2022-06-14T12:18:08+00:00\",\"dateModified\":\"2022-06-14T12:18:28+00:00\",\"breadcrumb\":{\"@id\":\"https:\/\/web.umons.ac.be\/semi\/simius-version-3\/#breadcrumb\"},\"inLanguage\":\"fr-FR\",\"potentialAction\":[{\"@type\":\"ReadAction\",\"target\":[\"https:\/\/web.umons.ac.be\/semi\/simius-version-3\/\"]}]},{\"@type\":\"ImageObject\",\"inLanguage\":\"fr-FR\",\"@id\":\"https:\/\/web.umons.ac.be\/semi\/simius-version-3\/#primaryimage\",\"url\":\"https:\/\/web.umons.ac.be\/app\/uploads\/sites\/115\/2022\/06\/simiusv3.jpg\",\"contentUrl\":\"https:\/\/web.umons.ac.be\/app\/uploads\/sites\/115\/2022\/06\/simiusv3.jpg\"},{\"@type\":\"BreadcrumbList\",\"@id\":\"https:\/\/web.umons.ac.be\/semi\/simius-version-3\/#breadcrumb\",\"itemListElement\":[{\"@type\":\"ListItem\",\"position\":1,\"name\":\"Home\",\"item\":\"https:\/\/web.umons.ac.be\/semi\/\"},{\"@type\":\"ListItem\",\"position\":2,\"name\":\"SiMiUS Version 3\"}]},{\"@type\":\"WebSite\",\"@id\":\"https:\/\/web.umons.ac.be\/semi\/#website\",\"url\":\"https:\/\/web.umons.ac.be\/semi\/\",\"name\":\"Service \/ FPMS - Electronique et Micro\u00e9lectronique\",\"description\":\"\",\"potentialAction\":[{\"@type\":\"SearchAction\",\"target\":{\"@type\":\"EntryPoint\",\"urlTemplate\":\"https:\/\/web.umons.ac.be\/semi\/?s={search_term_string}\"},\"query-input\":{\"@type\":\"PropertyValueSpecification\",\"valueRequired\":true,\"valueName\":\"search_term_string\"}}],\"inLanguage\":\"fr-FR\"}]}<\/script>\n<!-- \/ Yoast SEO plugin. -->","yoast_head_json":{"title":"SiMiUS Version 3 - Service \/ FPMS - Electronique et Micro\u00e9lectronique","robots":{"index":"index","follow":"follow","max-snippet":"max-snippet:-1","max-image-preview":"max-image-preview:large","max-video-preview":"max-video-preview:-1"},"canonical":"https:\/\/web.umons.ac.be\/semi\/simius-version-3\/","og_locale":"fr_FR","og_type":"article","og_title":"SiMiUS Version 3 - Service \/ FPMS - Electronique et Micro\u00e9lectronique","og_description":"Cette carte est un mixte des deux pr\u00e9c\u00e9dentes, car nous avons une carte m\u00e8re avec l&rsquo;alimentation et les connecteurs I\/O ainsi qu&rsquo;un afficheur LCD et d&rsquo;un carte Microcontr\u00f4leur qui vient s&rsquo;enficher sur cette carte m\u00e8re mais qui peut \u00eatre autonome comme la miniSiMiUS, de plus, cette configuration permet d&rsquo;utiliser plusieurs types de microcontr\u00f4leurs divers car [&hellip;]","og_url":"https:\/\/web.umons.ac.be\/semi\/simius-version-3\/","og_site_name":"Service \/ FPMS - Electronique et Micro\u00e9lectronique","article_modified_time":"2022-06-14T12:18:28+00:00","og_image":[{"url":"https:\/\/web.umons.ac.be\/app\/uploads\/sites\/115\/2022\/06\/simiusv3.jpg","type":"","width":"","height":""}],"twitter_card":"summary_large_image","twitter_misc":{"Dur\u00e9e de lecture estim\u00e9e":"1 minute"},"schema":{"@context":"https:\/\/schema.org","@graph":[{"@type":"WebPage","@id":"https:\/\/web.umons.ac.be\/semi\/simius-version-3\/","url":"https:\/\/web.umons.ac.be\/semi\/simius-version-3\/","name":"SiMiUS Version 3 - Service \/ FPMS - Electronique et Micro\u00e9lectronique","isPartOf":{"@id":"https:\/\/web.umons.ac.be\/semi\/#website"},"primaryImageOfPage":{"@id":"https:\/\/web.umons.ac.be\/semi\/simius-version-3\/#primaryimage"},"image":{"@id":"https:\/\/web.umons.ac.be\/semi\/simius-version-3\/#primaryimage"},"thumbnailUrl":"https:\/\/web.umons.ac.be\/app\/uploads\/sites\/115\/2022\/06\/simiusv3.jpg","datePublished":"2022-06-14T12:18:08+00:00","dateModified":"2022-06-14T12:18:28+00:00","breadcrumb":{"@id":"https:\/\/web.umons.ac.be\/semi\/simius-version-3\/#breadcrumb"},"inLanguage":"fr-FR","potentialAction":[{"@type":"ReadAction","target":["https:\/\/web.umons.ac.be\/semi\/simius-version-3\/"]}]},{"@type":"ImageObject","inLanguage":"fr-FR","@id":"https:\/\/web.umons.ac.be\/semi\/simius-version-3\/#primaryimage","url":"https:\/\/web.umons.ac.be\/app\/uploads\/sites\/115\/2022\/06\/simiusv3.jpg","contentUrl":"https:\/\/web.umons.ac.be\/app\/uploads\/sites\/115\/2022\/06\/simiusv3.jpg"},{"@type":"BreadcrumbList","@id":"https:\/\/web.umons.ac.be\/semi\/simius-version-3\/#breadcrumb","itemListElement":[{"@type":"ListItem","position":1,"name":"Home","item":"https:\/\/web.umons.ac.be\/semi\/"},{"@type":"ListItem","position":2,"name":"SiMiUS Version 3"}]},{"@type":"WebSite","@id":"https:\/\/web.umons.ac.be\/semi\/#website","url":"https:\/\/web.umons.ac.be\/semi\/","name":"Service \/ FPMS - Electronique et Micro\u00e9lectronique","description":"","potentialAction":[{"@type":"SearchAction","target":{"@type":"EntryPoint","urlTemplate":"https:\/\/web.umons.ac.be\/semi\/?s={search_term_string}"},"query-input":{"@type":"PropertyValueSpecification","valueRequired":true,"valueName":"search_term_string"}}],"inLanguage":"fr-FR"}]}},"lang":"en","translations":{"en":307},"pll_sync_post":[],"_links":{"self":[{"href":"https:\/\/web.umons.ac.be\/semi\/wp-json\/wp\/v2\/pages\/307","targetHints":{"allow":["GET"]}}],"collection":[{"href":"https:\/\/web.umons.ac.be\/semi\/wp-json\/wp\/v2\/pages"}],"about":[{"href":"https:\/\/web.umons.ac.be\/semi\/wp-json\/wp\/v2\/types\/page"}],"author":[{"embeddable":true,"href":"https:\/\/web.umons.ac.be\/semi\/wp-json\/wp\/v2\/users\/95"}],"replies":[{"embeddable":true,"href":"https:\/\/web.umons.ac.be\/semi\/wp-json\/wp\/v2\/comments?post=307"}],"version-history":[{"count":2,"href":"https:\/\/web.umons.ac.be\/semi\/wp-json\/wp\/v2\/pages\/307\/revisions"}],"predecessor-version":[{"id":309,"href":"https:\/\/web.umons.ac.be\/semi\/wp-json\/wp\/v2\/pages\/307\/revisions\/309"}],"wp:attachment":[{"href":"https:\/\/web.umons.ac.be\/semi\/wp-json\/wp\/v2\/media?parent=307"}],"curies":[{"name":"wp","href":"https:\/\/api.w.org\/{rel}","templated":true}]}}