{"version":"1.0","provider_name":"Service \/ FPSE - M\u00e9trologie et Sciences du langage","provider_url":"https:\/\/web.umons.ac.be\/smsl","author_name":"Alain Lechien","author_url":"https:\/\/web.umons.ac.be\/smsl\/author\/alechien\/","title":"Projet ARC EvalDy - Service \/ FPSE - M\u00e9trologie et Sciences du langage","type":"rich","width":600,"height":338,"html":"<blockquote class=\"wp-embedded-content\" data-secret=\"pl1F3YGvDl\"><a href=\"https:\/\/web.umons.ac.be\/smsl\/projet-arc-evaldy\/\">Projet ARC EvalDy<\/a><\/blockquote><iframe sandbox=\"allow-scripts\" security=\"restricted\" src=\"https:\/\/web.umons.ac.be\/smsl\/projet-arc-evaldy\/embed\/#?secret=pl1F3YGvDl\" width=\"600\" height=\"338\" title=\"\u00ab\u00a0Projet ARC EvalDy\u00a0\u00bb &#8212; Service \/ FPSE - M\u00e9trologie et Sciences du langage\" data-secret=\"pl1F3YGvDl\" frameborder=\"0\" marginwidth=\"0\" marginheight=\"0\" scrolling=\"no\" class=\"wp-embedded-content\"><\/iframe><script type=\"text\/javascript\">\n\/* <![CDATA[ *\/\n\/*! This file is auto-generated *\/\n!function(d,l){\"use strict\";l.querySelector&&d.addEventListener&&\"undefined\"!=typeof URL&&(d.wp=d.wp||{},d.wp.receiveEmbedMessage||(d.wp.receiveEmbedMessage=function(e){var t=e.data;if((t||t.secret||t.message||t.value)&&!\/[^a-zA-Z0-9]\/.test(t.secret)){for(var s,r,n,a=l.querySelectorAll('iframe[data-secret=\"'+t.secret+'\"]'),o=l.querySelectorAll('blockquote[data-secret=\"'+t.secret+'\"]'),c=new RegExp(\"^https?:$\",\"i\"),i=0;i<o.length;i++)o[i].style.display=\"none\";for(i=0;i<a.length;i++)s=a[i],e.source===s.contentWindow&&(s.removeAttribute(\"style\"),\"height\"===t.message?(1e3<(r=parseInt(t.value,10))?r=1e3:~~r<200&&(r=200),s.height=r):\"link\"===t.message&&(r=new URL(s.getAttribute(\"src\")),n=new URL(t.value),c.test(n.protocol))&&n.host===r.host&&l.activeElement===s&&(d.top.location.href=t.value))}},d.addEventListener(\"message\",d.wp.receiveEmbedMessage,!1),l.addEventListener(\"DOMContentLoaded\",function(){for(var e,t,s=l.querySelectorAll(\"iframe.wp-embedded-content\"),r=0;r<s.length;r++)(t=(e=s[r]).getAttribute(\"data-secret\"))||(t=Math.random().toString(36).substring(2,12),e.src+=\"#?secret=\"+t,e.setAttribute(\"data-secret\",t)),e.contentWindow.postMessage({message:\"ready\",secret:t},\"*\")},!1)))}(window,document);\n\/\/# sourceURL=https:\/\/web.umons.ac.be\/smsl\/wp-includes\/js\/wp-embed.min.js\n\/* ]]> *\/\n<\/script>\n","description":"Projet ARC EvalDy \u00a0R\u00e9sum\u00e9 du projet L\u2019objectif g\u00e9n\u00e9ral du projet est de contribuer \u00e0 la caract\u00e9risation et \u00e0 l\u2019\u00e9valuation des troubles de la voix et de la parole dans la dysarthrie. L\u2019\u00e9valuation objective (via des mesures acoustiques et articulatoires) de la production de parole pathologique est un champ de recherche en pleine expansion, en particulier [&hellip;]"}

Service / FPSE - Métrologie et Sciences du langage

Projet ARC EvalDy - Service / FPSE - Métrologie et Sciences du langage

<blockquote class="wp-embedded-content" data-secret="pl1F3YGvDl"><a href="https://web.umons.ac.be/smsl/projet-arc-evaldy/">Projet ARC EvalDy</a></blockquote><iframe sandbox="allow-scripts" security="restricted" src="https://web.umons.ac.be/smsl/projet-arc-evaldy/embed/#?secret=pl1F3YGvDl" width="600" height="338" title="« Projet ARC EvalDy » &#8212; Service / FPSE - Métrologie et Sciences du langage" data-secret="pl1F3YGvDl" frameborder="0" marginwidth="0" marginheight="0" scrolling="no" class="wp-embedded-content"></iframe><script type="text/javascript">
/* <![CDATA[ */
/*! This file is auto-generated */
!function(d,l){"use strict";l.querySelector&&d.addEventListener&&"undefined"!=typeof URL&&(d.wp=d.wp||{},d.wp.receiveEmbedMessage||(d.wp.receiveEmbedMessage=function(e){var t=e.data;if((t||t.secret||t.message||t.value)&&!/[^a-zA-Z0-9]/.test(t.secret)){for(var s,r,n,a=l.querySelectorAll('iframe[data-secret="'+t.secret+'"]'),o=l.querySelectorAll('blockquote[data-secret="'+t.secret+'"]'),c=new RegExp("^https?:$","i"),i=0;i<o.length;i++)o[i].style.display="none";for(i=0;i<a.length;i++)s=a[i],e.source===s.contentWindow&&(s.removeAttribute("style"),"height"===t.message?(1e3<(r=parseInt(t.value,10))?r=1e3:~~r<200&&(r=200),s.height=r):"link"===t.message&&(r=new URL(s.getAttribute("src")),n=new URL(t.value),c.test(n.protocol))&&n.host===r.host&&l.activeElement===s&&(d.top.location.href=t.value))}},d.addEventListener("message",d.wp.receiveEmbedMessage,!1),l.addEventListener("DOMContentLoaded",function(){for(var e,t,s=l.querySelectorAll("iframe.wp-embedded-content"),r=0;r<s.length;r++)(t=(e=s[r]).getAttribute("data-secret"))||(t=Math.random().toString(36).substring(2,12),e.src+="#?secret="+t,e.setAttribute("data-secret",t)),e.contentWindow.postMessage({message:"ready",secret:t},"*")},!1)))}(window,document);
//# sourceURL=https://web.umons.ac.be/smsl/wp-includes/js/wp-embed.min.js
/* ]]> */
</script>

Projet ARC EvalDy  Résumé du projet L’objectif général du projet est de contribuer à la caractérisation et à l’évaluation des troubles de la voix et de la parole dans la dysarthrie. L’évaluation objective (via des mesures acoustiques et articulatoires) de la production de parole pathologique est un champ de recherche en pleine expansion, en particulier [&hellip;]
