{"id":448,"date":"2022-04-07T08:38:55","date_gmt":"2022-04-07T06:38:55","guid":{"rendered":"https:\/\/web.umons.ac.be\/smsl\/?page_id=448"},"modified":"2025-05-13T10:58:26","modified_gmt":"2025-05-13T08:58:26","slug":"projets_de_recherche","status":"publish","type":"page","link":"https:\/\/web.umons.ac.be\/smsl\/projets_de_recherche\/","title":{"rendered":"Projets de recherche"},"content":{"rendered":"<p><span style=\"color: #c40242; font-size: 18pt;\">Projets de recherche<\/span><\/p>\n<p><span style=\"color: #009ee0; font-size: 14pt;\">Projets ARC<\/span><\/p>\n<ul>\n<li>2023-2027 : <a href=\"https:\/\/web.umons.ac.be\/smsl\/?page_id=746&amp;preview=true\"><strong><strong>EVALDY: C<\/strong><\/strong>ontribution a\u0300 la caracte\u0301risation et a\u0300 l\u2019e\u0301valuation objective (via des mesures acoustiques et articulatoires) des troubles de la voix et de la parole dans la dysarthrie, en contexte francophone (Convention ARC UMONS).<\/a><\/li>\n<li>2014-2018: <strong>BIOVOC<\/strong>: Impacts vocaux et m\u00e9taboliques, sur le sujet aux commandes d\u2019un syst\u00e8me complexe, de variations situationnelles susceptibles d\u2019agir sur son \u00e9tat. Objectivation crois\u00e9e par bioanalyse et analyse de la gestion du signal de parole des effets du stress et de la fatigue en situations a\u00e9ronautiques (Convention ARC UMONS).<\/li>\n<li>2012-2017: <strong>PAROLPATHOS<\/strong>: Evaluation acoustique et auditive du signal de parole de locuteurs francophones en situation de handicap. Apports de la phon\u00e9tique clinique au d\u00e9veloppement de proc\u00e9dures d\u2019\u00e9valuation holistique du sujet communicant situ\u00e9 dans son \u00e9cosyst\u00e8me (Convention ARC N\u00b0 AUWB- 2012-12\/17-UMONS-N\u00b01).<\/li>\n<li>2008-2012: <strong>COGNIPHON<\/strong>: Contr\u00f4le cognitif de la production des sons de parole en phase d\u2019acquisition de la L2 (Convention ARC N\u00b0AUWB- 08\/12-UMH 17).<\/li>\n<\/ul>\n<p>&nbsp;<\/p>\n<p><span style=\"font-size: 14pt; color: #009ee0;\">Projets FNRS<\/span><\/p>\n<ul>\n<li>2021 : F.R.S-FNRS SHS Infrastructure\u00a0: <strong>BOPP<\/strong>\u00a0: Belgian Online Probability Panel.<\/li>\n<li>2021\u00a0: PDR-Delvaux\u00a0: <strong>ALBARGA<\/strong>\u00a0: Perturbations acoustiques engendr\u00e9es par le masque sur la production et la perception de la parole et strat\u00e9gies d\u2019adaptation mises en place par les locuteurs : mesures objectives et v\u00e9cu subjectif.<\/li>\n<li>2020, CDR-Delvaux : <strong>Projet UltraAeroSpeech<\/strong>: Contr\u00f4le phone\u0301tique en production de la parole: une e\u0301tude multi- parame\u0301trique des strate\u0301gies individuelles de production associant mesures acoustiques, ae\u0301rodynamiques et articulatoires.<\/li>\n<li>2012\u00a0: FRESH-PDR\u00a0: <strong>DAIDALOS<\/strong>\u00a0: Effet sur la perception et la production de la parole en milieu multilingue des facteurs endog\u00e8nes au sujet (stress, surcharge cognitive, fatigue, etc) commandant un syst\u00e8me complexe (a\u00e9ronautique).<\/li>\n<\/ul>\n<p>&nbsp;<\/p>\n<p><span style=\"font-size: 14pt; color: #009ee0;\">Projets R\u00e9gion Wallonne<\/span><\/p>\n<ul>\n<li>2013-2016: <strong>PATH<\/strong>: Platform for Autism and Therapist Help (RW, Greentic 1317964)<\/li>\n<\/ul>\n<p>&nbsp;<\/p>\n<p><span style=\"color: #009ee0; font-size: 14pt;\">Autres projets de recherche<\/span><\/p>\n<ul>\n<li>2018\u00a0: <strong>ONE 2018<\/strong>, Le de\u0301pistage en maternelle, par la Promotion de la Sante\u0301 a\u0300 l\u2019Ecole, des enfants pre\u0301sentant des troubles du langage ou des risques de de\u0301velopper des troubles des apprentissages, Collaboration B. Harmegnies, J. Gaugue et L. Lefebvre.<\/li>\n<li>2018\u00a0: <strong>ONE 2018<\/strong> : La question du genre dans les me\u0301tiers de l\u2019enfance et dans l\u2019exercice de la parentalite\u0301 et l\u2019e\u0301ducation des jeunes enfants. E\u0302tre et devenir un pe\u0300re, c\u0327a se soutient&#8230;Quelles implications pour les acteurs de premie\u0300re ligne ?, Promoteurs : Florence Pirard (Universite\u0301 de Lie\u0300ge) , Justine Gaugue (universit\u00e9\u0301 de Mons ) en partenariat avec le service de Me\u0301trologie et sciences du langage, Bernard Harmegnies (chef de service), Ve\u0301ronique Delvaux, Kathy Huet et Myriam Piccaluga<\/li>\n<li>2015-2019: <strong>VITALSTIM<\/strong>: Effets de la stimulation \u00e9lectrique sur les troubles de type dysphagie\/dysphonie post-intubation (Grand H\u00f4pital de Charleroi, UMONS, IRSTL)<\/li>\n<\/ul>\n","protected":false},"excerpt":{"rendered":"<p>Projets de recherche Projets ARC 2023-2027 : EVALDY: Contribution a\u0300 la caracte\u0301risation et a\u0300 l\u2019e\u0301valuation objective (via des mesures acoustiques et articulatoires) des troubles de la voix et de la parole dans la dysarthrie, en contexte francophone (Convention ARC UMONS). 2014-2018: BIOVOC: Impacts vocaux et m\u00e9taboliques, sur le sujet aux commandes d\u2019un syst\u00e8me complexe, de [&hellip;]<\/p>\n","protected":false},"author":21,"featured_media":0,"parent":0,"menu_order":0,"comment_status":"closed","ping_status":"closed","template":"","meta":{"footnotes":""},"class_list":["post-448","page","type-page","status-publish","hentry"],"yoast_head":"<!-- This site is optimized with the Yoast SEO plugin v27.2 - https:\/\/yoast.com\/product\/yoast-seo-wordpress\/ -->\n<title>Projets de recherche - Service \/ FPSE - M\u00e9trologie et Sciences du langage<\/title>\n<meta name=\"robots\" content=\"index, follow, max-snippet:-1, max-image-preview:large, max-video-preview:-1\" \/>\n<link rel=\"canonical\" href=\"https:\/\/web.umons.ac.be\/smsl\/projets_de_recherche\/\" \/>\n<meta property=\"og:locale\" content=\"fr_FR\" \/>\n<meta property=\"og:type\" content=\"article\" \/>\n<meta property=\"og:title\" content=\"Projets de recherche - Service \/ FPSE - M\u00e9trologie et Sciences du langage\" \/>\n<meta property=\"og:description\" content=\"Projets de recherche Projets ARC 2023-2027 : EVALDY: Contribution a\u0300 la caracte\u0301risation et a\u0300 l\u2019e\u0301valuation objective (via des mesures acoustiques et articulatoires) des troubles de la voix et de la parole dans la dysarthrie, en contexte francophone (Convention ARC UMONS). 2014-2018: BIOVOC: Impacts vocaux et m\u00e9taboliques, sur le sujet aux commandes d\u2019un syst\u00e8me complexe, de [&hellip;]\" \/>\n<meta property=\"og:url\" content=\"https:\/\/web.umons.ac.be\/smsl\/projets_de_recherche\/\" \/>\n<meta property=\"og:site_name\" content=\"Service \/ FPSE - M\u00e9trologie et Sciences du langage\" \/>\n<meta property=\"article:modified_time\" content=\"2025-05-13T08:58:26+00:00\" \/>\n<meta name=\"twitter:card\" content=\"summary_large_image\" \/>\n<meta name=\"twitter:label1\" content=\"Dur\u00e9e de lecture estim\u00e9e\" \/>\n\t<meta name=\"twitter:data1\" content=\"3 minutes\" \/>\n<script type=\"application\/ld+json\" class=\"yoast-schema-graph\">{\"@context\":\"https:\/\/schema.org\",\"@graph\":[{\"@type\":\"WebPage\",\"@id\":\"https:\/\/web.umons.ac.be\/smsl\/projets_de_recherche\/\",\"url\":\"https:\/\/web.umons.ac.be\/smsl\/projets_de_recherche\/\",\"name\":\"Projets de recherche - Service \/ FPSE - M\u00e9trologie et Sciences du langage\",\"isPartOf\":{\"@id\":\"https:\/\/web.umons.ac.be\/smsl\/#website\"},\"datePublished\":\"2022-04-07T06:38:55+00:00\",\"dateModified\":\"2025-05-13T08:58:26+00:00\",\"breadcrumb\":{\"@id\":\"https:\/\/web.umons.ac.be\/smsl\/projets_de_recherche\/#breadcrumb\"},\"inLanguage\":\"fr-FR\",\"potentialAction\":[{\"@type\":\"ReadAction\",\"target\":[\"https:\/\/web.umons.ac.be\/smsl\/projets_de_recherche\/\"]}]},{\"@type\":\"BreadcrumbList\",\"@id\":\"https:\/\/web.umons.ac.be\/smsl\/projets_de_recherche\/#breadcrumb\",\"itemListElement\":[{\"@type\":\"ListItem\",\"position\":1,\"name\":\"Home\",\"item\":\"https:\/\/web.umons.ac.be\/smsl\/\"},{\"@type\":\"ListItem\",\"position\":2,\"name\":\"Projets de recherche\"}]},{\"@type\":\"WebSite\",\"@id\":\"https:\/\/web.umons.ac.be\/smsl\/#website\",\"url\":\"https:\/\/web.umons.ac.be\/smsl\/\",\"name\":\"Service \/ FPSE - M\u00e9trologie et Sciences du langage\",\"description\":\"\",\"potentialAction\":[{\"@type\":\"SearchAction\",\"target\":{\"@type\":\"EntryPoint\",\"urlTemplate\":\"https:\/\/web.umons.ac.be\/smsl\/?s={search_term_string}\"},\"query-input\":{\"@type\":\"PropertyValueSpecification\",\"valueRequired\":true,\"valueName\":\"search_term_string\"}}],\"inLanguage\":\"fr-FR\"}]}<\/script>\n<!-- \/ Yoast SEO plugin. -->","yoast_head_json":{"title":"Projets de recherche - Service \/ FPSE - M\u00e9trologie et Sciences du langage","robots":{"index":"index","follow":"follow","max-snippet":"max-snippet:-1","max-image-preview":"max-image-preview:large","max-video-preview":"max-video-preview:-1"},"canonical":"https:\/\/web.umons.ac.be\/smsl\/projets_de_recherche\/","og_locale":"fr_FR","og_type":"article","og_title":"Projets de recherche - Service \/ FPSE - M\u00e9trologie et Sciences du langage","og_description":"Projets de recherche Projets ARC 2023-2027 : EVALDY: Contribution a\u0300 la caracte\u0301risation et a\u0300 l\u2019e\u0301valuation objective (via des mesures acoustiques et articulatoires) des troubles de la voix et de la parole dans la dysarthrie, en contexte francophone (Convention ARC UMONS). 2014-2018: BIOVOC: Impacts vocaux et m\u00e9taboliques, sur le sujet aux commandes d\u2019un syst\u00e8me complexe, de [&hellip;]","og_url":"https:\/\/web.umons.ac.be\/smsl\/projets_de_recherche\/","og_site_name":"Service \/ FPSE - M\u00e9trologie et Sciences du langage","article_modified_time":"2025-05-13T08:58:26+00:00","twitter_card":"summary_large_image","twitter_misc":{"Dur\u00e9e de lecture estim\u00e9e":"3 minutes"},"schema":{"@context":"https:\/\/schema.org","@graph":[{"@type":"WebPage","@id":"https:\/\/web.umons.ac.be\/smsl\/projets_de_recherche\/","url":"https:\/\/web.umons.ac.be\/smsl\/projets_de_recherche\/","name":"Projets de recherche - Service \/ FPSE - M\u00e9trologie et Sciences du langage","isPartOf":{"@id":"https:\/\/web.umons.ac.be\/smsl\/#website"},"datePublished":"2022-04-07T06:38:55+00:00","dateModified":"2025-05-13T08:58:26+00:00","breadcrumb":{"@id":"https:\/\/web.umons.ac.be\/smsl\/projets_de_recherche\/#breadcrumb"},"inLanguage":"fr-FR","potentialAction":[{"@type":"ReadAction","target":["https:\/\/web.umons.ac.be\/smsl\/projets_de_recherche\/"]}]},{"@type":"BreadcrumbList","@id":"https:\/\/web.umons.ac.be\/smsl\/projets_de_recherche\/#breadcrumb","itemListElement":[{"@type":"ListItem","position":1,"name":"Home","item":"https:\/\/web.umons.ac.be\/smsl\/"},{"@type":"ListItem","position":2,"name":"Projets de recherche"}]},{"@type":"WebSite","@id":"https:\/\/web.umons.ac.be\/smsl\/#website","url":"https:\/\/web.umons.ac.be\/smsl\/","name":"Service \/ FPSE - M\u00e9trologie et Sciences du langage","description":"","potentialAction":[{"@type":"SearchAction","target":{"@type":"EntryPoint","urlTemplate":"https:\/\/web.umons.ac.be\/smsl\/?s={search_term_string}"},"query-input":{"@type":"PropertyValueSpecification","valueRequired":true,"valueName":"search_term_string"}}],"inLanguage":"fr-FR"}]}},"lang":"fr","translations":{"fr":448},"pll_sync_post":[],"_links":{"self":[{"href":"https:\/\/web.umons.ac.be\/smsl\/wp-json\/wp\/v2\/pages\/448","targetHints":{"allow":["GET"]}}],"collection":[{"href":"https:\/\/web.umons.ac.be\/smsl\/wp-json\/wp\/v2\/pages"}],"about":[{"href":"https:\/\/web.umons.ac.be\/smsl\/wp-json\/wp\/v2\/types\/page"}],"author":[{"embeddable":true,"href":"https:\/\/web.umons.ac.be\/smsl\/wp-json\/wp\/v2\/users\/21"}],"replies":[{"embeddable":true,"href":"https:\/\/web.umons.ac.be\/smsl\/wp-json\/wp\/v2\/comments?post=448"}],"version-history":[{"count":3,"href":"https:\/\/web.umons.ac.be\/smsl\/wp-json\/wp\/v2\/pages\/448\/revisions"}],"predecessor-version":[{"id":754,"href":"https:\/\/web.umons.ac.be\/smsl\/wp-json\/wp\/v2\/pages\/448\/revisions\/754"}],"wp:attachment":[{"href":"https:\/\/web.umons.ac.be\/smsl\/wp-json\/wp\/v2\/media?parent=448"}],"curies":[{"name":"wp","href":"https:\/\/api.w.org\/{rel}","templated":true}]}}