{"id":8,"date":"2017-07-18T09:43:00","date_gmt":"2017-07-18T07:43:00","guid":{"rendered":"https:\/\/web.umons.ac.be\/humanorg\/?page_id=8"},"modified":"2026-04-09T12:16:05","modified_gmt":"2026-04-09T10:16:05","slug":"sociter-umons","status":"publish","type":"page","link":"https:\/\/web.umons.ac.be\/soci_e_ter\/fr\/","title":{"rendered":"Accueil"},"content":{"rendered":"<p>;!!!!\u00a0 Ne rien bouger sur cette page, aller dans les param\u00e8tres de l&rsquo;entit\u00e9 pour effectuer des modifications<\/p>\n","protected":false},"excerpt":{"rendered":"<p>;!!!!\u00a0 Ne rien bouger sur cette page, aller dans les param\u00e8tres de l&rsquo;entit\u00e9 pour effectuer des modifications<\/p>\n","protected":false},"author":2,"featured_media":0,"parent":0,"menu_order":0,"comment_status":"closed","ping_status":"closed","template":"","meta":{"footnotes":""},"class_list":["post-8","page","type-page","status-publish","hentry"],"yoast_head":"<!-- This site is optimized with the Yoast SEO plugin v27.2 - https:\/\/yoast.com\/product\/yoast-seo-wordpress\/ -->\n<title>Accueil - Institut \/ Soci&amp;ter<\/title>\n<meta name=\"description\" content=\"L\u2019Institut de Recherche SOCI&amp;TER de l&#039;UMONS f\u00e9d\u00e8re des chercheurs (\u00e9conomistes, gestionnaires, juristes, urbanistes, architectes, sociologues, philosophes e.a.) autour des grands d\u00e9fis indissociablement \u00e9cologiques, \u00e9conomiques et sociaux auxquels nos soci\u00e9t\u00e9s sont confront\u00e9es.\" \/>\n<meta name=\"robots\" content=\"index, follow, max-snippet:-1, max-image-preview:large, max-video-preview:-1\" \/>\n<link rel=\"canonical\" href=\"https:\/\/web.umons.ac.be\/soci_e_ter\/fr\/\" \/>\n<meta property=\"og:locale\" content=\"fr_FR\" \/>\n<meta property=\"og:type\" content=\"article\" \/>\n<meta property=\"og:title\" content=\"Accueil - Institut \/ Soci&amp;ter\" \/>\n<meta property=\"og:description\" content=\"L\u2019Institut de Recherche SOCI&amp;TER de l&#039;UMONS f\u00e9d\u00e8re des chercheurs (\u00e9conomistes, gestionnaires, juristes, urbanistes, architectes, sociologues, philosophes e.a.) autour des grands d\u00e9fis indissociablement \u00e9cologiques, \u00e9conomiques et sociaux auxquels nos soci\u00e9t\u00e9s sont confront\u00e9es.\" \/>\n<meta property=\"og:url\" content=\"https:\/\/web.umons.ac.be\/soci_e_ter\/fr\/\" \/>\n<meta property=\"og:site_name\" content=\"Institut \/ Soci&amp;ter\" \/>\n<meta property=\"article:modified_time\" content=\"2026-04-09T10:16:05+00:00\" \/>\n<meta name=\"twitter:card\" content=\"summary_large_image\" \/>\n<script type=\"application\/ld+json\" class=\"yoast-schema-graph\">{\"@context\":\"https:\/\/schema.org\",\"@graph\":[{\"@type\":\"WebPage\",\"@id\":\"https:\/\/web.umons.ac.be\/soci_e_ter\/fr\/\",\"url\":\"https:\/\/web.umons.ac.be\/soci_e_ter\/fr\/\",\"name\":\"Accueil - Institut \/ Soci&amp;ter\",\"isPartOf\":{\"@id\":\"https:\/\/web.umons.ac.be\/soci_e_ter\/#website\"},\"datePublished\":\"2017-07-18T07:43:00+00:00\",\"dateModified\":\"2026-04-09T10:16:05+00:00\",\"description\":\"L\u2019Institut de Recherche SOCI&TER de l'UMONS f\u00e9d\u00e8re des chercheurs (\u00e9conomistes, gestionnaires, juristes, urbanistes, architectes, sociologues, philosophes e.a.) autour des grands d\u00e9fis indissociablement \u00e9cologiques, \u00e9conomiques et sociaux auxquels nos soci\u00e9t\u00e9s sont confront\u00e9es.\",\"breadcrumb\":{\"@id\":\"https:\/\/web.umons.ac.be\/soci_e_ter\/fr\/#breadcrumb\"},\"inLanguage\":\"fr-FR\",\"potentialAction\":[{\"@type\":\"ReadAction\",\"target\":[\"https:\/\/web.umons.ac.be\/soci_e_ter\/fr\/\"]}]},{\"@type\":\"BreadcrumbList\",\"@id\":\"https:\/\/web.umons.ac.be\/soci_e_ter\/fr\/#breadcrumb\",\"itemListElement\":[{\"@type\":\"ListItem\",\"position\":1,\"name\":\"Accueil\",\"item\":\"https:\/\/web.umons.ac.be\/soci_e_ter\/fr\/\"},{\"@type\":\"ListItem\",\"position\":2,\"name\":\"Accueil\"}]},{\"@type\":\"WebSite\",\"@id\":\"https:\/\/web.umons.ac.be\/soci_e_ter\/#website\",\"url\":\"https:\/\/web.umons.ac.be\/soci_e_ter\/\",\"name\":\"Institut \/ Soci&amp;ter\",\"description\":\"Un site utilisant Universit\u00e9 de Mons \u2013 UMONS\",\"potentialAction\":[{\"@type\":\"SearchAction\",\"target\":{\"@type\":\"EntryPoint\",\"urlTemplate\":\"https:\/\/web.umons.ac.be\/soci_e_ter\/?s={search_term_string}\"},\"query-input\":{\"@type\":\"PropertyValueSpecification\",\"valueRequired\":true,\"valueName\":\"search_term_string\"}}],\"inLanguage\":\"fr-FR\"}]}<\/script>\n<!-- \/ Yoast SEO plugin. -->","yoast_head_json":{"title":"Accueil - Institut \/ Soci&amp;ter","description":"L\u2019Institut de Recherche SOCI&TER de l'UMONS f\u00e9d\u00e8re des chercheurs (\u00e9conomistes, gestionnaires, juristes, urbanistes, architectes, sociologues, philosophes e.a.) autour des grands d\u00e9fis indissociablement \u00e9cologiques, \u00e9conomiques et sociaux auxquels nos soci\u00e9t\u00e9s sont confront\u00e9es.","robots":{"index":"index","follow":"follow","max-snippet":"max-snippet:-1","max-image-preview":"max-image-preview:large","max-video-preview":"max-video-preview:-1"},"canonical":"https:\/\/web.umons.ac.be\/soci_e_ter\/fr\/","og_locale":"fr_FR","og_type":"article","og_title":"Accueil - Institut \/ Soci&amp;ter","og_description":"L\u2019Institut de Recherche SOCI&TER de l'UMONS f\u00e9d\u00e8re des chercheurs (\u00e9conomistes, gestionnaires, juristes, urbanistes, architectes, sociologues, philosophes e.a.) autour des grands d\u00e9fis indissociablement \u00e9cologiques, \u00e9conomiques et sociaux auxquels nos soci\u00e9t\u00e9s sont confront\u00e9es.","og_url":"https:\/\/web.umons.ac.be\/soci_e_ter\/fr\/","og_site_name":"Institut \/ Soci&amp;ter","article_modified_time":"2026-04-09T10:16:05+00:00","twitter_card":"summary_large_image","schema":{"@context":"https:\/\/schema.org","@graph":[{"@type":"WebPage","@id":"https:\/\/web.umons.ac.be\/soci_e_ter\/fr\/","url":"https:\/\/web.umons.ac.be\/soci_e_ter\/fr\/","name":"Accueil - Institut \/ Soci&amp;ter","isPartOf":{"@id":"https:\/\/web.umons.ac.be\/soci_e_ter\/#website"},"datePublished":"2017-07-18T07:43:00+00:00","dateModified":"2026-04-09T10:16:05+00:00","description":"L\u2019Institut de Recherche SOCI&TER de l'UMONS f\u00e9d\u00e8re des chercheurs (\u00e9conomistes, gestionnaires, juristes, urbanistes, architectes, sociologues, philosophes e.a.) autour des grands d\u00e9fis indissociablement \u00e9cologiques, \u00e9conomiques et sociaux auxquels nos soci\u00e9t\u00e9s sont confront\u00e9es.","breadcrumb":{"@id":"https:\/\/web.umons.ac.be\/soci_e_ter\/fr\/#breadcrumb"},"inLanguage":"fr-FR","potentialAction":[{"@type":"ReadAction","target":["https:\/\/web.umons.ac.be\/soci_e_ter\/fr\/"]}]},{"@type":"BreadcrumbList","@id":"https:\/\/web.umons.ac.be\/soci_e_ter\/fr\/#breadcrumb","itemListElement":[{"@type":"ListItem","position":1,"name":"Accueil","item":"https:\/\/web.umons.ac.be\/soci_e_ter\/fr\/"},{"@type":"ListItem","position":2,"name":"Accueil"}]},{"@type":"WebSite","@id":"https:\/\/web.umons.ac.be\/soci_e_ter\/#website","url":"https:\/\/web.umons.ac.be\/soci_e_ter\/","name":"Institut \/ Soci&amp;ter","description":"Un site utilisant Universit\u00e9 de Mons \u2013 UMONS","potentialAction":[{"@type":"SearchAction","target":{"@type":"EntryPoint","urlTemplate":"https:\/\/web.umons.ac.be\/soci_e_ter\/?s={search_term_string}"},"query-input":{"@type":"PropertyValueSpecification","valueRequired":true,"valueName":"search_term_string"}}],"inLanguage":"fr-FR"}]}},"lang":"fr","translations":{"fr":8,"en":11},"pll_sync_post":[],"_links":{"self":[{"href":"https:\/\/web.umons.ac.be\/soci_e_ter\/wp-json\/wp\/v2\/pages\/8","targetHints":{"allow":["GET"]}}],"collection":[{"href":"https:\/\/web.umons.ac.be\/soci_e_ter\/wp-json\/wp\/v2\/pages"}],"about":[{"href":"https:\/\/web.umons.ac.be\/soci_e_ter\/wp-json\/wp\/v2\/types\/page"}],"author":[{"embeddable":true,"href":"https:\/\/web.umons.ac.be\/soci_e_ter\/wp-json\/wp\/v2\/users\/2"}],"replies":[{"embeddable":true,"href":"https:\/\/web.umons.ac.be\/soci_e_ter\/wp-json\/wp\/v2\/comments?post=8"}],"version-history":[{"count":2,"href":"https:\/\/web.umons.ac.be\/soci_e_ter\/wp-json\/wp\/v2\/pages\/8\/revisions"}],"predecessor-version":[{"id":351,"href":"https:\/\/web.umons.ac.be\/soci_e_ter\/wp-json\/wp\/v2\/pages\/8\/revisions\/351"}],"wp:attachment":[{"href":"https:\/\/web.umons.ac.be\/soci_e_ter\/wp-json\/wp\/v2\/media?parent=8"}],"curies":[{"name":"wp","href":"https:\/\/api.w.org\/{rel}","templated":true}]}}